{"id":60580,"date":"2013-08-01T00:00:00","date_gmt":"2018-12-04T07:42:43","guid":{"rendered":"https:\/\/aprifel-pp.mentalworks.biz\/fr\/resume-scientifique\/sociodemographic-profiles-regarding-bitter-food-consumption\/"},"modified":"2018-12-04T08:42:43","modified_gmt":"2018-12-04T07:42:43","slug":"sociodemographic-profiles-regarding-bitter-food-consumption","status":"publish","type":"resume","link":"https:\/\/aprifel-pp.mentalworks.biz\/fr\/resume-scientifique\/sociodemographic-profiles-regarding-bitter-food-consumption\/","title":{"rendered":"Sociodemographic profiles regarding bitter food consumption: cross-sectional evidence from a general French population."},"content":{"rendered":"<p>Certain beneficial foods taste bitter (e.g., cruciferous vegetables) and might be aversive to consumers. Here, individual characteristics according to bitter food consumption patterns were assessed. The study included 2327 participants in the SU.VI.MAX antioxidant-based randomized controlled trial (1994-2002). The sample was drawn from the general French population. Dietary data were obtained from a minimum of twelve 24-h dietary records provided during the first 2years of follow-up. Two bitter food consumption scores were computed &#8211; one assessing the variety of items consumed (unweighted score) and the other reflecting exposure to bitterness estimated via complementary sensory panel data from the EpiPref project (weighted score). Associations with sociodemographic, health, and lifestyle factors were analyzed with multiple linear regression. Among men, the variety of bitter foods consumed was positively associated with educational level and alcohol intake and inversely associated with physical activity and rural area of residence. Among women, the same outcome was positively associated with alcohol intake and inversely associated with diabetes. In turn, Body Mass Index displayed a significant inverse association with the bitterness-weighted score across sex, whereas educational level was supported only in women. This study adds to the presently scant knowledge about non-genetic determinants or moderators of actual bitter food intake. Future studies should elucidate the impact of diabetes and body size on bitter food intake patterns.<\/p>\n","protected":false},"template":"","mots_cles":[],"class_list":["post-60580","resume","type-resume","status-publish","hentry"],"acf":{"adresse":"Unit\u00e9 de recherche en \u00e9pid\u00e9miologie nutritonnelle (UREN), Sorbonne-Paris-Cit\u00e9, UMR Universit\u00e9 Paris 13\/INSERM U557\/INRA U1125\/CNAM, 74, rue Marcel Cachin, 93017 Bobigny Cedex, France. v.andreeva@uren.smbh.univ-paris13.fr","annee":"2013","mois":"8","numero":"67","page":"53-60","auteurs":[{"ID":1138,"post_author":"0","post_date":"2018-12-03 15:56:41","post_date_gmt":"2018-12-03 14:56:41","post_content":"","post_title":"Serge Hercberg","post_excerpt":"","post_status":"publish","comment_status":"closed","ping_status":"closed","post_password":"","post_name":"serge-hercberg","to_ping":"","pinged":"","post_modified":"2018-12-03 15:56:41","post_modified_gmt":"2018-12-03 14:56:41","post_content_filtered":"","post_parent":0,"guid":"https:\/\/aprifel-pp.mentalworks.biz\/fr\/auteur\/serge-hercberg\/","menu_order":0,"post_type":"auteur_resume","post_mime_type":"","comment_count":"0","filter":"raw"},{"ID":2096,"post_author":"0","post_date":"2018-12-03 16:52:20","post_date_gmt":"2018-12-03 15:52:20","post_content":"","post_title":"Emmanuelle Kesse-Guyot","post_excerpt":"","post_status":"publish","comment_status":"closed","ping_status":"closed","post_password":"","post_name":"emmanuelle-kesse-guyot","to_ping":"","pinged":"","post_modified":"2018-12-03 16:52:20","post_modified_gmt":"2018-12-03 15:52:20","post_content_filtered":"","post_parent":0,"guid":"https:\/\/aprifel-pp.mentalworks.biz\/fr\/auteur\/emmanuelle-kesse-guyot\/","menu_order":0,"post_type":"auteur_resume","post_mime_type":"","comment_count":"0","filter":"raw"},{"ID":12946,"post_author":"0","post_date":"2018-12-03 18:52:24","post_date_gmt":"2018-12-03 17:52:24","post_content":"","post_title":"Valentina A Andreeva","post_excerpt":"","post_status":"publish","comment_status":"closed","ping_status":"closed","post_password":"","post_name":"valentina-a-andreeva","to_ping":"","pinged":"","post_modified":"2018-12-03 18:52:24","post_modified_gmt":"2018-12-03 17:52:24","post_content_filtered":"","post_parent":0,"guid":"https:\/\/aprifel-pp.mentalworks.biz\/fr\/auteur\/valentina-a-andreeva\/","menu_order":0,"post_type":"auteur_resume","post_mime_type":"","comment_count":"0","filter":"raw"},{"ID":60579,"post_author":"0","post_date":"2018-12-04 08:42:42","post_date_gmt":"2018-12-04 07:42:42","post_content":"","post_title":"Christophe Martin","post_excerpt":"","post_status":"publish","comment_status":"closed","ping_status":"closed","post_password":"","post_name":"christophe-martin","to_ping":"","pinged":"","post_modified":"2018-12-04 08:42:42","post_modified_gmt":"2018-12-04 07:42:42","post_content_filtered":"","post_parent":0,"guid":"https:\/\/aprifel-pp.mentalworks.biz\/fr\/auteur\/christophe-martin\/","menu_order":0,"post_type":"auteur_resume","post_mime_type":"","comment_count":"0","filter":"raw"},{"ID":13864,"post_author":"0","post_date":"2018-12-03 19:03:09","post_date_gmt":"2018-12-03 18:03:09","post_content":"","post_title":"Sylvie Issanchou","post_excerpt":"","post_status":"publish","comment_status":"closed","ping_status":"closed","post_password":"","post_name":"sylvie-issanchou","to_ping":"","pinged":"","post_modified":"2018-12-03 19:03:09","post_modified_gmt":"2018-12-03 18:03:09","post_content_filtered":"","post_parent":0,"guid":"https:\/\/aprifel-pp.mentalworks.biz\/fr\/auteur\/sylvie-issanchou\/","menu_order":0,"post_type":"auteur_resume","post_mime_type":"","comment_count":"0","filter":"raw"},{"ID":7071,"post_author":"0","post_date":"2018-12-03 17:45:07","post_date_gmt":"2018-12-03 16:45:07","post_content":"","post_title":"Caroline M\u00e9jean","post_excerpt":"","post_status":"publish","comment_status":"closed","ping_status":"closed","post_password":"","post_name":"caroline-mejean","to_ping":"","pinged":"","post_modified":"2018-12-03 17:45:07","post_modified_gmt":"2018-12-03 16:45:07","post_content_filtered":"","post_parent":0,"guid":"https:\/\/aprifel-pp.mentalworks.biz\/fr\/auteur\/caroline-mejean\/","menu_order":0,"post_type":"auteur_resume","post_mime_type":"","comment_count":"0","filter":"raw"}],"sources":[{"ID":1108,"post_author":"0","post_date":"2018-12-03 14:49:52","post_date_gmt":"2018-12-03 13:49:52","post_content":"","post_title":"Appetite","post_excerpt":"","post_status":"publish","comment_status":"closed","ping_status":"closed","post_password":"","post_name":"appetite","to_ping":"","pinged":"","post_modified":"2018-12-03 14:49:52","post_modified_gmt":"2018-12-03 13:49:52","post_content_filtered":"","post_parent":0,"guid":"https:\/\/aprifel-pp.mentalworks.biz\/fr\/source\/appetite\/","menu_order":0,"post_type":"source","post_mime_type":"","comment_count":"0","filter":"raw"}]},"yoast_head":"<!-- This site is optimized with the Yoast SEO Premium plugin v23.6 (Yoast SEO v23.6) - https:\/\/yoast.com\/wordpress\/plugins\/seo\/ -->\n<title>Sociodemographic profiles regarding bitter food consumption: cross-sectional evidence from a general French population. - Aprifel<\/title>\n<meta name=\"description\" content=\"Sociodemographic profiles regarding bitter food consumption: cross-sectional evidence from a general French population. - Aprifel\" \/>\n<meta name=\"robots\" content=\"noindex, follow\" \/>\n<meta property=\"og:locale\" content=\"fr_FR\" \/>\n<meta property=\"og:type\" content=\"article\" \/>\n<meta property=\"og:title\" content=\"Sociodemographic profiles regarding bitter food consumption: cross-sectional evidence from a general French population.\" \/>\n<meta property=\"og:description\" content=\"Sociodemographic profiles regarding bitter food consumption: cross-sectional evidence from a general French population.\" \/>\n<meta property=\"og:url\" content=\"https:\/\/aprifel-pp.mentalworks.biz\/fr\/resume-scientifique\/sociodemographic-profiles-regarding-bitter-food-consumption\/\" \/>\n<meta property=\"og:site_name\" content=\"Aprifel\" \/>\n<meta name=\"twitter:card\" content=\"summary_large_image\" \/>\n<meta name=\"twitter:label1\" content=\"Dur\u00e9e de lecture estim\u00e9e\" \/>\n\t<meta name=\"twitter:data1\" content=\"1 minute\" \/>\n<script type=\"application\/ld+json\" class=\"yoast-schema-graph\">{\"@context\":\"https:\/\/schema.org\",\"@graph\":[{\"@type\":\"WebPage\",\"@id\":\"https:\/\/aprifel-pp.mentalworks.biz\/fr\/resume-scientifique\/sociodemographic-profiles-regarding-bitter-food-consumption\/\",\"url\":\"https:\/\/aprifel-pp.mentalworks.biz\/fr\/resume-scientifique\/sociodemographic-profiles-regarding-bitter-food-consumption\/\",\"name\":\"Sociodemographic profiles regarding bitter food consumption: cross-sectional evidence from a general French population. - Aprifel\",\"isPartOf\":{\"@id\":\"https:\/\/www.aprifel.com\/fr\/#website\"},\"datePublished\":\"2018-12-04T07:42:43+00:00\",\"dateModified\":\"2018-12-04T07:42:43+00:00\",\"description\":\"Sociodemographic profiles regarding bitter food consumption: cross-sectional evidence from a general French population. - Aprifel\",\"breadcrumb\":{\"@id\":\"https:\/\/aprifel-pp.mentalworks.biz\/fr\/resume-scientifique\/sociodemographic-profiles-regarding-bitter-food-consumption\/#breadcrumb\"},\"inLanguage\":\"fr-FR\",\"potentialAction\":[{\"@type\":\"ReadAction\",\"target\":[\"https:\/\/aprifel-pp.mentalworks.biz\/fr\/resume-scientifique\/sociodemographic-profiles-regarding-bitter-food-consumption\/\"]}]},{\"@type\":\"BreadcrumbList\",\"@id\":\"https:\/\/aprifel-pp.mentalworks.biz\/fr\/resume-scientifique\/sociodemographic-profiles-regarding-bitter-food-consumption\/#breadcrumb\",\"itemListElement\":[{\"@type\":\"ListItem\",\"position\":1,\"name\":\"Accueil\",\"item\":\"https:\/\/www.aprifel.com\/fr\/\"},{\"@type\":\"ListItem\",\"position\":2,\"name\":\"R\u00e9sum\u00e9s\",\"item\":\"https:\/\/aprifel-pp.mentalworks.biz\/fr\/resume-scientifique\/\"},{\"@type\":\"ListItem\",\"position\":3,\"name\":\"Sociodemographic profiles regarding bitter food consumption: cross-sectional evidence from a general French population.\"}]},{\"@type\":\"WebSite\",\"@id\":\"https:\/\/www.aprifel.com\/fr\/#website\",\"url\":\"https:\/\/www.aprifel.com\/fr\/\",\"name\":\"Aprifel\",\"description\":\"Agence pour la Recherche et l\u2019Information en Fruits et L\u00e9gumes\",\"potentialAction\":[{\"@type\":\"SearchAction\",\"target\":{\"@type\":\"EntryPoint\",\"urlTemplate\":\"https:\/\/www.aprifel.com\/fr\/?s={search_term_string}\"},\"query-input\":{\"@type\":\"PropertyValueSpecification\",\"valueRequired\":true,\"valueName\":\"search_term_string\"}}],\"inLanguage\":\"fr-FR\"}]}<\/script>\n<!-- \/ Yoast SEO Premium plugin. -->","yoast_head_json":{"title":"Sociodemographic profiles regarding bitter food consumption: cross-sectional evidence from a general French population. - Aprifel","description":"Sociodemographic profiles regarding bitter food consumption: cross-sectional evidence from a general French population. - Aprifel","robots":{"index":"noindex","follow":"follow"},"og_locale":"fr_FR","og_type":"article","og_title":"Sociodemographic profiles regarding bitter food consumption: cross-sectional evidence from a general French population.","og_description":"Sociodemographic profiles regarding bitter food consumption: cross-sectional evidence from a general French population.","og_url":"https:\/\/aprifel-pp.mentalworks.biz\/fr\/resume-scientifique\/sociodemographic-profiles-regarding-bitter-food-consumption\/","og_site_name":"Aprifel","twitter_card":"summary_large_image","twitter_misc":{"Dur\u00e9e de lecture estim\u00e9e":"1 minute"},"schema":{"@context":"https:\/\/schema.org","@graph":[{"@type":"WebPage","@id":"https:\/\/aprifel-pp.mentalworks.biz\/fr\/resume-scientifique\/sociodemographic-profiles-regarding-bitter-food-consumption\/","url":"https:\/\/aprifel-pp.mentalworks.biz\/fr\/resume-scientifique\/sociodemographic-profiles-regarding-bitter-food-consumption\/","name":"Sociodemographic profiles regarding bitter food consumption: cross-sectional evidence from a general French population. - Aprifel","isPartOf":{"@id":"https:\/\/www.aprifel.com\/fr\/#website"},"datePublished":"2018-12-04T07:42:43+00:00","dateModified":"2018-12-04T07:42:43+00:00","description":"Sociodemographic profiles regarding bitter food consumption: cross-sectional evidence from a general French population. - Aprifel","breadcrumb":{"@id":"https:\/\/aprifel-pp.mentalworks.biz\/fr\/resume-scientifique\/sociodemographic-profiles-regarding-bitter-food-consumption\/#breadcrumb"},"inLanguage":"fr-FR","potentialAction":[{"@type":"ReadAction","target":["https:\/\/aprifel-pp.mentalworks.biz\/fr\/resume-scientifique\/sociodemographic-profiles-regarding-bitter-food-consumption\/"]}]},{"@type":"BreadcrumbList","@id":"https:\/\/aprifel-pp.mentalworks.biz\/fr\/resume-scientifique\/sociodemographic-profiles-regarding-bitter-food-consumption\/#breadcrumb","itemListElement":[{"@type":"ListItem","position":1,"name":"Accueil","item":"https:\/\/www.aprifel.com\/fr\/"},{"@type":"ListItem","position":2,"name":"R\u00e9sum\u00e9s","item":"https:\/\/aprifel-pp.mentalworks.biz\/fr\/resume-scientifique\/"},{"@type":"ListItem","position":3,"name":"Sociodemographic profiles regarding bitter food consumption: cross-sectional evidence from a general French population."}]},{"@type":"WebSite","@id":"https:\/\/www.aprifel.com\/fr\/#website","url":"https:\/\/www.aprifel.com\/fr\/","name":"Aprifel","description":"Agence pour la Recherche et l\u2019Information en Fruits et L\u00e9gumes","potentialAction":[{"@type":"SearchAction","target":{"@type":"EntryPoint","urlTemplate":"https:\/\/www.aprifel.com\/fr\/?s={search_term_string}"},"query-input":{"@type":"PropertyValueSpecification","valueRequired":true,"valueName":"search_term_string"}}],"inLanguage":"fr-FR"}]}},"_links":{"self":[{"href":"https:\/\/aprifel-pp.mentalworks.biz\/fr\/wp-json\/wp\/v2\/resume\/60580"}],"collection":[{"href":"https:\/\/aprifel-pp.mentalworks.biz\/fr\/wp-json\/wp\/v2\/resume"}],"about":[{"href":"https:\/\/aprifel-pp.mentalworks.biz\/fr\/wp-json\/wp\/v2\/types\/resume"}],"wp:attachment":[{"href":"https:\/\/aprifel-pp.mentalworks.biz\/fr\/wp-json\/wp\/v2\/media?parent=60580"}],"wp:term":[{"taxonomy":"mots_cles","embeddable":true,"href":"https:\/\/aprifel-pp.mentalworks.biz\/fr\/wp-json\/wp\/v2\/mots_cles?post=60580"}],"curies":[{"name":"wp","href":"https:\/\/api.w.org\/{rel}","templated":true}]}}

Unité de recherche en épidémiologie nutritonnelle (UREN), Sorbonne-Paris-Cité, UMR Université Paris 13/INSERM U557/INRA U1125/CNAM, 74, rue Marcel Cachin, 93017 Bobigny Cedex, France. v.andreeva@uren.smbh.univ-paris13.fr

Caroline Méjean

<!-- This site is optimized with the Yoast SEO Premium plugin v23.6 (Yoast SEO v23.6) - https://yoast.com/wordpress/plugins/seo/ -->
<title>Sociodemographic profiles regarding bitter food consumption: cross-sectional evidence from a general French population. - Aprifel</title>
<meta name="description" content="Sociodemographic profiles regarding bitter food consumption: cross-sectional evidence from a general French population. - Aprifel" />
<meta name="robots" content="noindex, follow" />
<meta property="og:locale" content="fr_FR" />
<meta property="og:type" content="article" />
<meta property="og:title" content="Sociodemographic profiles regarding bitter food consumption: cross-sectional evidence from a general French population." />
<meta property="og:description" content="Sociodemographic profiles regarding bitter food consumption: cross-sectional evidence from a general French population." />
<meta property="og:url" content="https://aprifel-pp.mentalworks.biz/fr/resume-scientifique/sociodemographic-profiles-regarding-bitter-food-consumption/" />
<meta property="og:site_name" content="Aprifel" />
<meta name="twitter:card" content="summary_large_image" />
<meta name="twitter:label1" content="Durée de lecture estimée" />
	<meta name="twitter:data1" content="1 minute" />
<script type="application/ld+json" class="yoast-schema-graph">{"@context":"https://schema.org","@graph":[{"@type":"WebPage","@id":"https://aprifel-pp.mentalworks.biz/fr/resume-scientifique/sociodemographic-profiles-regarding-bitter-food-consumption/","url":"https://aprifel-pp.mentalworks.biz/fr/resume-scientifique/sociodemographic-profiles-regarding-bitter-food-consumption/","name":"Sociodemographic profiles regarding bitter food consumption: cross-sectional evidence from a general French population. - Aprifel","isPartOf":{"@id":"https://www.aprifel.com/fr/#website"},"datePublished":"2018-12-04T07:42:43+00:00","dateModified":"2018-12-04T07:42:43+00:00","description":"Sociodemographic profiles regarding bitter food consumption: cross-sectional evidence from a general French population. - Aprifel","breadcrumb":{"@id":"https://aprifel-pp.mentalworks.biz/fr/resume-scientifique/sociodemographic-profiles-regarding-bitter-food-consumption/#breadcrumb"},"inLanguage":"fr-FR","potentialAction":[{"@type":"ReadAction","target":["https://aprifel-pp.mentalworks.biz/fr/resume-scientifique/sociodemographic-profiles-regarding-bitter-food-consumption/"]}]},{"@type":"BreadcrumbList","@id":"https://aprifel-pp.mentalworks.biz/fr/resume-scientifique/sociodemographic-profiles-regarding-bitter-food-consumption/#breadcrumb","itemListElement":[{"@type":"ListItem","position":1,"name":"Accueil","item":"https://www.aprifel.com/fr/"},{"@type":"ListItem","position":2,"name":"Résumés","item":"https://aprifel-pp.mentalworks.biz/fr/resume-scientifique/"},{"@type":"ListItem","position":3,"name":"Sociodemographic profiles regarding bitter food consumption: cross-sectional evidence from a general French population."}]},{"@type":"WebSite","@id":"https://www.aprifel.com/fr/#website","url":"https://www.aprifel.com/fr/","name":"Aprifel","description":"Agence pour la Recherche et l’Information en Fruits et Légumes","potentialAction":[{"@type":"SearchAction","target":{"@type":"EntryPoint","urlTemplate":"https://www.aprifel.com/fr/?s={search_term_string}"},"query-input":{"@type":"PropertyValueSpecification","valueRequired":true,"valueName":"search_term_string"}}],"inLanguage":"fr-FR"}]}</script>
<!-- / Yoast SEO Premium plugin. -->

Résumés

Agence pour la Recherche et l’Information en Fruits et Légumes
