{"id":47057,"date":"2007-08-01T00:00:00","date_gmt":"2018-12-04T03:11:26","guid":{"rendered":"https:\/\/aprifel-pp.mentalworks.biz\/fr\/resume-scientifique\/income-food-prices-and-participation-of-fruit-and-vegetables\/"},"modified":"2018-12-04T04:11:26","modified_gmt":"2018-12-04T03:11:26","slug":"income-food-prices-and-participation-of-fruit-and-vegetables","status":"publish","type":"resume","link":"https:\/\/aprifel-pp.mentalworks.biz\/fr\/resume-scientifique\/income-food-prices-and-participation-of-fruit-and-vegetables\/","title":{"rendered":"[Income, food prices, and participation of fruit and vegetables in the diet.]"},"content":{"rendered":"<p style=\"text-align: justify\"><strong>OBJECTIVE:<\/strong> To analyze the influence of income and food prices on household consumption of fruit and vegetables.<\/p>\n<p style=\"text-align: justify\"><strong>METHODS: <\/strong>Data from the 1998\/99 Household Budget Survey were analyzed, which was conducted by the Funda&ccedil;&atilde;o Instituto de Pesquisas Econ&ocirc;micas (Institute for Economic Research Foundation) in the city of S&atilde;o Paulo, Brazil. The influence of income and food price on the relative participation of fruit and vegetables in the total household calorie intake was studied using regression analysis to estimate elasticity coefficients.<\/p>\n<p style=\"text-align: justify\"><strong>RESULTS:<\/strong> There was an increase in participation of fruit and vegetables in total household calorie purchases along with the recorded decrease in prices, increase in family income, and increase in prices of other foods. A one percent decrease in the price of fruit and vegetables would lead to a 0.2% increase in the participation of these items in the total calorie content; a 1% increase in the price of other foods would increase fruit and vegetable participation by 0.07%; and a 1% increase in family income would increase participation by 0.04%. The effect of the prices of other foods was less intense in higher income groups, and in the other two scenarios we were unable to identify consistent income-associated patterns.<\/p>\n<p style=\"text-align: justify\"><strong>CONCLUSIONS:<\/strong> A reduction in the price of fruit and vegetables, which can be achieved by means of public policies, could lead to an increase in fruit and vegetable intake in households in S&atilde;o Paulo and in other cities with similar scenarios.<\/p>\n","protected":false},"template":"","mots_cles":[],"class_list":["post-47057","resume","type-resume","status-publish","hentry"],"acf":{"adresse":"N\u00facleo de Pesquisas Epidemiol\u00f3gicas em Nutri\u00e7\u00e3o e Sa\u00fade, Universidade de S\u00e3o Paulo, S\u00e3o Paulo, SP, Brasil.","annee":"2007","mois":"8","numero":"41-4","page":"557-64","auteurs":[{"ID":5462,"post_author":"0","post_date":"2018-12-03 17:28:06","post_date_gmt":"2018-12-03 16:28:06","post_content":"","post_title":"Rafael Moreira Claro","post_excerpt":"","post_status":"publish","comment_status":"closed","ping_status":"closed","post_password":"","post_name":"rafael-moreira-claro","to_ping":"","pinged":"","post_modified":"2018-12-03 17:28:06","post_modified_gmt":"2018-12-03 16:28:06","post_content_filtered":"","post_parent":0,"guid":"https:\/\/aprifel-pp.mentalworks.biz\/fr\/auteur\/rafael-moreira-claro\/","menu_order":0,"post_type":"auteur_resume","post_mime_type":"","comment_count":"0","filter":"raw"},{"ID":47056,"post_author":"0","post_date":"2018-12-04 04:11:25","post_date_gmt":"2018-12-04 03:11:25","post_content":"","post_title":"Carmo","post_excerpt":"","post_status":"publish","comment_status":"closed","ping_status":"closed","post_password":"","post_name":"carmo","to_ping":"","pinged":"","post_modified":"2018-12-04 04:11:25","post_modified_gmt":"2018-12-04 03:11:25","post_content_filtered":"","post_parent":0,"guid":"https:\/\/aprifel-pp.mentalworks.biz\/fr\/auteur\/carmo\/","menu_order":0,"post_type":"auteur_resume","post_mime_type":"","comment_count":"0","filter":"raw"},{"ID":44562,"post_author":"0","post_date":"2018-12-04 03:27:52","post_date_gmt":"2018-12-04 02:27:52","post_content":"","post_title":"Machado","post_excerpt":"","post_status":"publish","comment_status":"closed","ping_status":"closed","post_password":"","post_name":"machado","to_ping":"","pinged":"","post_modified":"2018-12-04 03:27:52","post_modified_gmt":"2018-12-04 02:27:52","post_content_filtered":"","post_parent":0,"guid":"https:\/\/aprifel-pp.mentalworks.biz\/fr\/auteur\/machado\/","menu_order":0,"post_type":"auteur_resume","post_mime_type":"","comment_count":"0","filter":"raw"},{"ID":1765,"post_author":"0","post_date":"2018-12-03 16:02:21","post_date_gmt":"2018-12-03 15:02:21","post_content":"","post_title":"Carlos Augusto Monteiro","post_excerpt":"","post_status":"publish","comment_status":"closed","ping_status":"closed","post_password":"","post_name":"carlos-augusto-monteiro","to_ping":"","pinged":"","post_modified":"2018-12-03 16:02:21","post_modified_gmt":"2018-12-03 15:02:21","post_content_filtered":"","post_parent":0,"guid":"https:\/\/aprifel-pp.mentalworks.biz\/fr\/auteur\/carlos-augusto-monteiro\/","menu_order":0,"post_type":"auteur_resume","post_mime_type":"","comment_count":"0","filter":"raw"}],"sources":[{"ID":36604,"post_author":"0","post_date":"2018-12-04 01:03:36","post_date_gmt":"2018-12-04 00:03:36","post_content":"","post_title":"REV SAUDE PUBLICA.","post_excerpt":"","post_status":"publish","comment_status":"closed","ping_status":"closed","post_password":"","post_name":"rev-saude-publica","to_ping":"","pinged":"","post_modified":"2018-12-04 01:03:36","post_modified_gmt":"2018-12-04 00:03:36","post_content_filtered":"","post_parent":0,"guid":"https:\/\/aprifel-pp.mentalworks.biz\/fr\/source\/rev-saude-publica\/","menu_order":0,"post_type":"source","post_mime_type":"","comment_count":"0","filter":"raw"}]},"yoast_head":"<!-- This site is optimized with the Yoast SEO Premium plugin v23.6 (Yoast SEO v23.6) - https:\/\/yoast.com\/wordpress\/plugins\/seo\/ -->\n<title>[Income, food prices, and participation of fruit and vegetables in the diet.] - Aprifel<\/title>\n<meta name=\"description\" content=\"[Income, food prices, and participation of fruit and vegetables in the diet.] - Aprifel\" \/>\n<meta name=\"robots\" content=\"noindex, follow\" \/>\n<meta property=\"og:locale\" content=\"fr_FR\" \/>\n<meta property=\"og:type\" content=\"article\" \/>\n<meta property=\"og:title\" content=\"[Income, food prices, and participation of fruit and vegetables in the diet.]\" \/>\n<meta property=\"og:description\" content=\"[Income, food prices, and participation of fruit and vegetables in the diet.]\" \/>\n<meta property=\"og:url\" content=\"https:\/\/aprifel-pp.mentalworks.biz\/fr\/resume-scientifique\/income-food-prices-and-participation-of-fruit-and-vegetables\/\" \/>\n<meta property=\"og:site_name\" content=\"Aprifel\" \/>\n<meta name=\"twitter:card\" content=\"summary_large_image\" \/>\n<meta name=\"twitter:label1\" content=\"Dur\u00e9e de lecture estim\u00e9e\" \/>\n\t<meta name=\"twitter:data1\" content=\"1 minute\" \/>\n<script type=\"application\/ld+json\" class=\"yoast-schema-graph\">{\"@context\":\"https:\/\/schema.org\",\"@graph\":[{\"@type\":\"WebPage\",\"@id\":\"https:\/\/aprifel-pp.mentalworks.biz\/fr\/resume-scientifique\/income-food-prices-and-participation-of-fruit-and-vegetables\/\",\"url\":\"https:\/\/aprifel-pp.mentalworks.biz\/fr\/resume-scientifique\/income-food-prices-and-participation-of-fruit-and-vegetables\/\",\"name\":\"[Income, food prices, and participation of fruit and vegetables in the diet.] - Aprifel\",\"isPartOf\":{\"@id\":\"https:\/\/www.aprifel.com\/fr\/#website\"},\"datePublished\":\"2018-12-04T03:11:26+00:00\",\"dateModified\":\"2018-12-04T03:11:26+00:00\",\"description\":\"[Income, food prices, and participation of fruit and vegetables in the diet.] - Aprifel\",\"breadcrumb\":{\"@id\":\"https:\/\/aprifel-pp.mentalworks.biz\/fr\/resume-scientifique\/income-food-prices-and-participation-of-fruit-and-vegetables\/#breadcrumb\"},\"inLanguage\":\"fr-FR\",\"potentialAction\":[{\"@type\":\"ReadAction\",\"target\":[\"https:\/\/aprifel-pp.mentalworks.biz\/fr\/resume-scientifique\/income-food-prices-and-participation-of-fruit-and-vegetables\/\"]}]},{\"@type\":\"BreadcrumbList\",\"@id\":\"https:\/\/aprifel-pp.mentalworks.biz\/fr\/resume-scientifique\/income-food-prices-and-participation-of-fruit-and-vegetables\/#breadcrumb\",\"itemListElement\":[{\"@type\":\"ListItem\",\"position\":1,\"name\":\"Accueil\",\"item\":\"https:\/\/www.aprifel.com\/fr\/\"},{\"@type\":\"ListItem\",\"position\":2,\"name\":\"R\u00e9sum\u00e9s\",\"item\":\"https:\/\/aprifel-pp.mentalworks.biz\/fr\/resume-scientifique\/\"},{\"@type\":\"ListItem\",\"position\":3,\"name\":\"[Income, food prices, and participation of fruit and vegetables in the diet.]\"}]},{\"@type\":\"WebSite\",\"@id\":\"https:\/\/www.aprifel.com\/fr\/#website\",\"url\":\"https:\/\/www.aprifel.com\/fr\/\",\"name\":\"Aprifel\",\"description\":\"Agence pour la Recherche et l\u2019Information en Fruits et L\u00e9gumes\",\"potentialAction\":[{\"@type\":\"SearchAction\",\"target\":{\"@type\":\"EntryPoint\",\"urlTemplate\":\"https:\/\/www.aprifel.com\/fr\/?s={search_term_string}\"},\"query-input\":{\"@type\":\"PropertyValueSpecification\",\"valueRequired\":true,\"valueName\":\"search_term_string\"}}],\"inLanguage\":\"fr-FR\"}]}<\/script>\n<!-- \/ Yoast SEO Premium plugin. -->","yoast_head_json":{"title":"[Income, food prices, and participation of fruit and vegetables in the diet.] - Aprifel","description":"[Income, food prices, and participation of fruit and vegetables in the diet.] - Aprifel","robots":{"index":"noindex","follow":"follow"},"og_locale":"fr_FR","og_type":"article","og_title":"[Income, food prices, and participation of fruit and vegetables in the diet.]","og_description":"[Income, food prices, and participation of fruit and vegetables in the diet.]","og_url":"https:\/\/aprifel-pp.mentalworks.biz\/fr\/resume-scientifique\/income-food-prices-and-participation-of-fruit-and-vegetables\/","og_site_name":"Aprifel","twitter_card":"summary_large_image","twitter_misc":{"Dur\u00e9e de lecture estim\u00e9e":"1 minute"},"schema":{"@context":"https:\/\/schema.org","@graph":[{"@type":"WebPage","@id":"https:\/\/aprifel-pp.mentalworks.biz\/fr\/resume-scientifique\/income-food-prices-and-participation-of-fruit-and-vegetables\/","url":"https:\/\/aprifel-pp.mentalworks.biz\/fr\/resume-scientifique\/income-food-prices-and-participation-of-fruit-and-vegetables\/","name":"[Income, food prices, and participation of fruit and vegetables in the diet.] - Aprifel","isPartOf":{"@id":"https:\/\/www.aprifel.com\/fr\/#website"},"datePublished":"2018-12-04T03:11:26+00:00","dateModified":"2018-12-04T03:11:26+00:00","description":"[Income, food prices, and participation of fruit and vegetables in the diet.] - Aprifel","breadcrumb":{"@id":"https:\/\/aprifel-pp.mentalworks.biz\/fr\/resume-scientifique\/income-food-prices-and-participation-of-fruit-and-vegetables\/#breadcrumb"},"inLanguage":"fr-FR","potentialAction":[{"@type":"ReadAction","target":["https:\/\/aprifel-pp.mentalworks.biz\/fr\/resume-scientifique\/income-food-prices-and-participation-of-fruit-and-vegetables\/"]}]},{"@type":"BreadcrumbList","@id":"https:\/\/aprifel-pp.mentalworks.biz\/fr\/resume-scientifique\/income-food-prices-and-participation-of-fruit-and-vegetables\/#breadcrumb","itemListElement":[{"@type":"ListItem","position":1,"name":"Accueil","item":"https:\/\/www.aprifel.com\/fr\/"},{"@type":"ListItem","position":2,"name":"R\u00e9sum\u00e9s","item":"https:\/\/aprifel-pp.mentalworks.biz\/fr\/resume-scientifique\/"},{"@type":"ListItem","position":3,"name":"[Income, food prices, and participation of fruit and vegetables in the diet.]"}]},{"@type":"WebSite","@id":"https:\/\/www.aprifel.com\/fr\/#website","url":"https:\/\/www.aprifel.com\/fr\/","name":"Aprifel","description":"Agence pour la Recherche et l\u2019Information en Fruits et L\u00e9gumes","potentialAction":[{"@type":"SearchAction","target":{"@type":"EntryPoint","urlTemplate":"https:\/\/www.aprifel.com\/fr\/?s={search_term_string}"},"query-input":{"@type":"PropertyValueSpecification","valueRequired":true,"valueName":"search_term_string"}}],"inLanguage":"fr-FR"}]}},"_links":{"self":[{"href":"https:\/\/aprifel-pp.mentalworks.biz\/fr\/wp-json\/wp\/v2\/resume\/47057"}],"collection":[{"href":"https:\/\/aprifel-pp.mentalworks.biz\/fr\/wp-json\/wp\/v2\/resume"}],"about":[{"href":"https:\/\/aprifel-pp.mentalworks.biz\/fr\/wp-json\/wp\/v2\/types\/resume"}],"wp:attachment":[{"href":"https:\/\/aprifel-pp.mentalworks.biz\/fr\/wp-json\/wp\/v2\/media?parent=47057"}],"wp:term":[{"taxonomy":"mots_cles","embeddable":true,"href":"https:\/\/aprifel-pp.mentalworks.biz\/fr\/wp-json\/wp\/v2\/mots_cles?post=47057"}],"curies":[{"name":"wp","href":"https:\/\/api.w.org\/{rel}","templated":true}]}}

Núcleo de Pesquisas Epidemiológicas em Nutrição e Saúde, Universidade de São Paulo, São Paulo, SP, Brasil.

<!-- This site is optimized with the Yoast SEO Premium plugin v23.6 (Yoast SEO v23.6) - https://yoast.com/wordpress/plugins/seo/ -->
<title>[Income, food prices, and participation of fruit and vegetables in the diet.] - Aprifel</title>
<meta name="description" content="[Income, food prices, and participation of fruit and vegetables in the diet.] - Aprifel" />
<meta name="robots" content="noindex, follow" />
<meta property="og:locale" content="fr_FR" />
<meta property="og:type" content="article" />
<meta property="og:title" content="[Income, food prices, and participation of fruit and vegetables in the diet.]" />
<meta property="og:description" content="[Income, food prices, and participation of fruit and vegetables in the diet.]" />
<meta property="og:url" content="https://aprifel-pp.mentalworks.biz/fr/resume-scientifique/income-food-prices-and-participation-of-fruit-and-vegetables/" />
<meta property="og:site_name" content="Aprifel" />
<meta name="twitter:card" content="summary_large_image" />
<meta name="twitter:label1" content="Durée de lecture estimée" />
	<meta name="twitter:data1" content="1 minute" />
<script type="application/ld+json" class="yoast-schema-graph">{"@context":"https://schema.org","@graph":[{"@type":"WebPage","@id":"https://aprifel-pp.mentalworks.biz/fr/resume-scientifique/income-food-prices-and-participation-of-fruit-and-vegetables/","url":"https://aprifel-pp.mentalworks.biz/fr/resume-scientifique/income-food-prices-and-participation-of-fruit-and-vegetables/","name":"[Income, food prices, and participation of fruit and vegetables in the diet.] - Aprifel","isPartOf":{"@id":"https://www.aprifel.com/fr/#website"},"datePublished":"2018-12-04T03:11:26+00:00","dateModified":"2018-12-04T03:11:26+00:00","description":"[Income, food prices, and participation of fruit and vegetables in the diet.] - Aprifel","breadcrumb":{"@id":"https://aprifel-pp.mentalworks.biz/fr/resume-scientifique/income-food-prices-and-participation-of-fruit-and-vegetables/#breadcrumb"},"inLanguage":"fr-FR","potentialAction":[{"@type":"ReadAction","target":["https://aprifel-pp.mentalworks.biz/fr/resume-scientifique/income-food-prices-and-participation-of-fruit-and-vegetables/"]}]},{"@type":"BreadcrumbList","@id":"https://aprifel-pp.mentalworks.biz/fr/resume-scientifique/income-food-prices-and-participation-of-fruit-and-vegetables/#breadcrumb","itemListElement":[{"@type":"ListItem","position":1,"name":"Accueil","item":"https://www.aprifel.com/fr/"},{"@type":"ListItem","position":2,"name":"Résumés","item":"https://aprifel-pp.mentalworks.biz/fr/resume-scientifique/"},{"@type":"ListItem","position":3,"name":"[Income, food prices, and participation of fruit and vegetables in the diet.]"}]},{"@type":"WebSite","@id":"https://www.aprifel.com/fr/#website","url":"https://www.aprifel.com/fr/","name":"Aprifel","description":"Agence pour la Recherche et l’Information en Fruits et Légumes","potentialAction":[{"@type":"SearchAction","target":{"@type":"EntryPoint","urlTemplate":"https://www.aprifel.com/fr/?s={search_term_string}"},"query-input":{"@type":"PropertyValueSpecification","valueRequired":true,"valueName":"search_term_string"}}],"inLanguage":"fr-FR"}]}</script>
<!-- / Yoast SEO Premium plugin. -->

Résumés

Agence pour la Recherche et l’Information en Fruits et Légumes
