{"id":46056,"date":"2007-09-01T00:00:00","date_gmt":"2018-12-04T02:50:58","guid":{"rendered":"https:\/\/aprifel-pp.mentalworks.biz\/fr\/resume-scientifique\/food-consumption-by-young-adults-living-in-ribeirao-preto\/"},"modified":"2018-12-04T03:50:58","modified_gmt":"2018-12-04T02:50:58","slug":"food-consumption-by-young-adults-living-in-ribeirao-preto","status":"publish","type":"resume","link":"https:\/\/aprifel-pp.mentalworks.biz\/fr\/resume-scientifique\/food-consumption-by-young-adults-living-in-ribeirao-preto\/","title":{"rendered":"Food consumption by young adults living in ribeirao preto, sp, 2002\/2004"},"content":{"rendered":"<p>There is evidence showing a close relationship between diet and the occurrence of non-communicable chronic diseases. The present study assessed food consumption in a 2002\/2004 cohort of young adults born in 1978\/79 in Ribeir\u00e3o Preto, SP, Brazil. The composition of the habitual diet consumed by a sample of 2063 individuals aged 23-25 years was analyzed using a validated semi-quantitative food frequency questionnaire based on studies of prevention of non-communicable chronic diseases. The Dietsys software was used for dietary calculations. In terms of WHO\/2003 recommendations, there was a high mean daily consumption of energy from fat (consumption: 35.4%; recommendation: 15-30%), a low mean intake of energy from carbohydrates (47.5%; 55-75%) and a low mean consumption of total fibers (15.2 g; &gt;25 g). Mean intake of energy from fatty acids (10%; &lt;10%) and protein (15.6%; 10-15%) was within recommended limits. When compared to the recommendations of the food pyramid adapted to the Brazilian population, adequate intake was observed only regarding the meat group (consumption: 1.9 portions; recommended: 1-2). There was a low consumption of vegetables (2.9; 4-5), fruits (1.2; 3-5), breads (3.6; 6-9), and dairy products (1.7; 3), with excessive fat and sugar intake (5.7; 1-2). We conclude that the inadequate food consumption observed in this young population may be associated with the development of excess weight and may contribute to the triggering of non-communicable chronic diseases.<\/p>\n","protected":false},"template":"","mots_cles":[],"class_list":["post-46056","resume","type-resume","status-publish","hentry"],"acf":{"adresse":"Departamento de Cl\u00ednica M\u00e9dica, Faculdade de Medicina de Ribeir\u00e3o Preto, Universidade de S\u00e3o Paulo, Ribeir\u00e3o Preto, SP, Brasil.\r\n","annee":"2007","mois":"9","numero":"40:9","page":"1257-66","auteurs":[{"ID":46053,"post_author":"0","post_date":"2018-12-04 03:50:56","post_date_gmt":"2018-12-04 02:50:56","post_content":"","post_title":"Molina","post_excerpt":"","post_status":"publish","comment_status":"closed","ping_status":"closed","post_password":"","post_name":"molina","to_ping":"","pinged":"","post_modified":"2018-12-04 03:50:56","post_modified_gmt":"2018-12-04 02:50:56","post_content_filtered":"","post_parent":0,"guid":"https:\/\/aprifel-pp.mentalworks.biz\/fr\/auteur\/molina\/","menu_order":0,"post_type":"auteur_resume","post_mime_type":"","comment_count":"0","filter":"raw"},{"ID":45685,"post_author":"0","post_date":"2018-12-04 03:45:08","post_date_gmt":"2018-12-04 02:45:08","post_content":"","post_title":"Bettiol","post_excerpt":"","post_status":"publish","comment_status":"closed","ping_status":"closed","post_password":"","post_name":"bettiol","to_ping":"","pinged":"","post_modified":"2018-12-04 03:45:08","post_modified_gmt":"2018-12-04 02:45:08","post_content_filtered":"","post_parent":0,"guid":"https:\/\/aprifel-pp.mentalworks.biz\/fr\/auteur\/bettiol\/","menu_order":0,"post_type":"auteur_resume","post_mime_type":"","comment_count":"0","filter":"raw"},{"ID":45686,"post_author":"0","post_date":"2018-12-04 03:45:09","post_date_gmt":"2018-12-04 02:45:09","post_content":"","post_title":"Barbieri","post_excerpt":"","post_status":"publish","comment_status":"closed","ping_status":"closed","post_password":"","post_name":"barbieri","to_ping":"","pinged":"","post_modified":"2018-12-04 03:45:09","post_modified_gmt":"2018-12-04 02:45:09","post_content_filtered":"","post_parent":0,"guid":"https:\/\/aprifel-pp.mentalworks.biz\/fr\/auteur\/barbieri\/","menu_order":0,"post_type":"auteur_resume","post_mime_type":"","comment_count":"0","filter":"raw"},{"ID":45687,"post_author":"0","post_date":"2018-12-04 03:45:09","post_date_gmt":"2018-12-04 02:45:09","post_content":"","post_title":"Silva","post_excerpt":"","post_status":"publish","comment_status":"closed","ping_status":"closed","post_password":"","post_name":"silva-2","to_ping":"","pinged":"","post_modified":"2018-12-04 03:45:09","post_modified_gmt":"2018-12-04 02:45:09","post_content_filtered":"","post_parent":0,"guid":"https:\/\/aprifel-pp.mentalworks.biz\/fr\/auteur\/silva-2\/","menu_order":0,"post_type":"auteur_resume","post_mime_type":"","comment_count":"0","filter":"raw"},{"ID":46054,"post_author":"0","post_date":"2018-12-04 03:50:57","post_date_gmt":"2018-12-04 02:50:57","post_content":"","post_title":"Conceicao","post_excerpt":"","post_status":"publish","comment_status":"closed","ping_status":"closed","post_password":"","post_name":"conceicao","to_ping":"","pinged":"","post_modified":"2018-12-04 03:50:57","post_modified_gmt":"2018-12-04 02:50:57","post_content_filtered":"","post_parent":0,"guid":"https:\/\/aprifel-pp.mentalworks.biz\/fr\/auteur\/conceicao\/","menu_order":0,"post_type":"auteur_resume","post_mime_type":"","comment_count":"0","filter":"raw"},{"ID":46055,"post_author":"0","post_date":"2018-12-04 03:50:58","post_date_gmt":"2018-12-04 02:50:58","post_content":"","post_title":"Dos-santos","post_excerpt":"","post_status":"publish","comment_status":"closed","ping_status":"closed","post_password":"","post_name":"dos-santos","to_ping":"","pinged":"","post_modified":"2018-12-04 03:50:58","post_modified_gmt":"2018-12-04 02:50:58","post_content_filtered":"","post_parent":0,"guid":"https:\/\/aprifel-pp.mentalworks.biz\/fr\/auteur\/dos-santos\/","menu_order":0,"post_type":"auteur_resume","post_mime_type":"","comment_count":"0","filter":"raw"}],"sources":[{"ID":45691,"post_author":"0","post_date":"2018-12-04 03:45:12","post_date_gmt":"2018-12-04 02:45:12","post_content":"","post_title":"BRAZILIAN JOURNAL OF MEDICAL AND BIOLOGICAL RESEARCH","post_excerpt":"","post_status":"publish","comment_status":"closed","ping_status":"closed","post_password":"","post_name":"brazilian-journal-of-medical-and-biological-research","to_ping":"","pinged":"","post_modified":"2018-12-04 03:45:12","post_modified_gmt":"2018-12-04 02:45:12","post_content_filtered":"","post_parent":0,"guid":"https:\/\/aprifel-pp.mentalworks.biz\/fr\/source\/brazilian-journal-of-medical-and-biological-research\/","menu_order":0,"post_type":"source","post_mime_type":"","comment_count":"0","filter":"raw"}]},"yoast_head":"<!-- This site is optimized with the Yoast SEO Premium plugin v23.6 (Yoast SEO v23.6) - https:\/\/yoast.com\/wordpress\/plugins\/seo\/ -->\n<title>Food consumption by young adults living in ribeirao preto, sp, 2002\/2004 - Aprifel<\/title>\n<meta name=\"description\" content=\"Food consumption by young adults living in ribeirao preto, sp, 2002\/2004 - Aprifel\" \/>\n<meta name=\"robots\" content=\"noindex, follow\" \/>\n<meta property=\"og:locale\" content=\"fr_FR\" \/>\n<meta property=\"og:type\" content=\"article\" \/>\n<meta property=\"og:title\" content=\"Food consumption by young adults living in ribeirao preto, sp, 2002\/2004\" \/>\n<meta property=\"og:description\" content=\"Food consumption by young adults living in ribeirao preto, sp, 2002\/2004\" \/>\n<meta property=\"og:url\" content=\"https:\/\/aprifel-pp.mentalworks.biz\/fr\/resume-scientifique\/food-consumption-by-young-adults-living-in-ribeirao-preto\/\" \/>\n<meta property=\"og:site_name\" content=\"Aprifel\" \/>\n<meta name=\"twitter:card\" content=\"summary_large_image\" \/>\n<meta name=\"twitter:label1\" content=\"Dur\u00e9e de lecture estim\u00e9e\" \/>\n\t<meta name=\"twitter:data1\" content=\"1 minute\" \/>\n<script type=\"application\/ld+json\" class=\"yoast-schema-graph\">{\"@context\":\"https:\/\/schema.org\",\"@graph\":[{\"@type\":\"WebPage\",\"@id\":\"https:\/\/aprifel-pp.mentalworks.biz\/fr\/resume-scientifique\/food-consumption-by-young-adults-living-in-ribeirao-preto\/\",\"url\":\"https:\/\/aprifel-pp.mentalworks.biz\/fr\/resume-scientifique\/food-consumption-by-young-adults-living-in-ribeirao-preto\/\",\"name\":\"Food consumption by young adults living in ribeirao preto, sp, 2002\/2004 - Aprifel\",\"isPartOf\":{\"@id\":\"https:\/\/www.aprifel.com\/fr\/#website\"},\"datePublished\":\"2018-12-04T02:50:58+00:00\",\"dateModified\":\"2018-12-04T02:50:58+00:00\",\"description\":\"Food consumption by young adults living in ribeirao preto, sp, 2002\/2004 - Aprifel\",\"breadcrumb\":{\"@id\":\"https:\/\/aprifel-pp.mentalworks.biz\/fr\/resume-scientifique\/food-consumption-by-young-adults-living-in-ribeirao-preto\/#breadcrumb\"},\"inLanguage\":\"fr-FR\",\"potentialAction\":[{\"@type\":\"ReadAction\",\"target\":[\"https:\/\/aprifel-pp.mentalworks.biz\/fr\/resume-scientifique\/food-consumption-by-young-adults-living-in-ribeirao-preto\/\"]}]},{\"@type\":\"BreadcrumbList\",\"@id\":\"https:\/\/aprifel-pp.mentalworks.biz\/fr\/resume-scientifique\/food-consumption-by-young-adults-living-in-ribeirao-preto\/#breadcrumb\",\"itemListElement\":[{\"@type\":\"ListItem\",\"position\":1,\"name\":\"Accueil\",\"item\":\"https:\/\/www.aprifel.com\/fr\/\"},{\"@type\":\"ListItem\",\"position\":2,\"name\":\"R\u00e9sum\u00e9s\",\"item\":\"https:\/\/aprifel-pp.mentalworks.biz\/fr\/resume-scientifique\/\"},{\"@type\":\"ListItem\",\"position\":3,\"name\":\"Food consumption by young adults living in ribeirao preto, sp, 2002\/2004\"}]},{\"@type\":\"WebSite\",\"@id\":\"https:\/\/www.aprifel.com\/fr\/#website\",\"url\":\"https:\/\/www.aprifel.com\/fr\/\",\"name\":\"Aprifel\",\"description\":\"Agence pour la Recherche et l\u2019Information en Fruits et L\u00e9gumes\",\"potentialAction\":[{\"@type\":\"SearchAction\",\"target\":{\"@type\":\"EntryPoint\",\"urlTemplate\":\"https:\/\/www.aprifel.com\/fr\/?s={search_term_string}\"},\"query-input\":{\"@type\":\"PropertyValueSpecification\",\"valueRequired\":true,\"valueName\":\"search_term_string\"}}],\"inLanguage\":\"fr-FR\"}]}<\/script>\n<!-- \/ Yoast SEO Premium plugin. -->","yoast_head_json":{"title":"Food consumption by young adults living in ribeirao preto, sp, 2002\/2004 - Aprifel","description":"Food consumption by young adults living in ribeirao preto, sp, 2002\/2004 - Aprifel","robots":{"index":"noindex","follow":"follow"},"og_locale":"fr_FR","og_type":"article","og_title":"Food consumption by young adults living in ribeirao preto, sp, 2002\/2004","og_description":"Food consumption by young adults living in ribeirao preto, sp, 2002\/2004","og_url":"https:\/\/aprifel-pp.mentalworks.biz\/fr\/resume-scientifique\/food-consumption-by-young-adults-living-in-ribeirao-preto\/","og_site_name":"Aprifel","twitter_card":"summary_large_image","twitter_misc":{"Dur\u00e9e de lecture estim\u00e9e":"1 minute"},"schema":{"@context":"https:\/\/schema.org","@graph":[{"@type":"WebPage","@id":"https:\/\/aprifel-pp.mentalworks.biz\/fr\/resume-scientifique\/food-consumption-by-young-adults-living-in-ribeirao-preto\/","url":"https:\/\/aprifel-pp.mentalworks.biz\/fr\/resume-scientifique\/food-consumption-by-young-adults-living-in-ribeirao-preto\/","name":"Food consumption by young adults living in ribeirao preto, sp, 2002\/2004 - Aprifel","isPartOf":{"@id":"https:\/\/www.aprifel.com\/fr\/#website"},"datePublished":"2018-12-04T02:50:58+00:00","dateModified":"2018-12-04T02:50:58+00:00","description":"Food consumption by young adults living in ribeirao preto, sp, 2002\/2004 - Aprifel","breadcrumb":{"@id":"https:\/\/aprifel-pp.mentalworks.biz\/fr\/resume-scientifique\/food-consumption-by-young-adults-living-in-ribeirao-preto\/#breadcrumb"},"inLanguage":"fr-FR","potentialAction":[{"@type":"ReadAction","target":["https:\/\/aprifel-pp.mentalworks.biz\/fr\/resume-scientifique\/food-consumption-by-young-adults-living-in-ribeirao-preto\/"]}]},{"@type":"BreadcrumbList","@id":"https:\/\/aprifel-pp.mentalworks.biz\/fr\/resume-scientifique\/food-consumption-by-young-adults-living-in-ribeirao-preto\/#breadcrumb","itemListElement":[{"@type":"ListItem","position":1,"name":"Accueil","item":"https:\/\/www.aprifel.com\/fr\/"},{"@type":"ListItem","position":2,"name":"R\u00e9sum\u00e9s","item":"https:\/\/aprifel-pp.mentalworks.biz\/fr\/resume-scientifique\/"},{"@type":"ListItem","position":3,"name":"Food consumption by young adults living in ribeirao preto, sp, 2002\/2004"}]},{"@type":"WebSite","@id":"https:\/\/www.aprifel.com\/fr\/#website","url":"https:\/\/www.aprifel.com\/fr\/","name":"Aprifel","description":"Agence pour la Recherche et l\u2019Information en Fruits et L\u00e9gumes","potentialAction":[{"@type":"SearchAction","target":{"@type":"EntryPoint","urlTemplate":"https:\/\/www.aprifel.com\/fr\/?s={search_term_string}"},"query-input":{"@type":"PropertyValueSpecification","valueRequired":true,"valueName":"search_term_string"}}],"inLanguage":"fr-FR"}]}},"_links":{"self":[{"href":"https:\/\/aprifel-pp.mentalworks.biz\/fr\/wp-json\/wp\/v2\/resume\/46056"}],"collection":[{"href":"https:\/\/aprifel-pp.mentalworks.biz\/fr\/wp-json\/wp\/v2\/resume"}],"about":[{"href":"https:\/\/aprifel-pp.mentalworks.biz\/fr\/wp-json\/wp\/v2\/types\/resume"}],"wp:attachment":[{"href":"https:\/\/aprifel-pp.mentalworks.biz\/fr\/wp-json\/wp\/v2\/media?parent=46056"}],"wp:term":[{"taxonomy":"mots_cles","embeddable":true,"href":"https:\/\/aprifel-pp.mentalworks.biz\/fr\/wp-json\/wp\/v2\/mots_cles?post=46056"}],"curies":[{"name":"wp","href":"https:\/\/api.w.org\/{rel}","templated":true}]}}

<p>There is evidence showing a close relationship between diet and the occurrence of non-communicable chronic diseases. The present study assessed food consumption in a 2002/2004 cohort of young adults born in 1978/79 in Ribeirão Preto, SP, Brazil. The composition of the habitual diet consumed by a sample of 2063 individuals aged 23-25 years was analyzed using a validated semi-quantitative food frequency questionnaire based on studies of prevention of non-communicable chronic diseases. The Dietsys software was used for dietary calculations. In terms of WHO/2003 recommendations, there was a high mean daily consumption of energy from fat (consumption: 35.4%; recommendation: 15-30%), a low mean intake of energy from carbohydrates (47.5%; 55-75%) and a low mean consumption of total fibers (15.2 g; &gt;25 g). Mean intake of energy from fatty acids (10%; &lt;10%) and protein (15.6%; 10-15%) was within recommended limits. When compared to the recommendations of the food pyramid adapted to the Brazilian population, adequate intake was observed only regarding the meat group (consumption: 1.9 portions; recommended: 1-2). There was a low consumption of vegetables (2.9; 4-5), fruits (1.2; 3-5), breads (3.6; 6-9), and dairy products (1.7; 3), with excessive fat and sugar intake (5.7; 1-2). We conclude that the inadequate food consumption observed in this young population may be associated with the development of excess weight and may contribute to the triggering of non-communicable chronic diseases.</p>

Departamento de Clínica Médica, Faculdade de Medicina de Ribeirão Preto, Universidade de São Paulo, Ribeirão Preto, SP, Brasil.

<!-- This site is optimized with the Yoast SEO Premium plugin v23.6 (Yoast SEO v23.6) - https://yoast.com/wordpress/plugins/seo/ -->
<title>Food consumption by young adults living in ribeirao preto, sp, 2002/2004 - Aprifel</title>
<meta name="description" content="Food consumption by young adults living in ribeirao preto, sp, 2002/2004 - Aprifel" />
<meta name="robots" content="noindex, follow" />
<meta property="og:locale" content="fr_FR" />
<meta property="og:type" content="article" />
<meta property="og:title" content="Food consumption by young adults living in ribeirao preto, sp, 2002/2004" />
<meta property="og:description" content="Food consumption by young adults living in ribeirao preto, sp, 2002/2004" />
<meta property="og:url" content="https://aprifel-pp.mentalworks.biz/fr/resume-scientifique/food-consumption-by-young-adults-living-in-ribeirao-preto/" />
<meta property="og:site_name" content="Aprifel" />
<meta name="twitter:card" content="summary_large_image" />
<meta name="twitter:label1" content="Durée de lecture estimée" />
	<meta name="twitter:data1" content="1 minute" />
<script type="application/ld+json" class="yoast-schema-graph">{"@context":"https://schema.org","@graph":[{"@type":"WebPage","@id":"https://aprifel-pp.mentalworks.biz/fr/resume-scientifique/food-consumption-by-young-adults-living-in-ribeirao-preto/","url":"https://aprifel-pp.mentalworks.biz/fr/resume-scientifique/food-consumption-by-young-adults-living-in-ribeirao-preto/","name":"Food consumption by young adults living in ribeirao preto, sp, 2002/2004 - Aprifel","isPartOf":{"@id":"https://www.aprifel.com/fr/#website"},"datePublished":"2018-12-04T02:50:58+00:00","dateModified":"2018-12-04T02:50:58+00:00","description":"Food consumption by young adults living in ribeirao preto, sp, 2002/2004 - Aprifel","breadcrumb":{"@id":"https://aprifel-pp.mentalworks.biz/fr/resume-scientifique/food-consumption-by-young-adults-living-in-ribeirao-preto/#breadcrumb"},"inLanguage":"fr-FR","potentialAction":[{"@type":"ReadAction","target":["https://aprifel-pp.mentalworks.biz/fr/resume-scientifique/food-consumption-by-young-adults-living-in-ribeirao-preto/"]}]},{"@type":"BreadcrumbList","@id":"https://aprifel-pp.mentalworks.biz/fr/resume-scientifique/food-consumption-by-young-adults-living-in-ribeirao-preto/#breadcrumb","itemListElement":[{"@type":"ListItem","position":1,"name":"Accueil","item":"https://www.aprifel.com/fr/"},{"@type":"ListItem","position":2,"name":"Résumés","item":"https://aprifel-pp.mentalworks.biz/fr/resume-scientifique/"},{"@type":"ListItem","position":3,"name":"Food consumption by young adults living in ribeirao preto, sp, 2002/2004"}]},{"@type":"WebSite","@id":"https://www.aprifel.com/fr/#website","url":"https://www.aprifel.com/fr/","name":"Aprifel","description":"Agence pour la Recherche et l’Information en Fruits et Légumes","potentialAction":[{"@type":"SearchAction","target":{"@type":"EntryPoint","urlTemplate":"https://www.aprifel.com/fr/?s={search_term_string}"},"query-input":{"@type":"PropertyValueSpecification","valueRequired":true,"valueName":"search_term_string"}}],"inLanguage":"fr-FR"}]}</script>
<!-- / Yoast SEO Premium plugin. -->

Résumés

Agence pour la Recherche et l’Information en Fruits et Légumes
