{"id":45494,"date":"2007-07-01T00:00:00","date_gmt":"2018-12-04T02:42:31","guid":{"rendered":"https:\/\/aprifel-pp.mentalworks.biz\/fr\/resume-scientifique\/food-choice-and-food-consumption-frequency-for-uruguayan-consumers\/"},"modified":"2018-12-04T03:42:31","modified_gmt":"2018-12-04T02:42:31","slug":"food-choice-and-food-consumption-frequency-for-uruguayan-consumers","status":"publish","type":"resume","link":"https:\/\/aprifel-pp.mentalworks.biz\/fr\/resume-scientifique\/food-choice-and-food-consumption-frequency-for-uruguayan-consumers\/","title":{"rendered":"Food choice and food consumption frequency for uruguayan consumers"},"content":{"rendered":"<p>The aims of the present work were to study motives underlying Uruguayan consumers&rsquo; food choice behaviour and to study the consumption frequency of some selected food items. A modification of the Food Choice Questionnaire and a food frequency questionnaire was administered to a group of 200 Uruguayan consumers. Feeling good and safety, sensory appeal and health and nutrient content were rated as the most important factors, while familiarity was rated as the least important. Using hierarchical cluster analysis, three clusters with different choice patterns were identified. Frequency of consumption of fruits, vegetables, milk and dairy products, and whole cereals, increased as the importance attributed to health and nutrition increased; consumption of fatty foods decreased.<\/p>\n","protected":false},"template":"","mots_cles":[],"class_list":["post-45494","resume","type-resume","status-publish","hentry"],"acf":{"adresse":"Secci\u00f3n Evaluaci\u00f3n Sensorial, Departamento de Ciencia y Tecnolog\u00eda de Alimentos, Facultad de Qu\u00edmica, Montevideo, Uruguay","annee":"2007","mois":"7","numero":"12","page":"1-13","auteurs":[{"ID":21964,"post_author":"0","post_date":"2018-12-03 20:57:02","post_date_gmt":"2018-12-03 19:57:02","post_content":"","post_title":"Gerard Vinyes-Par\u00e9s","post_excerpt":"","post_status":"publish","comment_status":"closed","ping_status":"closed","post_password":"","post_name":"gerard-vinyes-pares","to_ping":"","pinged":"","post_modified":"2018-12-03 20:57:02","post_modified_gmt":"2018-12-03 19:57:02","post_content_filtered":"","post_parent":0,"guid":"https:\/\/aprifel-pp.mentalworks.biz\/fr\/auteur\/gerard-vinyes-pares\/","menu_order":0,"post_type":"auteur_resume","post_mime_type":"","comment_count":"0","filter":"raw"},{"ID":45493,"post_author":"0","post_date":"2018-12-04 03:42:30","post_date_gmt":"2018-12-04 02:42:30","post_content":"","post_title":"Gambaro","post_excerpt":"","post_status":"publish","comment_status":"closed","ping_status":"closed","post_password":"","post_name":"gambaro","to_ping":"","pinged":"","post_modified":"2018-12-04 03:42:30","post_modified_gmt":"2018-12-04 02:42:30","post_content_filtered":"","post_parent":0,"guid":"https:\/\/aprifel-pp.mentalworks.biz\/fr\/auteur\/gambaro\/","menu_order":0,"post_type":"auteur_resume","post_mime_type":"","comment_count":"0","filter":"raw"}],"sources":[{"ID":5263,"post_author":"0","post_date":"2018-12-03 17:26:05","post_date_gmt":"2018-12-03 16:26:05","post_content":"","post_title":"International journal of food sciences and nutrition","post_excerpt":"","post_status":"publish","comment_status":"closed","ping_status":"closed","post_password":"","post_name":"international-journal-of-food-sciences-and-nutrition","to_ping":"","pinged":"","post_modified":"2018-12-03 17:26:05","post_modified_gmt":"2018-12-03 16:26:05","post_content_filtered":"","post_parent":0,"guid":"https:\/\/aprifel-pp.mentalworks.biz\/fr\/source\/international-journal-of-food-sciences-and-nutrition\/","menu_order":0,"post_type":"source","post_mime_type":"","comment_count":"0","filter":"raw"}]},"yoast_head":"<!-- This site is optimized with the Yoast SEO Premium plugin v23.6 (Yoast SEO v23.6) - https:\/\/yoast.com\/wordpress\/plugins\/seo\/ -->\n<title>Food choice and food consumption frequency for uruguayan consumers - Aprifel<\/title>\n<meta name=\"description\" content=\"Food choice and food consumption frequency for uruguayan consumers - Aprifel\" \/>\n<meta name=\"robots\" content=\"noindex, follow\" \/>\n<meta property=\"og:locale\" content=\"fr_FR\" \/>\n<meta property=\"og:type\" content=\"article\" \/>\n<meta property=\"og:title\" content=\"Food choice and food consumption frequency for uruguayan consumers\" \/>\n<meta property=\"og:description\" content=\"Food choice and food consumption frequency for uruguayan consumers\" \/>\n<meta property=\"og:url\" content=\"https:\/\/aprifel-pp.mentalworks.biz\/fr\/resume-scientifique\/food-choice-and-food-consumption-frequency-for-uruguayan-consumers\/\" \/>\n<meta property=\"og:site_name\" content=\"Aprifel\" \/>\n<meta name=\"twitter:card\" content=\"summary_large_image\" \/>\n<meta name=\"twitter:label1\" content=\"Dur\u00e9e de lecture estim\u00e9e\" \/>\n\t<meta name=\"twitter:data1\" content=\"1 minute\" \/>\n<script type=\"application\/ld+json\" class=\"yoast-schema-graph\">{\"@context\":\"https:\/\/schema.org\",\"@graph\":[{\"@type\":\"WebPage\",\"@id\":\"https:\/\/aprifel-pp.mentalworks.biz\/fr\/resume-scientifique\/food-choice-and-food-consumption-frequency-for-uruguayan-consumers\/\",\"url\":\"https:\/\/aprifel-pp.mentalworks.biz\/fr\/resume-scientifique\/food-choice-and-food-consumption-frequency-for-uruguayan-consumers\/\",\"name\":\"Food choice and food consumption frequency for uruguayan consumers - Aprifel\",\"isPartOf\":{\"@id\":\"https:\/\/www.aprifel.com\/fr\/#website\"},\"datePublished\":\"2018-12-04T02:42:31+00:00\",\"dateModified\":\"2018-12-04T02:42:31+00:00\",\"description\":\"Food choice and food consumption frequency for uruguayan consumers - Aprifel\",\"breadcrumb\":{\"@id\":\"https:\/\/aprifel-pp.mentalworks.biz\/fr\/resume-scientifique\/food-choice-and-food-consumption-frequency-for-uruguayan-consumers\/#breadcrumb\"},\"inLanguage\":\"fr-FR\",\"potentialAction\":[{\"@type\":\"ReadAction\",\"target\":[\"https:\/\/aprifel-pp.mentalworks.biz\/fr\/resume-scientifique\/food-choice-and-food-consumption-frequency-for-uruguayan-consumers\/\"]}]},{\"@type\":\"BreadcrumbList\",\"@id\":\"https:\/\/aprifel-pp.mentalworks.biz\/fr\/resume-scientifique\/food-choice-and-food-consumption-frequency-for-uruguayan-consumers\/#breadcrumb\",\"itemListElement\":[{\"@type\":\"ListItem\",\"position\":1,\"name\":\"Accueil\",\"item\":\"https:\/\/www.aprifel.com\/fr\/\"},{\"@type\":\"ListItem\",\"position\":2,\"name\":\"R\u00e9sum\u00e9s\",\"item\":\"https:\/\/aprifel-pp.mentalworks.biz\/fr\/resume-scientifique\/\"},{\"@type\":\"ListItem\",\"position\":3,\"name\":\"Food choice and food consumption frequency for uruguayan consumers\"}]},{\"@type\":\"WebSite\",\"@id\":\"https:\/\/www.aprifel.com\/fr\/#website\",\"url\":\"https:\/\/www.aprifel.com\/fr\/\",\"name\":\"Aprifel\",\"description\":\"Agence pour la Recherche et l\u2019Information en Fruits et L\u00e9gumes\",\"potentialAction\":[{\"@type\":\"SearchAction\",\"target\":{\"@type\":\"EntryPoint\",\"urlTemplate\":\"https:\/\/www.aprifel.com\/fr\/?s={search_term_string}\"},\"query-input\":{\"@type\":\"PropertyValueSpecification\",\"valueRequired\":true,\"valueName\":\"search_term_string\"}}],\"inLanguage\":\"fr-FR\"}]}<\/script>\n<!-- \/ Yoast SEO Premium plugin. -->","yoast_head_json":{"title":"Food choice and food consumption frequency for uruguayan consumers - Aprifel","description":"Food choice and food consumption frequency for uruguayan consumers - Aprifel","robots":{"index":"noindex","follow":"follow"},"og_locale":"fr_FR","og_type":"article","og_title":"Food choice and food consumption frequency for uruguayan consumers","og_description":"Food choice and food consumption frequency for uruguayan consumers","og_url":"https:\/\/aprifel-pp.mentalworks.biz\/fr\/resume-scientifique\/food-choice-and-food-consumption-frequency-for-uruguayan-consumers\/","og_site_name":"Aprifel","twitter_card":"summary_large_image","twitter_misc":{"Dur\u00e9e de lecture estim\u00e9e":"1 minute"},"schema":{"@context":"https:\/\/schema.org","@graph":[{"@type":"WebPage","@id":"https:\/\/aprifel-pp.mentalworks.biz\/fr\/resume-scientifique\/food-choice-and-food-consumption-frequency-for-uruguayan-consumers\/","url":"https:\/\/aprifel-pp.mentalworks.biz\/fr\/resume-scientifique\/food-choice-and-food-consumption-frequency-for-uruguayan-consumers\/","name":"Food choice and food consumption frequency for uruguayan consumers - Aprifel","isPartOf":{"@id":"https:\/\/www.aprifel.com\/fr\/#website"},"datePublished":"2018-12-04T02:42:31+00:00","dateModified":"2018-12-04T02:42:31+00:00","description":"Food choice and food consumption frequency for uruguayan consumers - Aprifel","breadcrumb":{"@id":"https:\/\/aprifel-pp.mentalworks.biz\/fr\/resume-scientifique\/food-choice-and-food-consumption-frequency-for-uruguayan-consumers\/#breadcrumb"},"inLanguage":"fr-FR","potentialAction":[{"@type":"ReadAction","target":["https:\/\/aprifel-pp.mentalworks.biz\/fr\/resume-scientifique\/food-choice-and-food-consumption-frequency-for-uruguayan-consumers\/"]}]},{"@type":"BreadcrumbList","@id":"https:\/\/aprifel-pp.mentalworks.biz\/fr\/resume-scientifique\/food-choice-and-food-consumption-frequency-for-uruguayan-consumers\/#breadcrumb","itemListElement":[{"@type":"ListItem","position":1,"name":"Accueil","item":"https:\/\/www.aprifel.com\/fr\/"},{"@type":"ListItem","position":2,"name":"R\u00e9sum\u00e9s","item":"https:\/\/aprifel-pp.mentalworks.biz\/fr\/resume-scientifique\/"},{"@type":"ListItem","position":3,"name":"Food choice and food consumption frequency for uruguayan consumers"}]},{"@type":"WebSite","@id":"https:\/\/www.aprifel.com\/fr\/#website","url":"https:\/\/www.aprifel.com\/fr\/","name":"Aprifel","description":"Agence pour la Recherche et l\u2019Information en Fruits et L\u00e9gumes","potentialAction":[{"@type":"SearchAction","target":{"@type":"EntryPoint","urlTemplate":"https:\/\/www.aprifel.com\/fr\/?s={search_term_string}"},"query-input":{"@type":"PropertyValueSpecification","valueRequired":true,"valueName":"search_term_string"}}],"inLanguage":"fr-FR"}]}},"_links":{"self":[{"href":"https:\/\/aprifel-pp.mentalworks.biz\/fr\/wp-json\/wp\/v2\/resume\/45494"}],"collection":[{"href":"https:\/\/aprifel-pp.mentalworks.biz\/fr\/wp-json\/wp\/v2\/resume"}],"about":[{"href":"https:\/\/aprifel-pp.mentalworks.biz\/fr\/wp-json\/wp\/v2\/types\/resume"}],"wp:attachment":[{"href":"https:\/\/aprifel-pp.mentalworks.biz\/fr\/wp-json\/wp\/v2\/media?parent=45494"}],"wp:term":[{"taxonomy":"mots_cles","embeddable":true,"href":"https:\/\/aprifel-pp.mentalworks.biz\/fr\/wp-json\/wp\/v2\/mots_cles?post=45494"}],"curies":[{"name":"wp","href":"https:\/\/api.w.org\/{rel}","templated":true}]}}

Sección Evaluación Sensorial, Departamento de Ciencia y Tecnología de Alimentos, Facultad de Química, Montevideo, Uruguay

Gerard Vinyes-Parés

<!-- This site is optimized with the Yoast SEO Premium plugin v23.6 (Yoast SEO v23.6) - https://yoast.com/wordpress/plugins/seo/ -->
<title>Food choice and food consumption frequency for uruguayan consumers - Aprifel</title>
<meta name="description" content="Food choice and food consumption frequency for uruguayan consumers - Aprifel" />
<meta name="robots" content="noindex, follow" />
<meta property="og:locale" content="fr_FR" />
<meta property="og:type" content="article" />
<meta property="og:title" content="Food choice and food consumption frequency for uruguayan consumers" />
<meta property="og:description" content="Food choice and food consumption frequency for uruguayan consumers" />
<meta property="og:url" content="https://aprifel-pp.mentalworks.biz/fr/resume-scientifique/food-choice-and-food-consumption-frequency-for-uruguayan-consumers/" />
<meta property="og:site_name" content="Aprifel" />
<meta name="twitter:card" content="summary_large_image" />
<meta name="twitter:label1" content="Durée de lecture estimée" />
	<meta name="twitter:data1" content="1 minute" />
<script type="application/ld+json" class="yoast-schema-graph">{"@context":"https://schema.org","@graph":[{"@type":"WebPage","@id":"https://aprifel-pp.mentalworks.biz/fr/resume-scientifique/food-choice-and-food-consumption-frequency-for-uruguayan-consumers/","url":"https://aprifel-pp.mentalworks.biz/fr/resume-scientifique/food-choice-and-food-consumption-frequency-for-uruguayan-consumers/","name":"Food choice and food consumption frequency for uruguayan consumers - Aprifel","isPartOf":{"@id":"https://www.aprifel.com/fr/#website"},"datePublished":"2018-12-04T02:42:31+00:00","dateModified":"2018-12-04T02:42:31+00:00","description":"Food choice and food consumption frequency for uruguayan consumers - Aprifel","breadcrumb":{"@id":"https://aprifel-pp.mentalworks.biz/fr/resume-scientifique/food-choice-and-food-consumption-frequency-for-uruguayan-consumers/#breadcrumb"},"inLanguage":"fr-FR","potentialAction":[{"@type":"ReadAction","target":["https://aprifel-pp.mentalworks.biz/fr/resume-scientifique/food-choice-and-food-consumption-frequency-for-uruguayan-consumers/"]}]},{"@type":"BreadcrumbList","@id":"https://aprifel-pp.mentalworks.biz/fr/resume-scientifique/food-choice-and-food-consumption-frequency-for-uruguayan-consumers/#breadcrumb","itemListElement":[{"@type":"ListItem","position":1,"name":"Accueil","item":"https://www.aprifel.com/fr/"},{"@type":"ListItem","position":2,"name":"Résumés","item":"https://aprifel-pp.mentalworks.biz/fr/resume-scientifique/"},{"@type":"ListItem","position":3,"name":"Food choice and food consumption frequency for uruguayan consumers"}]},{"@type":"WebSite","@id":"https://www.aprifel.com/fr/#website","url":"https://www.aprifel.com/fr/","name":"Aprifel","description":"Agence pour la Recherche et l’Information en Fruits et Légumes","potentialAction":[{"@type":"SearchAction","target":{"@type":"EntryPoint","urlTemplate":"https://www.aprifel.com/fr/?s={search_term_string}"},"query-input":{"@type":"PropertyValueSpecification","valueRequired":true,"valueName":"search_term_string"}}],"inLanguage":"fr-FR"}]}</script>
<!-- / Yoast SEO Premium plugin. -->

Résumés

Agence pour la Recherche et l’Information en Fruits et Légumes
