{"id":44979,"date":"2008-01-01T00:00:00","date_gmt":"2018-12-04T02:34:54","guid":{"rendered":"https:\/\/aprifel-pp.mentalworks.biz\/fr\/resume-scientifique\/prevalence-of-and-factors-associated-with-current-asthma-symptoms\/"},"modified":"2018-12-04T03:34:54","modified_gmt":"2018-12-04T02:34:54","slug":"prevalence-of-and-factors-associated-with-current-asthma-symptoms","status":"publish","type":"resume","link":"https:\/\/aprifel-pp.mentalworks.biz\/fr\/resume-scientifique\/prevalence-of-and-factors-associated-with-current-asthma-symptoms\/","title":{"rendered":"Prevalence of and factors associated with current asthma symptoms in school children aged 6-7 and 13-14 yr old in bogota, colombia."},"content":{"rendered":"<p>This cross-sectional study of children aged 6-7 years and adolescents aged 13-14 years in Bogot\u00e1, Colombia, assessed the prevalence of asthma symptoms and their associations with dietary, health, and behavioral habits. This study is part of the International Study of Asthma and Allergies in Childhood (ISAAC)-phase III. Asthma prevalence among the children was assessed using a parental self-administered written questionnaire (WQ), and among adolescents using a WQ together with a video questionnaire (VQ). Associations were estimated with bivariate and multivariate analysis. The study found that the 6-7 year age-group were more likely to report current asthma symptoms than the 13-14 year age-group (10.4% [WQ] vs. 8.6% [WQ] and 8.0% [VQ], respectively). Factors associated with current asthma symptoms among the 6-7 year age-group included higher maternal education (OR = 1.7, [95% CI 1.2-2.6], p = 0.007), a cat in the home during the last year (OR = 1.5, [95% CI 1.0-2.3], p = 0.036), watching TV 1-2 hours\/day (OR = 2.1, [95% CI 1.2-3.9], p = 0.013), and medication with acetaminophen in the first and most recent year of life (OR = 1.8, [95% CI 1.3-2.4], p &lt; 0.001; OR = 2.2, [95% CI 1.7-2.8], p &lt; 0.001, respectively) or antibiotics in the first year of life (OR = 1.9, [95% CI 1.4-2.5], p &lt; 0.001). Among the 13-14 year age-group, factors associated with current asthma symptoms included medication with acetaminophen during the last year (OR = 1.8, [95% CI 1.4-2.3], p &lt; 0.001); cereal, milk, and fruit consumption 3 or more times weekly (OR = 1.5, [95% CI 1.1-1.9], p = 0.010; OR = 0.8, [95% CI 0.6-1.0], p = 0.046; OR = 0.6, [95% CI 0.4-1.0], p = 0.031, respectively). Overall, compared with that in other Latin American centers, asthma prevalence in Bogot\u00e1 is close the lower estimates. However, associations with dietary, health, and behavioral habits need further study to assess their complex relationship with asthma.<\/p>\n","protected":false},"template":"","mots_cles":[],"class_list":["post-44979","resume","type-resume","status-publish","hentry"],"acf":{"adresse":"Division of Pediatric Allergies, Fundaci\u00f3n Santa Fe de Bogot\u00e1, Bogot\u00e1, Colombia, South America. eligarci@cable.net.co","annee":"2008","mois":"1","numero":"19:4","page":"307-14","auteurs":[{"ID":37106,"post_author":"0","post_date":"2018-12-04 01:11:33","post_date_gmt":"2018-12-04 00:11:33","post_content":"","post_title":"Garcia-vazquez","post_excerpt":"","post_status":"publish","comment_status":"closed","ping_status":"closed","post_password":"","post_name":"garcia-vazquez","to_ping":"","pinged":"","post_modified":"2018-12-04 01:11:33","post_modified_gmt":"2018-12-04 00:11:33","post_content_filtered":"","post_parent":0,"guid":"https:\/\/aprifel-pp.mentalworks.biz\/fr\/auteur\/garcia-vazquez\/","menu_order":0,"post_type":"auteur_resume","post_mime_type":"","comment_count":"0","filter":"raw"},{"ID":6117,"post_author":"0","post_date":"2018-12-03 17:34:59","post_date_gmt":"2018-12-03 16:34:59","post_content":"","post_title":"Olga L Sarmiento","post_excerpt":"","post_status":"publish","comment_status":"closed","ping_status":"closed","post_password":"","post_name":"olga-l-sarmiento","to_ping":"","pinged":"","post_modified":"2018-12-03 17:34:59","post_modified_gmt":"2018-12-03 16:34:59","post_content_filtered":"","post_parent":0,"guid":"https:\/\/aprifel-pp.mentalworks.biz\/fr\/auteur\/olga-l-sarmiento\/","menu_order":0,"post_type":"auteur_resume","post_mime_type":"","comment_count":"0","filter":"raw"},{"ID":44975,"post_author":"0","post_date":"2018-12-04 03:34:52","post_date_gmt":"2018-12-04 02:34:52","post_content":"","post_title":"Aristizabal","post_excerpt":"","post_status":"publish","comment_status":"closed","ping_status":"closed","post_password":"","post_name":"aristizabal","to_ping":"","pinged":"","post_modified":"2018-12-04 03:34:52","post_modified_gmt":"2018-12-04 02:34:52","post_content_filtered":"","post_parent":0,"guid":"https:\/\/aprifel-pp.mentalworks.biz\/fr\/auteur\/aristizabal\/","menu_order":0,"post_type":"auteur_resume","post_mime_type":"","comment_count":"0","filter":"raw"},{"ID":44976,"post_author":"0","post_date":"2018-12-04 03:34:53","post_date_gmt":"2018-12-04 02:34:53","post_content":"","post_title":"Vasquez","post_excerpt":"","post_status":"publish","comment_status":"closed","ping_status":"closed","post_password":"","post_name":"vasquez-2","to_ping":"","pinged":"","post_modified":"2018-12-04 03:34:53","post_modified_gmt":"2018-12-04 02:34:53","post_content_filtered":"","post_parent":0,"guid":"https:\/\/aprifel-pp.mentalworks.biz\/fr\/auteur\/vasquez-2\/","menu_order":0,"post_type":"auteur_resume","post_mime_type":"","comment_count":"0","filter":"raw"},{"ID":44977,"post_author":"0","post_date":"2018-12-04 03:34:53","post_date_gmt":"2018-12-04 02:34:53","post_content":"","post_title":"Rodriguez-martinez","post_excerpt":"","post_status":"publish","comment_status":"closed","ping_status":"closed","post_password":"","post_name":"rodriguez-martinez","to_ping":"","pinged":"","post_modified":"2018-12-04 03:34:53","post_modified_gmt":"2018-12-04 02:34:53","post_content_filtered":"","post_parent":0,"guid":"https:\/\/aprifel-pp.mentalworks.biz\/fr\/auteur\/rodriguez-martinez\/","menu_order":0,"post_type":"auteur_resume","post_mime_type":"","comment_count":"0","filter":"raw"},{"ID":44978,"post_author":"0","post_date":"2018-12-04 03:34:54","post_date_gmt":"2018-12-04 02:34:54","post_content":"","post_title":"Satizabal","post_excerpt":"","post_status":"publish","comment_status":"closed","ping_status":"closed","post_password":"","post_name":"satizabal","to_ping":"","pinged":"","post_modified":"2018-12-04 03:34:54","post_modified_gmt":"2018-12-04 02:34:54","post_content_filtered":"","post_parent":0,"guid":"https:\/\/aprifel-pp.mentalworks.biz\/fr\/auteur\/satizabal\/","menu_order":0,"post_type":"auteur_resume","post_mime_type":"","comment_count":"0","filter":"raw"}],"sources":[{"ID":31386,"post_author":"0","post_date":"2018-12-03 23:44:26","post_date_gmt":"2018-12-03 22:44:26","post_content":"","post_title":"PEDIATR ALLERGY IMMUNOL","post_excerpt":"","post_status":"publish","comment_status":"closed","ping_status":"closed","post_password":"","post_name":"pediatr-allergy-immunol","to_ping":"","pinged":"","post_modified":"2018-12-03 23:44:26","post_modified_gmt":"2018-12-03 22:44:26","post_content_filtered":"","post_parent":0,"guid":"https:\/\/aprifel-pp.mentalworks.biz\/fr\/source\/pediatr-allergy-immunol\/","menu_order":0,"post_type":"source","post_mime_type":"","comment_count":"0","filter":"raw"}]},"yoast_head":"<!-- This site is optimized with the Yoast SEO Premium plugin v23.6 (Yoast SEO v23.6) - https:\/\/yoast.com\/wordpress\/plugins\/seo\/ -->\n<title>Prevalence of and factors associated with current asthma symptoms in school children aged 6-7 and 13-14 yr old in bogota, colombia. - Aprifel<\/title>\n<meta name=\"description\" content=\"Prevalence of and factors associated with current asthma symptoms in school children aged 6-7 and 13-14 yr old in bogota, colombia. - Aprifel\" \/>\n<meta name=\"robots\" content=\"noindex, follow\" \/>\n<meta property=\"og:locale\" content=\"fr_FR\" \/>\n<meta property=\"og:type\" content=\"article\" \/>\n<meta property=\"og:title\" content=\"Prevalence of and factors associated with current asthma symptoms in school children aged 6-7 and 13-14 yr old in bogota, colombia.\" \/>\n<meta property=\"og:description\" content=\"Prevalence of and factors associated with current asthma symptoms in school children aged 6-7 and 13-14 yr old in bogota, colombia.\" \/>\n<meta property=\"og:url\" content=\"https:\/\/aprifel-pp.mentalworks.biz\/fr\/resume-scientifique\/prevalence-of-and-factors-associated-with-current-asthma-symptoms\/\" \/>\n<meta property=\"og:site_name\" content=\"Aprifel\" \/>\n<meta name=\"twitter:card\" content=\"summary_large_image\" \/>\n<meta name=\"twitter:label1\" content=\"Dur\u00e9e de lecture estim\u00e9e\" \/>\n\t<meta name=\"twitter:data1\" content=\"1 minute\" \/>\n<script type=\"application\/ld+json\" class=\"yoast-schema-graph\">{\"@context\":\"https:\/\/schema.org\",\"@graph\":[{\"@type\":\"WebPage\",\"@id\":\"https:\/\/aprifel-pp.mentalworks.biz\/fr\/resume-scientifique\/prevalence-of-and-factors-associated-with-current-asthma-symptoms\/\",\"url\":\"https:\/\/aprifel-pp.mentalworks.biz\/fr\/resume-scientifique\/prevalence-of-and-factors-associated-with-current-asthma-symptoms\/\",\"name\":\"Prevalence of and factors associated with current asthma symptoms in school children aged 6-7 and 13-14 yr old in bogota, colombia. - Aprifel\",\"isPartOf\":{\"@id\":\"https:\/\/www.aprifel.com\/fr\/#website\"},\"datePublished\":\"2018-12-04T02:34:54+00:00\",\"dateModified\":\"2018-12-04T02:34:54+00:00\",\"description\":\"Prevalence of and factors associated with current asthma symptoms in school children aged 6-7 and 13-14 yr old in bogota, colombia. - Aprifel\",\"breadcrumb\":{\"@id\":\"https:\/\/aprifel-pp.mentalworks.biz\/fr\/resume-scientifique\/prevalence-of-and-factors-associated-with-current-asthma-symptoms\/#breadcrumb\"},\"inLanguage\":\"fr-FR\",\"potentialAction\":[{\"@type\":\"ReadAction\",\"target\":[\"https:\/\/aprifel-pp.mentalworks.biz\/fr\/resume-scientifique\/prevalence-of-and-factors-associated-with-current-asthma-symptoms\/\"]}]},{\"@type\":\"BreadcrumbList\",\"@id\":\"https:\/\/aprifel-pp.mentalworks.biz\/fr\/resume-scientifique\/prevalence-of-and-factors-associated-with-current-asthma-symptoms\/#breadcrumb\",\"itemListElement\":[{\"@type\":\"ListItem\",\"position\":1,\"name\":\"Accueil\",\"item\":\"https:\/\/www.aprifel.com\/fr\/\"},{\"@type\":\"ListItem\",\"position\":2,\"name\":\"R\u00e9sum\u00e9s\",\"item\":\"https:\/\/aprifel-pp.mentalworks.biz\/fr\/resume-scientifique\/\"},{\"@type\":\"ListItem\",\"position\":3,\"name\":\"Prevalence of and factors associated with current asthma symptoms in school children aged 6-7 and 13-14 yr old in bogota, colombia.\"}]},{\"@type\":\"WebSite\",\"@id\":\"https:\/\/www.aprifel.com\/fr\/#website\",\"url\":\"https:\/\/www.aprifel.com\/fr\/\",\"name\":\"Aprifel\",\"description\":\"Agence pour la Recherche et l\u2019Information en Fruits et L\u00e9gumes\",\"potentialAction\":[{\"@type\":\"SearchAction\",\"target\":{\"@type\":\"EntryPoint\",\"urlTemplate\":\"https:\/\/www.aprifel.com\/fr\/?s={search_term_string}\"},\"query-input\":{\"@type\":\"PropertyValueSpecification\",\"valueRequired\":true,\"valueName\":\"search_term_string\"}}],\"inLanguage\":\"fr-FR\"}]}<\/script>\n<!-- \/ Yoast SEO Premium plugin. -->","yoast_head_json":{"title":"Prevalence of and factors associated with current asthma symptoms in school children aged 6-7 and 13-14 yr old in bogota, colombia. - Aprifel","description":"Prevalence of and factors associated with current asthma symptoms in school children aged 6-7 and 13-14 yr old in bogota, colombia. - Aprifel","robots":{"index":"noindex","follow":"follow"},"og_locale":"fr_FR","og_type":"article","og_title":"Prevalence of and factors associated with current asthma symptoms in school children aged 6-7 and 13-14 yr old in bogota, colombia.","og_description":"Prevalence of and factors associated with current asthma symptoms in school children aged 6-7 and 13-14 yr old in bogota, colombia.","og_url":"https:\/\/aprifel-pp.mentalworks.biz\/fr\/resume-scientifique\/prevalence-of-and-factors-associated-with-current-asthma-symptoms\/","og_site_name":"Aprifel","twitter_card":"summary_large_image","twitter_misc":{"Dur\u00e9e de lecture estim\u00e9e":"1 minute"},"schema":{"@context":"https:\/\/schema.org","@graph":[{"@type":"WebPage","@id":"https:\/\/aprifel-pp.mentalworks.biz\/fr\/resume-scientifique\/prevalence-of-and-factors-associated-with-current-asthma-symptoms\/","url":"https:\/\/aprifel-pp.mentalworks.biz\/fr\/resume-scientifique\/prevalence-of-and-factors-associated-with-current-asthma-symptoms\/","name":"Prevalence of and factors associated with current asthma symptoms in school children aged 6-7 and 13-14 yr old in bogota, colombia. - Aprifel","isPartOf":{"@id":"https:\/\/www.aprifel.com\/fr\/#website"},"datePublished":"2018-12-04T02:34:54+00:00","dateModified":"2018-12-04T02:34:54+00:00","description":"Prevalence of and factors associated with current asthma symptoms in school children aged 6-7 and 13-14 yr old in bogota, colombia. - Aprifel","breadcrumb":{"@id":"https:\/\/aprifel-pp.mentalworks.biz\/fr\/resume-scientifique\/prevalence-of-and-factors-associated-with-current-asthma-symptoms\/#breadcrumb"},"inLanguage":"fr-FR","potentialAction":[{"@type":"ReadAction","target":["https:\/\/aprifel-pp.mentalworks.biz\/fr\/resume-scientifique\/prevalence-of-and-factors-associated-with-current-asthma-symptoms\/"]}]},{"@type":"BreadcrumbList","@id":"https:\/\/aprifel-pp.mentalworks.biz\/fr\/resume-scientifique\/prevalence-of-and-factors-associated-with-current-asthma-symptoms\/#breadcrumb","itemListElement":[{"@type":"ListItem","position":1,"name":"Accueil","item":"https:\/\/www.aprifel.com\/fr\/"},{"@type":"ListItem","position":2,"name":"R\u00e9sum\u00e9s","item":"https:\/\/aprifel-pp.mentalworks.biz\/fr\/resume-scientifique\/"},{"@type":"ListItem","position":3,"name":"Prevalence of and factors associated with current asthma symptoms in school children aged 6-7 and 13-14 yr old in bogota, colombia."}]},{"@type":"WebSite","@id":"https:\/\/www.aprifel.com\/fr\/#website","url":"https:\/\/www.aprifel.com\/fr\/","name":"Aprifel","description":"Agence pour la Recherche et l\u2019Information en Fruits et L\u00e9gumes","potentialAction":[{"@type":"SearchAction","target":{"@type":"EntryPoint","urlTemplate":"https:\/\/www.aprifel.com\/fr\/?s={search_term_string}"},"query-input":{"@type":"PropertyValueSpecification","valueRequired":true,"valueName":"search_term_string"}}],"inLanguage":"fr-FR"}]}},"_links":{"self":[{"href":"https:\/\/aprifel-pp.mentalworks.biz\/fr\/wp-json\/wp\/v2\/resume\/44979"}],"collection":[{"href":"https:\/\/aprifel-pp.mentalworks.biz\/fr\/wp-json\/wp\/v2\/resume"}],"about":[{"href":"https:\/\/aprifel-pp.mentalworks.biz\/fr\/wp-json\/wp\/v2\/types\/resume"}],"wp:attachment":[{"href":"https:\/\/aprifel-pp.mentalworks.biz\/fr\/wp-json\/wp\/v2\/media?parent=44979"}],"wp:term":[{"taxonomy":"mots_cles","embeddable":true,"href":"https:\/\/aprifel-pp.mentalworks.biz\/fr\/wp-json\/wp\/v2\/mots_cles?post=44979"}],"curies":[{"name":"wp","href":"https:\/\/api.w.org\/{rel}","templated":true}]}}

<p>This cross-sectional study of children aged 6-7 years and adolescents aged 13-14 years in Bogotá, Colombia, assessed the prevalence of asthma symptoms and their associations with dietary, health, and behavioral habits. This study is part of the International Study of Asthma and Allergies in Childhood (ISAAC)-phase III. Asthma prevalence among the children was assessed using a parental self-administered written questionnaire (WQ), and among adolescents using a WQ together with a video questionnaire (VQ). Associations were estimated with bivariate and multivariate analysis. The study found that the 6-7 year age-group were more likely to report current asthma symptoms than the 13-14 year age-group (10.4% [WQ] vs. 8.6% [WQ] and 8.0% [VQ], respectively). Factors associated with current asthma symptoms among the 6-7 year age-group included higher maternal education (OR = 1.7, [95% CI 1.2-2.6], p = 0.007), a cat in the home during the last year (OR = 1.5, [95% CI 1.0-2.3], p = 0.036), watching TV 1-2 hours/day (OR = 2.1, [95% CI 1.2-3.9], p = 0.013), and medication with acetaminophen in the first and most recent year of life (OR = 1.8, [95% CI 1.3-2.4], p &lt; 0.001; OR = 2.2, [95% CI 1.7-2.8], p &lt; 0.001, respectively) or antibiotics in the first year of life (OR = 1.9, [95% CI 1.4-2.5], p &lt; 0.001). Among the 13-14 year age-group, factors associated with current asthma symptoms included medication with acetaminophen during the last year (OR = 1.8, [95% CI 1.4-2.3], p &lt; 0.001); cereal, milk, and fruit consumption 3 or more times weekly (OR = 1.5, [95% CI 1.1-1.9], p = 0.010; OR = 0.8, [95% CI 0.6-1.0], p = 0.046; OR = 0.6, [95% CI 0.4-1.0], p = 0.031, respectively). Overall, compared with that in other Latin American centers, asthma prevalence in Bogotá is close the lower estimates. However, associations with dietary, health, and behavioral habits need further study to assess their complex relationship with asthma.</p>

Division of Pediatric Allergies, Fundación Santa Fe de Bogotá, Bogotá, Colombia, South America. eligarci@cable.net.co

<!-- This site is optimized with the Yoast SEO Premium plugin v23.6 (Yoast SEO v23.6) - https://yoast.com/wordpress/plugins/seo/ -->
<title>Prevalence of and factors associated with current asthma symptoms in school children aged 6-7 and 13-14 yr old in bogota, colombia. - Aprifel</title>
<meta name="description" content="Prevalence of and factors associated with current asthma symptoms in school children aged 6-7 and 13-14 yr old in bogota, colombia. - Aprifel" />
<meta name="robots" content="noindex, follow" />
<meta property="og:locale" content="fr_FR" />
<meta property="og:type" content="article" />
<meta property="og:title" content="Prevalence of and factors associated with current asthma symptoms in school children aged 6-7 and 13-14 yr old in bogota, colombia." />
<meta property="og:description" content="Prevalence of and factors associated with current asthma symptoms in school children aged 6-7 and 13-14 yr old in bogota, colombia." />
<meta property="og:url" content="https://aprifel-pp.mentalworks.biz/fr/resume-scientifique/prevalence-of-and-factors-associated-with-current-asthma-symptoms/" />
<meta property="og:site_name" content="Aprifel" />
<meta name="twitter:card" content="summary_large_image" />
<meta name="twitter:label1" content="Durée de lecture estimée" />
	<meta name="twitter:data1" content="1 minute" />
<script type="application/ld+json" class="yoast-schema-graph">{"@context":"https://schema.org","@graph":[{"@type":"WebPage","@id":"https://aprifel-pp.mentalworks.biz/fr/resume-scientifique/prevalence-of-and-factors-associated-with-current-asthma-symptoms/","url":"https://aprifel-pp.mentalworks.biz/fr/resume-scientifique/prevalence-of-and-factors-associated-with-current-asthma-symptoms/","name":"Prevalence of and factors associated with current asthma symptoms in school children aged 6-7 and 13-14 yr old in bogota, colombia. - Aprifel","isPartOf":{"@id":"https://www.aprifel.com/fr/#website"},"datePublished":"2018-12-04T02:34:54+00:00","dateModified":"2018-12-04T02:34:54+00:00","description":"Prevalence of and factors associated with current asthma symptoms in school children aged 6-7 and 13-14 yr old in bogota, colombia. - Aprifel","breadcrumb":{"@id":"https://aprifel-pp.mentalworks.biz/fr/resume-scientifique/prevalence-of-and-factors-associated-with-current-asthma-symptoms/#breadcrumb"},"inLanguage":"fr-FR","potentialAction":[{"@type":"ReadAction","target":["https://aprifel-pp.mentalworks.biz/fr/resume-scientifique/prevalence-of-and-factors-associated-with-current-asthma-symptoms/"]}]},{"@type":"BreadcrumbList","@id":"https://aprifel-pp.mentalworks.biz/fr/resume-scientifique/prevalence-of-and-factors-associated-with-current-asthma-symptoms/#breadcrumb","itemListElement":[{"@type":"ListItem","position":1,"name":"Accueil","item":"https://www.aprifel.com/fr/"},{"@type":"ListItem","position":2,"name":"Résumés","item":"https://aprifel-pp.mentalworks.biz/fr/resume-scientifique/"},{"@type":"ListItem","position":3,"name":"Prevalence of and factors associated with current asthma symptoms in school children aged 6-7 and 13-14 yr old in bogota, colombia."}]},{"@type":"WebSite","@id":"https://www.aprifel.com/fr/#website","url":"https://www.aprifel.com/fr/","name":"Aprifel","description":"Agence pour la Recherche et l’Information en Fruits et Légumes","potentialAction":[{"@type":"SearchAction","target":{"@type":"EntryPoint","urlTemplate":"https://www.aprifel.com/fr/?s={search_term_string}"},"query-input":{"@type":"PropertyValueSpecification","valueRequired":true,"valueName":"search_term_string"}}],"inLanguage":"fr-FR"}]}</script>
<!-- / Yoast SEO Premium plugin. -->

Résumés

Agence pour la Recherche et l’Information en Fruits et Légumes
