{"id":43372,"date":"2008-03-01T00:00:00","date_gmt":"2018-12-04T02:05:58","guid":{"rendered":"https:\/\/aprifel-pp.mentalworks.biz\/fr\/resume-scientifique\/intake-of-fruits-and-vegetables-in-relation-to-10-year-weight\/"},"modified":"2018-12-04T03:05:58","modified_gmt":"2018-12-04T02:05:58","slug":"intake-of-fruits-and-vegetables-in-relation-to-10-year-weight","status":"publish","type":"resume","link":"https:\/\/aprifel-pp.mentalworks.biz\/fr\/resume-scientifique\/intake-of-fruits-and-vegetables-in-relation-to-10-year-weight\/","title":{"rendered":"Intake of fruits and vegetables in relation to 10-year weight gain among Spanish adults."},"content":{"rendered":"<p><strong>OBJECTIVE:<\/strong><br \/>\nDespite the alarming increase in the prevalence of obesity, epidemiologic studies that prospectively examine the fruit and vegetable consumption and other lifestyle factors in relation to weight gain (WG) are still insufficient. We explored the associations between fruit and vegetable intake and WG over a 10-year period in an adult Mediterranean population.<\/p>\n<p><strong>METHODS AND PROCEDURES:<\/strong><br \/>\nWe performed a 10-year follow-up study with healthy participants (n = 206) aged 15-80 years at baseline in 1994, who participated in a nutrition survey in Valencia, Spain. Data on diet, lifestyle factors, and body weight were obtained in 1994 and 2004 using a food frequency questionnaire (FFQ) and direct measurements.<\/p>\n<p><strong>RESULTS:<\/strong><br \/>\nThe average WG over the study period was 3.41 (s.d. 6.9) kg. In multivariate analyses, participants in the third quartile of fruit intake at baseline in 1994 had lower risk of WG&gt; or =3.41 kg compared to those in the lowest quartile (oddsratio (OR) = 0.31, 95% confidence interval (CI), 0.11-0.85; P trend = 0.044). Regarding vegetable intake, the risk of WG was lowest in participants of the fourth quartile (&gt;333 g\/day), which had an 84% reduced risk of gaining 3.41 kg weight (OR = 0.18, 95% CI, 0.05-0.66; P trend = 0.017). When the intake of fruits and vegetables was combined, the risk of WG decreased across quartiles, with the lowest risk among those in the fourth quartile (OR = 0.22, 95% CI, 0.06-0.81; P trend = 0.022). Further adjustment for an increased intake of fruits and vegetables over the past 10 years reported by participants in 2004 did not appreciably alter the observed ORs.<\/p>\n<p><strong>DISCUSSION:<\/strong><br \/>\nDietary patterns associated with a high intake of fruits and vegetables in Mediterranean populations may reduce long-term risk of subsequent WG and obesity among adults.<\/p>\n","protected":false},"template":"","mots_cles":[],"class_list":["post-43372","resume","type-resume","status-publish","hentry"],"acf":{"adresse":"Departamento Salud P\u00fablica, Historia de la Ciencia y Ginecolog\u00eda, Universidad Miguel Hern\u00e1ndez, Elche-Alicante, Alicante, Spain. vioque@umh.es","annee":"2008","mois":"3","numero":"16:3","page":"664-670","auteurs":[{"ID":14499,"post_author":"0","post_date":"2018-12-03 19:10:23","post_date_gmt":"2018-12-03 18:10:23","post_content":"","post_title":"Jesus L Vioque","post_excerpt":"","post_status":"publish","comment_status":"closed","ping_status":"closed","post_password":"","post_name":"jesus-l-vioque","to_ping":"","pinged":"","post_modified":"2018-12-03 19:10:23","post_modified_gmt":"2018-12-03 18:10:23","post_content_filtered":"","post_parent":0,"guid":"https:\/\/aprifel-pp.mentalworks.biz\/fr\/auteur\/jesus-l-vioque\/","menu_order":0,"post_type":"auteur_resume","post_mime_type":"","comment_count":"0","filter":"raw"},{"ID":43370,"post_author":"0","post_date":"2018-12-04 03:05:57","post_date_gmt":"2018-12-04 02:05:57","post_content":"","post_title":"Asensio","post_excerpt":"","post_status":"publish","comment_status":"closed","ping_status":"closed","post_password":"","post_name":"asensio","to_ping":"","pinged":"","post_modified":"2018-12-04 03:05:57","post_modified_gmt":"2018-12-04 02:05:57","post_content_filtered":"","post_parent":0,"guid":"https:\/\/aprifel-pp.mentalworks.biz\/fr\/auteur\/asensio\/","menu_order":0,"post_type":"auteur_resume","post_mime_type":"","comment_count":"0","filter":"raw"},{"ID":3378,"post_author":"0","post_date":"2018-12-03 17:05:00","post_date_gmt":"2018-12-03 16:05:00","post_content":"","post_title":"Adela Castell\u00f3","post_excerpt":"","post_status":"publish","comment_status":"closed","ping_status":"closed","post_password":"","post_name":"adela-castello","to_ping":"","pinged":"","post_modified":"2018-12-03 17:05:00","post_modified_gmt":"2018-12-03 16:05:00","post_content_filtered":"","post_parent":0,"guid":"https:\/\/aprifel-pp.mentalworks.biz\/fr\/auteur\/adela-castello\/","menu_order":0,"post_type":"auteur_resume","post_mime_type":"","comment_count":"0","filter":"raw"},{"ID":43371,"post_author":"0","post_date":"2018-12-04 03:05:58","post_date_gmt":"2018-12-04 02:05:58","post_content":"","post_title":"Weinbrenner","post_excerpt":"","post_status":"publish","comment_status":"closed","ping_status":"closed","post_password":"","post_name":"weinbrenner","to_ping":"","pinged":"","post_modified":"2018-12-04 03:05:58","post_modified_gmt":"2018-12-04 02:05:58","post_content_filtered":"","post_parent":0,"guid":"https:\/\/aprifel-pp.mentalworks.biz\/fr\/auteur\/weinbrenner\/","menu_order":0,"post_type":"auteur_resume","post_mime_type":"","comment_count":"0","filter":"raw"},{"ID":5746,"post_author":"0","post_date":"2018-12-03 17:31:05","post_date_gmt":"2018-12-03 16:31:05","post_content":"","post_title":"Manuela Garc\u00eda-de-la-Hera","post_excerpt":"","post_status":"publish","comment_status":"closed","ping_status":"closed","post_password":"","post_name":"manuela-garcia-de-la-hera","to_ping":"","pinged":"","post_modified":"2018-12-03 17:31:05","post_modified_gmt":"2018-12-03 16:31:05","post_content_filtered":"","post_parent":0,"guid":"https:\/\/aprifel-pp.mentalworks.biz\/fr\/auteur\/manuela-garcia-de-la-hera\/","menu_order":0,"post_type":"auteur_resume","post_mime_type":"","comment_count":"0","filter":"raw"}],"sources":[{"ID":1475,"post_author":"0","post_date":"2018-12-03 15:59:42","post_date_gmt":"2018-12-03 14:59:42","post_content":"","post_title":"OBESITY (SILVER SPRING)","post_excerpt":"","post_status":"publish","comment_status":"closed","ping_status":"closed","post_password":"","post_name":"obesity-silver-spring","to_ping":"","pinged":"","post_modified":"2018-12-03 15:59:42","post_modified_gmt":"2018-12-03 14:59:42","post_content_filtered":"","post_parent":0,"guid":"https:\/\/aprifel-pp.mentalworks.biz\/fr\/source\/obesity-silver-spring\/","menu_order":0,"post_type":"source","post_mime_type":"","comment_count":"0","filter":"raw"}]},"yoast_head":"<!-- This site is optimized with the Yoast SEO Premium plugin v23.6 (Yoast SEO v23.6) - https:\/\/yoast.com\/wordpress\/plugins\/seo\/ -->\n<title>Intake of fruits and vegetables in relation to 10-year weight gain among Spanish adults. - Aprifel<\/title>\n<meta name=\"description\" content=\"Intake of fruits and vegetables in relation to 10-year weight gain among Spanish adults. - Aprifel\" \/>\n<meta name=\"robots\" content=\"noindex, follow\" \/>\n<meta property=\"og:locale\" content=\"fr_FR\" \/>\n<meta property=\"og:type\" content=\"article\" \/>\n<meta property=\"og:title\" content=\"Intake of fruits and vegetables in relation to 10-year weight gain among Spanish adults.\" \/>\n<meta property=\"og:description\" content=\"Intake of fruits and vegetables in relation to 10-year weight gain among Spanish adults.\" \/>\n<meta property=\"og:url\" content=\"https:\/\/aprifel-pp.mentalworks.biz\/fr\/resume-scientifique\/intake-of-fruits-and-vegetables-in-relation-to-10-year-weight\/\" \/>\n<meta property=\"og:site_name\" content=\"Aprifel\" \/>\n<meta name=\"twitter:card\" content=\"summary_large_image\" \/>\n<meta name=\"twitter:label1\" content=\"Dur\u00e9e de lecture estim\u00e9e\" \/>\n\t<meta name=\"twitter:data1\" content=\"1 minute\" \/>\n<script type=\"application\/ld+json\" class=\"yoast-schema-graph\">{\"@context\":\"https:\/\/schema.org\",\"@graph\":[{\"@type\":\"WebPage\",\"@id\":\"https:\/\/aprifel-pp.mentalworks.biz\/fr\/resume-scientifique\/intake-of-fruits-and-vegetables-in-relation-to-10-year-weight\/\",\"url\":\"https:\/\/aprifel-pp.mentalworks.biz\/fr\/resume-scientifique\/intake-of-fruits-and-vegetables-in-relation-to-10-year-weight\/\",\"name\":\"Intake of fruits and vegetables in relation to 10-year weight gain among Spanish adults. - Aprifel\",\"isPartOf\":{\"@id\":\"https:\/\/www.aprifel.com\/fr\/#website\"},\"datePublished\":\"2018-12-04T02:05:58+00:00\",\"dateModified\":\"2018-12-04T02:05:58+00:00\",\"description\":\"Intake of fruits and vegetables in relation to 10-year weight gain among Spanish adults. - Aprifel\",\"breadcrumb\":{\"@id\":\"https:\/\/aprifel-pp.mentalworks.biz\/fr\/resume-scientifique\/intake-of-fruits-and-vegetables-in-relation-to-10-year-weight\/#breadcrumb\"},\"inLanguage\":\"fr-FR\",\"potentialAction\":[{\"@type\":\"ReadAction\",\"target\":[\"https:\/\/aprifel-pp.mentalworks.biz\/fr\/resume-scientifique\/intake-of-fruits-and-vegetables-in-relation-to-10-year-weight\/\"]}]},{\"@type\":\"BreadcrumbList\",\"@id\":\"https:\/\/aprifel-pp.mentalworks.biz\/fr\/resume-scientifique\/intake-of-fruits-and-vegetables-in-relation-to-10-year-weight\/#breadcrumb\",\"itemListElement\":[{\"@type\":\"ListItem\",\"position\":1,\"name\":\"Accueil\",\"item\":\"https:\/\/www.aprifel.com\/fr\/\"},{\"@type\":\"ListItem\",\"position\":2,\"name\":\"R\u00e9sum\u00e9s\",\"item\":\"https:\/\/aprifel-pp.mentalworks.biz\/fr\/resume-scientifique\/\"},{\"@type\":\"ListItem\",\"position\":3,\"name\":\"Intake of fruits and vegetables in relation to 10-year weight gain among Spanish adults.\"}]},{\"@type\":\"WebSite\",\"@id\":\"https:\/\/www.aprifel.com\/fr\/#website\",\"url\":\"https:\/\/www.aprifel.com\/fr\/\",\"name\":\"Aprifel\",\"description\":\"Agence pour la Recherche et l\u2019Information en Fruits et L\u00e9gumes\",\"potentialAction\":[{\"@type\":\"SearchAction\",\"target\":{\"@type\":\"EntryPoint\",\"urlTemplate\":\"https:\/\/www.aprifel.com\/fr\/?s={search_term_string}\"},\"query-input\":{\"@type\":\"PropertyValueSpecification\",\"valueRequired\":true,\"valueName\":\"search_term_string\"}}],\"inLanguage\":\"fr-FR\"}]}<\/script>\n<!-- \/ Yoast SEO Premium plugin. -->","yoast_head_json":{"title":"Intake of fruits and vegetables in relation to 10-year weight gain among Spanish adults. - Aprifel","description":"Intake of fruits and vegetables in relation to 10-year weight gain among Spanish adults. - Aprifel","robots":{"index":"noindex","follow":"follow"},"og_locale":"fr_FR","og_type":"article","og_title":"Intake of fruits and vegetables in relation to 10-year weight gain among Spanish adults.","og_description":"Intake of fruits and vegetables in relation to 10-year weight gain among Spanish adults.","og_url":"https:\/\/aprifel-pp.mentalworks.biz\/fr\/resume-scientifique\/intake-of-fruits-and-vegetables-in-relation-to-10-year-weight\/","og_site_name":"Aprifel","twitter_card":"summary_large_image","twitter_misc":{"Dur\u00e9e de lecture estim\u00e9e":"1 minute"},"schema":{"@context":"https:\/\/schema.org","@graph":[{"@type":"WebPage","@id":"https:\/\/aprifel-pp.mentalworks.biz\/fr\/resume-scientifique\/intake-of-fruits-and-vegetables-in-relation-to-10-year-weight\/","url":"https:\/\/aprifel-pp.mentalworks.biz\/fr\/resume-scientifique\/intake-of-fruits-and-vegetables-in-relation-to-10-year-weight\/","name":"Intake of fruits and vegetables in relation to 10-year weight gain among Spanish adults. - Aprifel","isPartOf":{"@id":"https:\/\/www.aprifel.com\/fr\/#website"},"datePublished":"2018-12-04T02:05:58+00:00","dateModified":"2018-12-04T02:05:58+00:00","description":"Intake of fruits and vegetables in relation to 10-year weight gain among Spanish adults. - Aprifel","breadcrumb":{"@id":"https:\/\/aprifel-pp.mentalworks.biz\/fr\/resume-scientifique\/intake-of-fruits-and-vegetables-in-relation-to-10-year-weight\/#breadcrumb"},"inLanguage":"fr-FR","potentialAction":[{"@type":"ReadAction","target":["https:\/\/aprifel-pp.mentalworks.biz\/fr\/resume-scientifique\/intake-of-fruits-and-vegetables-in-relation-to-10-year-weight\/"]}]},{"@type":"BreadcrumbList","@id":"https:\/\/aprifel-pp.mentalworks.biz\/fr\/resume-scientifique\/intake-of-fruits-and-vegetables-in-relation-to-10-year-weight\/#breadcrumb","itemListElement":[{"@type":"ListItem","position":1,"name":"Accueil","item":"https:\/\/www.aprifel.com\/fr\/"},{"@type":"ListItem","position":2,"name":"R\u00e9sum\u00e9s","item":"https:\/\/aprifel-pp.mentalworks.biz\/fr\/resume-scientifique\/"},{"@type":"ListItem","position":3,"name":"Intake of fruits and vegetables in relation to 10-year weight gain among Spanish adults."}]},{"@type":"WebSite","@id":"https:\/\/www.aprifel.com\/fr\/#website","url":"https:\/\/www.aprifel.com\/fr\/","name":"Aprifel","description":"Agence pour la Recherche et l\u2019Information en Fruits et L\u00e9gumes","potentialAction":[{"@type":"SearchAction","target":{"@type":"EntryPoint","urlTemplate":"https:\/\/www.aprifel.com\/fr\/?s={search_term_string}"},"query-input":{"@type":"PropertyValueSpecification","valueRequired":true,"valueName":"search_term_string"}}],"inLanguage":"fr-FR"}]}},"_links":{"self":[{"href":"https:\/\/aprifel-pp.mentalworks.biz\/fr\/wp-json\/wp\/v2\/resume\/43372"}],"collection":[{"href":"https:\/\/aprifel-pp.mentalworks.biz\/fr\/wp-json\/wp\/v2\/resume"}],"about":[{"href":"https:\/\/aprifel-pp.mentalworks.biz\/fr\/wp-json\/wp\/v2\/types\/resume"}],"wp:attachment":[{"href":"https:\/\/aprifel-pp.mentalworks.biz\/fr\/wp-json\/wp\/v2\/media?parent=43372"}],"wp:term":[{"taxonomy":"mots_cles","embeddable":true,"href":"https:\/\/aprifel-pp.mentalworks.biz\/fr\/wp-json\/wp\/v2\/mots_cles?post=43372"}],"curies":[{"name":"wp","href":"https:\/\/api.w.org\/{rel}","templated":true}]}}

Departamento Salud Pública, Historia de la Ciencia y Ginecología, Universidad Miguel Hernández, Elche-Alicante, Alicante, Spain. vioque@umh.es

Adela Castelló

Manuela García-de-la-Hera

<!-- This site is optimized with the Yoast SEO Premium plugin v23.6 (Yoast SEO v23.6) - https://yoast.com/wordpress/plugins/seo/ -->
<title>Intake of fruits and vegetables in relation to 10-year weight gain among Spanish adults. - Aprifel</title>
<meta name="description" content="Intake of fruits and vegetables in relation to 10-year weight gain among Spanish adults. - Aprifel" />
<meta name="robots" content="noindex, follow" />
<meta property="og:locale" content="fr_FR" />
<meta property="og:type" content="article" />
<meta property="og:title" content="Intake of fruits and vegetables in relation to 10-year weight gain among Spanish adults." />
<meta property="og:description" content="Intake of fruits and vegetables in relation to 10-year weight gain among Spanish adults." />
<meta property="og:url" content="https://aprifel-pp.mentalworks.biz/fr/resume-scientifique/intake-of-fruits-and-vegetables-in-relation-to-10-year-weight/" />
<meta property="og:site_name" content="Aprifel" />
<meta name="twitter:card" content="summary_large_image" />
<meta name="twitter:label1" content="Durée de lecture estimée" />
	<meta name="twitter:data1" content="1 minute" />
<script type="application/ld+json" class="yoast-schema-graph">{"@context":"https://schema.org","@graph":[{"@type":"WebPage","@id":"https://aprifel-pp.mentalworks.biz/fr/resume-scientifique/intake-of-fruits-and-vegetables-in-relation-to-10-year-weight/","url":"https://aprifel-pp.mentalworks.biz/fr/resume-scientifique/intake-of-fruits-and-vegetables-in-relation-to-10-year-weight/","name":"Intake of fruits and vegetables in relation to 10-year weight gain among Spanish adults. - Aprifel","isPartOf":{"@id":"https://www.aprifel.com/fr/#website"},"datePublished":"2018-12-04T02:05:58+00:00","dateModified":"2018-12-04T02:05:58+00:00","description":"Intake of fruits and vegetables in relation to 10-year weight gain among Spanish adults. - Aprifel","breadcrumb":{"@id":"https://aprifel-pp.mentalworks.biz/fr/resume-scientifique/intake-of-fruits-and-vegetables-in-relation-to-10-year-weight/#breadcrumb"},"inLanguage":"fr-FR","potentialAction":[{"@type":"ReadAction","target":["https://aprifel-pp.mentalworks.biz/fr/resume-scientifique/intake-of-fruits-and-vegetables-in-relation-to-10-year-weight/"]}]},{"@type":"BreadcrumbList","@id":"https://aprifel-pp.mentalworks.biz/fr/resume-scientifique/intake-of-fruits-and-vegetables-in-relation-to-10-year-weight/#breadcrumb","itemListElement":[{"@type":"ListItem","position":1,"name":"Accueil","item":"https://www.aprifel.com/fr/"},{"@type":"ListItem","position":2,"name":"Résumés","item":"https://aprifel-pp.mentalworks.biz/fr/resume-scientifique/"},{"@type":"ListItem","position":3,"name":"Intake of fruits and vegetables in relation to 10-year weight gain among Spanish adults."}]},{"@type":"WebSite","@id":"https://www.aprifel.com/fr/#website","url":"https://www.aprifel.com/fr/","name":"Aprifel","description":"Agence pour la Recherche et l’Information en Fruits et Légumes","potentialAction":[{"@type":"SearchAction","target":{"@type":"EntryPoint","urlTemplate":"https://www.aprifel.com/fr/?s={search_term_string}"},"query-input":{"@type":"PropertyValueSpecification","valueRequired":true,"valueName":"search_term_string"}}],"inLanguage":"fr-FR"}]}</script>
<!-- / Yoast SEO Premium plugin. -->

Résumés

Agence pour la Recherche et l’Information en Fruits et Légumes
