{"id":43223,"date":"2008-10-01T00:00:00","date_gmt":"2018-12-04T02:03:36","guid":{"rendered":"https:\/\/aprifel-pp.mentalworks.biz\/fr\/resume-scientifique\/factors-associated-with-fruit-and-vegetable-intake-among-adults\/"},"modified":"2018-12-04T03:03:36","modified_gmt":"2018-12-04T02:03:36","slug":"factors-associated-with-fruit-and-vegetable-intake-among-adults","status":"publish","type":"resume","link":"https:\/\/aprifel-pp.mentalworks.biz\/fr\/resume-scientifique\/factors-associated-with-fruit-and-vegetable-intake-among-adults\/","title":{"rendered":"Factors associated with fruit and vegetable intake among adults of the city of sao paulo, southeastern brazil.\r\n[article in english, portuguese]"},"content":{"rendered":"<p>OBJECTIVE: To describe the frequency of fruit and vegetable intake by adults and to assess factors associated with this frequency. METHODS: Cross-sectional study, carried out between October and December 2003 in the municipality of S\u00e3o Paulo, Southeastern Brazil. Telephone interviews were conducted on a probabilistic sample of the adult population (&gt;18 years) living in the city of Sao Paulo and with access to land telephone lines, totaling 1,267 women and 855 men. Frequency of fruit and vegetable intake was obtained by means of a questionnaire containing short, simple questions. Association of different factors with fruit and vegetable intake was assessed by multivariate linear regression using a hierarchic model with sociodemographic variables in the first hierarchical level, behavioral variables in the second, and diet&#8211;related variables in the third. RESULTS: Frequency of fruit and vegetable intake was higher among women. For both sexes, frequency of intake increased with age and schooling. Intake was also higher among women who reported having been on a diet during the last year. Consumption of foods indicative of an unhealthy diet such as sugars and fats was&#8211;inversely associated with fruit and vegetable intake among subjects of both sexes. CONCLUSIONS: Fruit and vegetable intake in the adult population of Sao Paulo was higher among women, and was influenced by age, schooling, and diet.<\/p>\n","protected":false},"template":"","mots_cles":[],"class_list":["post-43223","resume","type-resume","status-publish","hentry"],"acf":{"adresse":"Departamento de Nutri\u00e7\u00e3o, Faculdade de Sa\u00fade P\u00fablica, Universidade de S\u00e3o Paulo, S\u00e3o Paulo, Brasil. iramaiar@usp.br","annee":"2008","mois":"10","numero":"42:5","page":"777-85","auteurs":[{"ID":30171,"post_author":"0","post_date":"2018-12-03 23:28:43","post_date_gmt":"2018-12-03 22:28:43","post_content":"","post_title":"Patricia Constante Jaime","post_excerpt":"","post_status":"publish","comment_status":"closed","ping_status":"closed","post_password":"","post_name":"patricia-constante-jaime","to_ping":"","pinged":"","post_modified":"2018-12-03 23:28:43","post_modified_gmt":"2018-12-03 22:28:43","post_content_filtered":"","post_parent":0,"guid":"https:\/\/aprifel-pp.mentalworks.biz\/fr\/auteur\/patricia-constante-jaime\/","menu_order":0,"post_type":"auteur_resume","post_mime_type":"","comment_count":"0","filter":"raw"},{"ID":43222,"post_author":"0","post_date":"2018-12-04 03:03:35","post_date_gmt":"2018-12-04 02:03:35","post_content":"","post_title":"Figueiredo","post_excerpt":"","post_status":"publish","comment_status":"closed","ping_status":"closed","post_password":"","post_name":"figueiredo","to_ping":"","pinged":"","post_modified":"2018-12-04 03:03:35","post_modified_gmt":"2018-12-04 02:03:35","post_content_filtered":"","post_parent":0,"guid":"https:\/\/aprifel-pp.mentalworks.biz\/fr\/auteur\/figueiredo\/","menu_order":0,"post_type":"auteur_resume","post_mime_type":"","comment_count":"0","filter":"raw"},{"ID":1765,"post_author":"0","post_date":"2018-12-03 16:02:21","post_date_gmt":"2018-12-03 15:02:21","post_content":"","post_title":"Carlos Augusto Monteiro","post_excerpt":"","post_status":"publish","comment_status":"closed","ping_status":"closed","post_password":"","post_name":"carlos-augusto-monteiro","to_ping":"","pinged":"","post_modified":"2018-12-03 16:02:21","post_modified_gmt":"2018-12-03 15:02:21","post_content_filtered":"","post_parent":0,"guid":"https:\/\/aprifel-pp.mentalworks.biz\/fr\/auteur\/carlos-augusto-monteiro\/","menu_order":0,"post_type":"auteur_resume","post_mime_type":"","comment_count":"0","filter":"raw"}],"sources":[{"ID":36604,"post_author":"0","post_date":"2018-12-04 01:03:36","post_date_gmt":"2018-12-04 00:03:36","post_content":"","post_title":"REV SAUDE PUBLICA.","post_excerpt":"","post_status":"publish","comment_status":"closed","ping_status":"closed","post_password":"","post_name":"rev-saude-publica","to_ping":"","pinged":"","post_modified":"2018-12-04 01:03:36","post_modified_gmt":"2018-12-04 00:03:36","post_content_filtered":"","post_parent":0,"guid":"https:\/\/aprifel-pp.mentalworks.biz\/fr\/source\/rev-saude-publica\/","menu_order":0,"post_type":"source","post_mime_type":"","comment_count":"0","filter":"raw"}]},"yoast_head":"<!-- This site is optimized with the Yoast SEO Premium plugin v23.6 (Yoast SEO v23.6) - https:\/\/yoast.com\/wordpress\/plugins\/seo\/ -->\n<title>Factors associated with fruit and vegetable intake among adults of the city of sao paulo, southeastern brazil. [article in english, portuguese] - Aprifel<\/title>\n<meta name=\"description\" content=\"Factors associated with fruit and vegetable intake among adults of the city of sao paulo, southeastern brazil. [article in english, portuguese] - Aprifel\" \/>\n<meta name=\"robots\" content=\"noindex, follow\" \/>\n<meta property=\"og:locale\" content=\"fr_FR\" \/>\n<meta property=\"og:type\" content=\"article\" \/>\n<meta property=\"og:title\" content=\"Factors associated with fruit and vegetable intake among adults of the city of sao paulo, southeastern brazil. [article in english, portuguese]\" \/>\n<meta property=\"og:description\" content=\"Factors associated with fruit and vegetable intake among adults of the city of sao paulo, southeastern brazil. [article in english, portuguese]\" \/>\n<meta property=\"og:url\" content=\"https:\/\/aprifel-pp.mentalworks.biz\/fr\/resume-scientifique\/factors-associated-with-fruit-and-vegetable-intake-among-adults\/\" \/>\n<meta property=\"og:site_name\" content=\"Aprifel\" \/>\n<meta name=\"twitter:card\" content=\"summary_large_image\" \/>\n<meta name=\"twitter:label1\" content=\"Dur\u00e9e de lecture estim\u00e9e\" \/>\n\t<meta name=\"twitter:data1\" content=\"1 minute\" \/>\n<script type=\"application\/ld+json\" class=\"yoast-schema-graph\">{\"@context\":\"https:\/\/schema.org\",\"@graph\":[{\"@type\":\"WebPage\",\"@id\":\"https:\/\/aprifel-pp.mentalworks.biz\/fr\/resume-scientifique\/factors-associated-with-fruit-and-vegetable-intake-among-adults\/\",\"url\":\"https:\/\/aprifel-pp.mentalworks.biz\/fr\/resume-scientifique\/factors-associated-with-fruit-and-vegetable-intake-among-adults\/\",\"name\":\"Factors associated with fruit and vegetable intake among adults of the city of sao paulo, southeastern brazil. [article in english, portuguese] - Aprifel\",\"isPartOf\":{\"@id\":\"https:\/\/www.aprifel.com\/fr\/#website\"},\"datePublished\":\"2018-12-04T02:03:36+00:00\",\"dateModified\":\"2018-12-04T02:03:36+00:00\",\"description\":\"Factors associated with fruit and vegetable intake among adults of the city of sao paulo, southeastern brazil. [article in english, portuguese] - Aprifel\",\"breadcrumb\":{\"@id\":\"https:\/\/aprifel-pp.mentalworks.biz\/fr\/resume-scientifique\/factors-associated-with-fruit-and-vegetable-intake-among-adults\/#breadcrumb\"},\"inLanguage\":\"fr-FR\",\"potentialAction\":[{\"@type\":\"ReadAction\",\"target\":[\"https:\/\/aprifel-pp.mentalworks.biz\/fr\/resume-scientifique\/factors-associated-with-fruit-and-vegetable-intake-among-adults\/\"]}]},{\"@type\":\"BreadcrumbList\",\"@id\":\"https:\/\/aprifel-pp.mentalworks.biz\/fr\/resume-scientifique\/factors-associated-with-fruit-and-vegetable-intake-among-adults\/#breadcrumb\",\"itemListElement\":[{\"@type\":\"ListItem\",\"position\":1,\"name\":\"Accueil\",\"item\":\"https:\/\/www.aprifel.com\/fr\/\"},{\"@type\":\"ListItem\",\"position\":2,\"name\":\"R\u00e9sum\u00e9s\",\"item\":\"https:\/\/aprifel-pp.mentalworks.biz\/fr\/resume-scientifique\/\"},{\"@type\":\"ListItem\",\"position\":3,\"name\":\"Factors associated with fruit and vegetable intake among adults of the city of sao paulo, southeastern brazil. [article in english, portuguese]\"}]},{\"@type\":\"WebSite\",\"@id\":\"https:\/\/www.aprifel.com\/fr\/#website\",\"url\":\"https:\/\/www.aprifel.com\/fr\/\",\"name\":\"Aprifel\",\"description\":\"Agence pour la Recherche et l\u2019Information en Fruits et L\u00e9gumes\",\"potentialAction\":[{\"@type\":\"SearchAction\",\"target\":{\"@type\":\"EntryPoint\",\"urlTemplate\":\"https:\/\/www.aprifel.com\/fr\/?s={search_term_string}\"},\"query-input\":{\"@type\":\"PropertyValueSpecification\",\"valueRequired\":true,\"valueName\":\"search_term_string\"}}],\"inLanguage\":\"fr-FR\"}]}<\/script>\n<!-- \/ Yoast SEO Premium plugin. -->","yoast_head_json":{"title":"Factors associated with fruit and vegetable intake among adults of the city of sao paulo, southeastern brazil. [article in english, portuguese] - Aprifel","description":"Factors associated with fruit and vegetable intake among adults of the city of sao paulo, southeastern brazil. [article in english, portuguese] - Aprifel","robots":{"index":"noindex","follow":"follow"},"og_locale":"fr_FR","og_type":"article","og_title":"Factors associated with fruit and vegetable intake among adults of the city of sao paulo, southeastern brazil. [article in english, portuguese]","og_description":"Factors associated with fruit and vegetable intake among adults of the city of sao paulo, southeastern brazil. [article in english, portuguese]","og_url":"https:\/\/aprifel-pp.mentalworks.biz\/fr\/resume-scientifique\/factors-associated-with-fruit-and-vegetable-intake-among-adults\/","og_site_name":"Aprifel","twitter_card":"summary_large_image","twitter_misc":{"Dur\u00e9e de lecture estim\u00e9e":"1 minute"},"schema":{"@context":"https:\/\/schema.org","@graph":[{"@type":"WebPage","@id":"https:\/\/aprifel-pp.mentalworks.biz\/fr\/resume-scientifique\/factors-associated-with-fruit-and-vegetable-intake-among-adults\/","url":"https:\/\/aprifel-pp.mentalworks.biz\/fr\/resume-scientifique\/factors-associated-with-fruit-and-vegetable-intake-among-adults\/","name":"Factors associated with fruit and vegetable intake among adults of the city of sao paulo, southeastern brazil. [article in english, portuguese] - Aprifel","isPartOf":{"@id":"https:\/\/www.aprifel.com\/fr\/#website"},"datePublished":"2018-12-04T02:03:36+00:00","dateModified":"2018-12-04T02:03:36+00:00","description":"Factors associated with fruit and vegetable intake among adults of the city of sao paulo, southeastern brazil. [article in english, portuguese] - Aprifel","breadcrumb":{"@id":"https:\/\/aprifel-pp.mentalworks.biz\/fr\/resume-scientifique\/factors-associated-with-fruit-and-vegetable-intake-among-adults\/#breadcrumb"},"inLanguage":"fr-FR","potentialAction":[{"@type":"ReadAction","target":["https:\/\/aprifel-pp.mentalworks.biz\/fr\/resume-scientifique\/factors-associated-with-fruit-and-vegetable-intake-among-adults\/"]}]},{"@type":"BreadcrumbList","@id":"https:\/\/aprifel-pp.mentalworks.biz\/fr\/resume-scientifique\/factors-associated-with-fruit-and-vegetable-intake-among-adults\/#breadcrumb","itemListElement":[{"@type":"ListItem","position":1,"name":"Accueil","item":"https:\/\/www.aprifel.com\/fr\/"},{"@type":"ListItem","position":2,"name":"R\u00e9sum\u00e9s","item":"https:\/\/aprifel-pp.mentalworks.biz\/fr\/resume-scientifique\/"},{"@type":"ListItem","position":3,"name":"Factors associated with fruit and vegetable intake among adults of the city of sao paulo, southeastern brazil. [article in english, portuguese]"}]},{"@type":"WebSite","@id":"https:\/\/www.aprifel.com\/fr\/#website","url":"https:\/\/www.aprifel.com\/fr\/","name":"Aprifel","description":"Agence pour la Recherche et l\u2019Information en Fruits et L\u00e9gumes","potentialAction":[{"@type":"SearchAction","target":{"@type":"EntryPoint","urlTemplate":"https:\/\/www.aprifel.com\/fr\/?s={search_term_string}"},"query-input":{"@type":"PropertyValueSpecification","valueRequired":true,"valueName":"search_term_string"}}],"inLanguage":"fr-FR"}]}},"_links":{"self":[{"href":"https:\/\/aprifel-pp.mentalworks.biz\/fr\/wp-json\/wp\/v2\/resume\/43223"}],"collection":[{"href":"https:\/\/aprifel-pp.mentalworks.biz\/fr\/wp-json\/wp\/v2\/resume"}],"about":[{"href":"https:\/\/aprifel-pp.mentalworks.biz\/fr\/wp-json\/wp\/v2\/types\/resume"}],"wp:attachment":[{"href":"https:\/\/aprifel-pp.mentalworks.biz\/fr\/wp-json\/wp\/v2\/media?parent=43223"}],"wp:term":[{"taxonomy":"mots_cles","embeddable":true,"href":"https:\/\/aprifel-pp.mentalworks.biz\/fr\/wp-json\/wp\/v2\/mots_cles?post=43223"}],"curies":[{"name":"wp","href":"https:\/\/api.w.org\/{rel}","templated":true}]}}

<p>OBJECTIVE: To describe the frequency of fruit and vegetable intake by adults and to assess factors associated with this frequency. METHODS: Cross-sectional study, carried out between October and December 2003 in the municipality of São Paulo, Southeastern Brazil. Telephone interviews were conducted on a probabilistic sample of the adult population (&gt;18 years) living in the city of Sao Paulo and with access to land telephone lines, totaling 1,267 women and 855 men. Frequency of fruit and vegetable intake was obtained by means of a questionnaire containing short, simple questions. Association of different factors with fruit and vegetable intake was assessed by multivariate linear regression using a hierarchic model with sociodemographic variables in the first hierarchical level, behavioral variables in the second, and diet&#8211;related variables in the third. RESULTS: Frequency of fruit and vegetable intake was higher among women. For both sexes, frequency of intake increased with age and schooling. Intake was also higher among women who reported having been on a diet during the last year. Consumption of foods indicative of an unhealthy diet such as sugars and fats was&#8211;inversely associated with fruit and vegetable intake among subjects of both sexes. CONCLUSIONS: Fruit and vegetable intake in the adult population of Sao Paulo was higher among women, and was influenced by age, schooling, and diet.</p>

Departamento de Nutrição, Faculdade de Saúde Pública, Universidade de São Paulo, São Paulo, Brasil. iramaiar@usp.br

<!-- This site is optimized with the Yoast SEO Premium plugin v23.6 (Yoast SEO v23.6) - https://yoast.com/wordpress/plugins/seo/ -->
<title>Factors associated with fruit and vegetable intake among adults of the city of sao paulo, southeastern brazil. [article in english, portuguese] - Aprifel</title>
<meta name="description" content="Factors associated with fruit and vegetable intake among adults of the city of sao paulo, southeastern brazil. [article in english, portuguese] - Aprifel" />
<meta name="robots" content="noindex, follow" />
<meta property="og:locale" content="fr_FR" />
<meta property="og:type" content="article" />
<meta property="og:title" content="Factors associated with fruit and vegetable intake among adults of the city of sao paulo, southeastern brazil. [article in english, portuguese]" />
<meta property="og:description" content="Factors associated with fruit and vegetable intake among adults of the city of sao paulo, southeastern brazil. [article in english, portuguese]" />
<meta property="og:url" content="https://aprifel-pp.mentalworks.biz/fr/resume-scientifique/factors-associated-with-fruit-and-vegetable-intake-among-adults/" />
<meta property="og:site_name" content="Aprifel" />
<meta name="twitter:card" content="summary_large_image" />
<meta name="twitter:label1" content="Durée de lecture estimée" />
	<meta name="twitter:data1" content="1 minute" />
<script type="application/ld+json" class="yoast-schema-graph">{"@context":"https://schema.org","@graph":[{"@type":"WebPage","@id":"https://aprifel-pp.mentalworks.biz/fr/resume-scientifique/factors-associated-with-fruit-and-vegetable-intake-among-adults/","url":"https://aprifel-pp.mentalworks.biz/fr/resume-scientifique/factors-associated-with-fruit-and-vegetable-intake-among-adults/","name":"Factors associated with fruit and vegetable intake among adults of the city of sao paulo, southeastern brazil. [article in english, portuguese] - Aprifel","isPartOf":{"@id":"https://www.aprifel.com/fr/#website"},"datePublished":"2018-12-04T02:03:36+00:00","dateModified":"2018-12-04T02:03:36+00:00","description":"Factors associated with fruit and vegetable intake among adults of the city of sao paulo, southeastern brazil. [article in english, portuguese] - Aprifel","breadcrumb":{"@id":"https://aprifel-pp.mentalworks.biz/fr/resume-scientifique/factors-associated-with-fruit-and-vegetable-intake-among-adults/#breadcrumb"},"inLanguage":"fr-FR","potentialAction":[{"@type":"ReadAction","target":["https://aprifel-pp.mentalworks.biz/fr/resume-scientifique/factors-associated-with-fruit-and-vegetable-intake-among-adults/"]}]},{"@type":"BreadcrumbList","@id":"https://aprifel-pp.mentalworks.biz/fr/resume-scientifique/factors-associated-with-fruit-and-vegetable-intake-among-adults/#breadcrumb","itemListElement":[{"@type":"ListItem","position":1,"name":"Accueil","item":"https://www.aprifel.com/fr/"},{"@type":"ListItem","position":2,"name":"Résumés","item":"https://aprifel-pp.mentalworks.biz/fr/resume-scientifique/"},{"@type":"ListItem","position":3,"name":"Factors associated with fruit and vegetable intake among adults of the city of sao paulo, southeastern brazil. [article in english, portuguese]"}]},{"@type":"WebSite","@id":"https://www.aprifel.com/fr/#website","url":"https://www.aprifel.com/fr/","name":"Aprifel","description":"Agence pour la Recherche et l’Information en Fruits et Légumes","potentialAction":[{"@type":"SearchAction","target":{"@type":"EntryPoint","urlTemplate":"https://www.aprifel.com/fr/?s={search_term_string}"},"query-input":{"@type":"PropertyValueSpecification","valueRequired":true,"valueName":"search_term_string"}}],"inLanguage":"fr-FR"}]}</script>
<!-- / Yoast SEO Premium plugin. -->

Résumés

Agence pour la Recherche et l’Information en Fruits et Légumes
