{"id":43045,"date":"2009-08-01T00:00:00","date_gmt":"2018-12-04T02:00:37","guid":{"rendered":"https:\/\/aprifel-pp.mentalworks.biz\/fr\/resume-scientifique\/long-term-association-of-food-and-nutrient-intakes-with-cognitive\/"},"modified":"2018-12-04T03:00:37","modified_gmt":"2018-12-04T02:00:37","slug":"long-term-association-of-food-and-nutrient-intakes-with-cognitive","status":"publish","type":"resume","link":"https:\/\/aprifel-pp.mentalworks.biz\/fr\/resume-scientifique\/long-term-association-of-food-and-nutrient-intakes-with-cognitive\/","title":{"rendered":"Long-term association of food and nutrient intakes with cognitive and functional decline: a 13-year follow-up study of elderly french women."},"content":{"rendered":"<p>The objective of the present study was to determine the potential long-term impact of dietary habits on age-related decline among 4809 elderly women (born between 1925 and 1930) in the &lsquo;Etude Epid\u00e9miologique de Femmes de la Mutuelle G\u00e9n\u00e9rale de l&rsquo;Education Nationale&rsquo; (E3N) study, a French epidemiological cohort. In 1993, an extensive diet history self-administered questionnaire was sent to all participants, and in 2006 another questionnaire on instrumental activities of daily living (IADL) and recent cognitive change was sent to a close relative or friend of each woman. Logistic models adjusted for socio-demographic, lifestyle and health factors were performed to evaluate associations between habitual dietary intakes and two outcomes of interest based on the informant response: recent cognitive decline and IADL impairment. Recent cognitive decline was associated with lower intakes of poultry, fish, and animal fats, as well as higher intakes of dairy desserts and ice-cream. IADL impairment was associated with a lower intake of vegetables. The odds of recent cognitive decline increased significantly with decreasing intake of soluble dietary fibre and n-3 fatty acids but with increasing intake of retinol. The odds of IADL impairment increased significantly with decreasing intakes of vitamins B2, B6 and B12. These results are consistent with a possible long-term neuroprotective effect of dietary fibre, n-3 polyunsaturated fats and B-group vitamins, and support dietary intervention to prevent cognitive decline.<\/p>\n","protected":false},"template":"","mots_cles":[],"class_list":["post-43045","resume","type-resume","status-publish","hentry"],"acf":{"adresse":"Institut National de la Sant\u00e9 et de la Recherche M\u00e9dicale, ERI 20, EA 4045, and Institut Gustave Roussy, Villejuif, France.","annee":"2009","mois":"8","numero":"102:3","page":"419-27","auteurs":[{"ID":40508,"post_author":"0","post_date":"2018-12-04 02:15:33","post_date_gmt":"2018-12-04 01:15:33","post_content":"","post_title":"Ritchie","post_excerpt":"","post_status":"publish","comment_status":"closed","ping_status":"closed","post_password":"","post_name":"ritchie","to_ping":"","pinged":"","post_modified":"2018-12-04 02:15:33","post_modified_gmt":"2018-12-04 01:15:33","post_content_filtered":"","post_parent":0,"guid":"https:\/\/aprifel-pp.mentalworks.biz\/fr\/auteur\/ritchie\/","menu_order":0,"post_type":"auteur_resume","post_mime_type":"","comment_count":"0","filter":"raw"},{"ID":35148,"post_author":"0","post_date":"2018-12-04 00:39:48","post_date_gmt":"2018-12-03 23:39:48","post_content":"","post_title":"Vercambre","post_excerpt":"","post_status":"publish","comment_status":"closed","ping_status":"closed","post_password":"","post_name":"vercambre","to_ping":"","pinged":"","post_modified":"2018-12-04 00:39:48","post_modified_gmt":"2018-12-03 23:39:48","post_content_filtered":"","post_parent":0,"guid":"https:\/\/aprifel-pp.mentalworks.biz\/fr\/auteur\/vercambre\/","menu_order":0,"post_type":"auteur_resume","post_mime_type":"","comment_count":"0","filter":"raw"},{"ID":1397,"post_author":"0","post_date":"2018-12-03 15:58:59","post_date_gmt":"2018-12-03 14:58:59","post_content":"","post_title":"Marie Christine Boutron-Ruault","post_excerpt":"","post_status":"publish","comment_status":"closed","ping_status":"closed","post_password":"","post_name":"marie-christine-boutron-ruault","to_ping":"","pinged":"","post_modified":"2018-12-03 15:58:59","post_modified_gmt":"2018-12-03 14:58:59","post_content_filtered":"","post_parent":0,"guid":"https:\/\/aprifel-pp.mentalworks.biz\/fr\/auteur\/marie-christine-boutron-ruault\/","menu_order":0,"post_type":"auteur_resume","post_mime_type":"","comment_count":"0","filter":"raw"}],"sources":[{"ID":1559,"post_author":"0","post_date":"2018-12-03 16:00:30","post_date_gmt":"2018-12-03 15:00:30","post_content":"","post_title":"Br J Nutr.","post_excerpt":"","post_status":"publish","comment_status":"closed","ping_status":"closed","post_password":"","post_name":"br-j-nutr","to_ping":"","pinged":"","post_modified":"2018-12-03 16:00:30","post_modified_gmt":"2018-12-03 15:00:30","post_content_filtered":"","post_parent":0,"guid":"https:\/\/aprifel-pp.mentalworks.biz\/fr\/source\/br-j-nutr\/","menu_order":0,"post_type":"source","post_mime_type":"","comment_count":"0","filter":"raw"}]},"yoast_head":"<!-- This site is optimized with the Yoast SEO Premium plugin v23.6 (Yoast SEO v23.6) - https:\/\/yoast.com\/wordpress\/plugins\/seo\/ -->\n<title>Long-term association of food and nutrient intakes with cognitive and functional decline: a 13-year follow-up study of elderly french women. - Aprifel<\/title>\n<meta name=\"description\" content=\"Long-term association of food and nutrient intakes with cognitive and functional decline: a 13-year follow-up study of elderly french women. - Aprifel\" \/>\n<meta name=\"robots\" content=\"noindex, follow\" \/>\n<meta property=\"og:locale\" content=\"fr_FR\" \/>\n<meta property=\"og:type\" content=\"article\" \/>\n<meta property=\"og:title\" content=\"Long-term association of food and nutrient intakes with cognitive and functional decline: a 13-year follow-up study of elderly french women.\" \/>\n<meta property=\"og:description\" content=\"Long-term association of food and nutrient intakes with cognitive and functional decline: a 13-year follow-up study of elderly french women.\" \/>\n<meta property=\"og:url\" content=\"https:\/\/aprifel-pp.mentalworks.biz\/fr\/resume-scientifique\/long-term-association-of-food-and-nutrient-intakes-with-cognitive\/\" \/>\n<meta property=\"og:site_name\" content=\"Aprifel\" \/>\n<meta name=\"twitter:card\" content=\"summary_large_image\" \/>\n<meta name=\"twitter:label1\" content=\"Dur\u00e9e de lecture estim\u00e9e\" \/>\n\t<meta name=\"twitter:data1\" content=\"1 minute\" \/>\n<script type=\"application\/ld+json\" class=\"yoast-schema-graph\">{\"@context\":\"https:\/\/schema.org\",\"@graph\":[{\"@type\":\"WebPage\",\"@id\":\"https:\/\/aprifel-pp.mentalworks.biz\/fr\/resume-scientifique\/long-term-association-of-food-and-nutrient-intakes-with-cognitive\/\",\"url\":\"https:\/\/aprifel-pp.mentalworks.biz\/fr\/resume-scientifique\/long-term-association-of-food-and-nutrient-intakes-with-cognitive\/\",\"name\":\"Long-term association of food and nutrient intakes with cognitive and functional decline: a 13-year follow-up study of elderly french women. - Aprifel\",\"isPartOf\":{\"@id\":\"https:\/\/www.aprifel.com\/fr\/#website\"},\"datePublished\":\"2018-12-04T02:00:37+00:00\",\"dateModified\":\"2018-12-04T02:00:37+00:00\",\"description\":\"Long-term association of food and nutrient intakes with cognitive and functional decline: a 13-year follow-up study of elderly french women. - Aprifel\",\"breadcrumb\":{\"@id\":\"https:\/\/aprifel-pp.mentalworks.biz\/fr\/resume-scientifique\/long-term-association-of-food-and-nutrient-intakes-with-cognitive\/#breadcrumb\"},\"inLanguage\":\"fr-FR\",\"potentialAction\":[{\"@type\":\"ReadAction\",\"target\":[\"https:\/\/aprifel-pp.mentalworks.biz\/fr\/resume-scientifique\/long-term-association-of-food-and-nutrient-intakes-with-cognitive\/\"]}]},{\"@type\":\"BreadcrumbList\",\"@id\":\"https:\/\/aprifel-pp.mentalworks.biz\/fr\/resume-scientifique\/long-term-association-of-food-and-nutrient-intakes-with-cognitive\/#breadcrumb\",\"itemListElement\":[{\"@type\":\"ListItem\",\"position\":1,\"name\":\"Accueil\",\"item\":\"https:\/\/www.aprifel.com\/fr\/\"},{\"@type\":\"ListItem\",\"position\":2,\"name\":\"R\u00e9sum\u00e9s\",\"item\":\"https:\/\/aprifel-pp.mentalworks.biz\/fr\/resume-scientifique\/\"},{\"@type\":\"ListItem\",\"position\":3,\"name\":\"Long-term association of food and nutrient intakes with cognitive and functional decline: a 13-year follow-up study of elderly french women.\"}]},{\"@type\":\"WebSite\",\"@id\":\"https:\/\/www.aprifel.com\/fr\/#website\",\"url\":\"https:\/\/www.aprifel.com\/fr\/\",\"name\":\"Aprifel\",\"description\":\"Agence pour la Recherche et l\u2019Information en Fruits et L\u00e9gumes\",\"potentialAction\":[{\"@type\":\"SearchAction\",\"target\":{\"@type\":\"EntryPoint\",\"urlTemplate\":\"https:\/\/www.aprifel.com\/fr\/?s={search_term_string}\"},\"query-input\":{\"@type\":\"PropertyValueSpecification\",\"valueRequired\":true,\"valueName\":\"search_term_string\"}}],\"inLanguage\":\"fr-FR\"}]}<\/script>\n<!-- \/ Yoast SEO Premium plugin. -->","yoast_head_json":{"title":"Long-term association of food and nutrient intakes with cognitive and functional decline: a 13-year follow-up study of elderly french women. - Aprifel","description":"Long-term association of food and nutrient intakes with cognitive and functional decline: a 13-year follow-up study of elderly french women. - Aprifel","robots":{"index":"noindex","follow":"follow"},"og_locale":"fr_FR","og_type":"article","og_title":"Long-term association of food and nutrient intakes with cognitive and functional decline: a 13-year follow-up study of elderly french women.","og_description":"Long-term association of food and nutrient intakes with cognitive and functional decline: a 13-year follow-up study of elderly french women.","og_url":"https:\/\/aprifel-pp.mentalworks.biz\/fr\/resume-scientifique\/long-term-association-of-food-and-nutrient-intakes-with-cognitive\/","og_site_name":"Aprifel","twitter_card":"summary_large_image","twitter_misc":{"Dur\u00e9e de lecture estim\u00e9e":"1 minute"},"schema":{"@context":"https:\/\/schema.org","@graph":[{"@type":"WebPage","@id":"https:\/\/aprifel-pp.mentalworks.biz\/fr\/resume-scientifique\/long-term-association-of-food-and-nutrient-intakes-with-cognitive\/","url":"https:\/\/aprifel-pp.mentalworks.biz\/fr\/resume-scientifique\/long-term-association-of-food-and-nutrient-intakes-with-cognitive\/","name":"Long-term association of food and nutrient intakes with cognitive and functional decline: a 13-year follow-up study of elderly french women. - Aprifel","isPartOf":{"@id":"https:\/\/www.aprifel.com\/fr\/#website"},"datePublished":"2018-12-04T02:00:37+00:00","dateModified":"2018-12-04T02:00:37+00:00","description":"Long-term association of food and nutrient intakes with cognitive and functional decline: a 13-year follow-up study of elderly french women. - Aprifel","breadcrumb":{"@id":"https:\/\/aprifel-pp.mentalworks.biz\/fr\/resume-scientifique\/long-term-association-of-food-and-nutrient-intakes-with-cognitive\/#breadcrumb"},"inLanguage":"fr-FR","potentialAction":[{"@type":"ReadAction","target":["https:\/\/aprifel-pp.mentalworks.biz\/fr\/resume-scientifique\/long-term-association-of-food-and-nutrient-intakes-with-cognitive\/"]}]},{"@type":"BreadcrumbList","@id":"https:\/\/aprifel-pp.mentalworks.biz\/fr\/resume-scientifique\/long-term-association-of-food-and-nutrient-intakes-with-cognitive\/#breadcrumb","itemListElement":[{"@type":"ListItem","position":1,"name":"Accueil","item":"https:\/\/www.aprifel.com\/fr\/"},{"@type":"ListItem","position":2,"name":"R\u00e9sum\u00e9s","item":"https:\/\/aprifel-pp.mentalworks.biz\/fr\/resume-scientifique\/"},{"@type":"ListItem","position":3,"name":"Long-term association of food and nutrient intakes with cognitive and functional decline: a 13-year follow-up study of elderly french women."}]},{"@type":"WebSite","@id":"https:\/\/www.aprifel.com\/fr\/#website","url":"https:\/\/www.aprifel.com\/fr\/","name":"Aprifel","description":"Agence pour la Recherche et l\u2019Information en Fruits et L\u00e9gumes","potentialAction":[{"@type":"SearchAction","target":{"@type":"EntryPoint","urlTemplate":"https:\/\/www.aprifel.com\/fr\/?s={search_term_string}"},"query-input":{"@type":"PropertyValueSpecification","valueRequired":true,"valueName":"search_term_string"}}],"inLanguage":"fr-FR"}]}},"_links":{"self":[{"href":"https:\/\/aprifel-pp.mentalworks.biz\/fr\/wp-json\/wp\/v2\/resume\/43045"}],"collection":[{"href":"https:\/\/aprifel-pp.mentalworks.biz\/fr\/wp-json\/wp\/v2\/resume"}],"about":[{"href":"https:\/\/aprifel-pp.mentalworks.biz\/fr\/wp-json\/wp\/v2\/types\/resume"}],"wp:attachment":[{"href":"https:\/\/aprifel-pp.mentalworks.biz\/fr\/wp-json\/wp\/v2\/media?parent=43045"}],"wp:term":[{"taxonomy":"mots_cles","embeddable":true,"href":"https:\/\/aprifel-pp.mentalworks.biz\/fr\/wp-json\/wp\/v2\/mots_cles?post=43045"}],"curies":[{"name":"wp","href":"https:\/\/api.w.org\/{rel}","templated":true}]}}

<p>The objective of the present study was to determine the potential long-term impact of dietary habits on age-related decline among 4809 elderly women (born between 1925 and 1930) in the &lsquo;Etude Epidémiologique de Femmes de la Mutuelle Générale de l&rsquo;Education Nationale&rsquo; (E3N) study, a French epidemiological cohort. In 1993, an extensive diet history self-administered questionnaire was sent to all participants, and in 2006 another questionnaire on instrumental activities of daily living (IADL) and recent cognitive change was sent to a close relative or friend of each woman. Logistic models adjusted for socio-demographic, lifestyle and health factors were performed to evaluate associations between habitual dietary intakes and two outcomes of interest based on the informant response: recent cognitive decline and IADL impairment. Recent cognitive decline was associated with lower intakes of poultry, fish, and animal fats, as well as higher intakes of dairy desserts and ice-cream. IADL impairment was associated with a lower intake of vegetables. The odds of recent cognitive decline increased significantly with decreasing intake of soluble dietary fibre and n-3 fatty acids but with increasing intake of retinol. The odds of IADL impairment increased significantly with decreasing intakes of vitamins B2, B6 and B12. These results are consistent with a possible long-term neuroprotective effect of dietary fibre, n-3 polyunsaturated fats and B-group vitamins, and support dietary intervention to prevent cognitive decline.</p>

Institut National de la Santé et de la Recherche Médicale, ERI 20, EA 4045, and Institut Gustave Roussy, Villejuif, France.

<!-- This site is optimized with the Yoast SEO Premium plugin v23.6 (Yoast SEO v23.6) - https://yoast.com/wordpress/plugins/seo/ -->
<title>Long-term association of food and nutrient intakes with cognitive and functional decline: a 13-year follow-up study of elderly french women. - Aprifel</title>
<meta name="description" content="Long-term association of food and nutrient intakes with cognitive and functional decline: a 13-year follow-up study of elderly french women. - Aprifel" />
<meta name="robots" content="noindex, follow" />
<meta property="og:locale" content="fr_FR" />
<meta property="og:type" content="article" />
<meta property="og:title" content="Long-term association of food and nutrient intakes with cognitive and functional decline: a 13-year follow-up study of elderly french women." />
<meta property="og:description" content="Long-term association of food and nutrient intakes with cognitive and functional decline: a 13-year follow-up study of elderly french women." />
<meta property="og:url" content="https://aprifel-pp.mentalworks.biz/fr/resume-scientifique/long-term-association-of-food-and-nutrient-intakes-with-cognitive/" />
<meta property="og:site_name" content="Aprifel" />
<meta name="twitter:card" content="summary_large_image" />
<meta name="twitter:label1" content="Durée de lecture estimée" />
	<meta name="twitter:data1" content="1 minute" />
<script type="application/ld+json" class="yoast-schema-graph">{"@context":"https://schema.org","@graph":[{"@type":"WebPage","@id":"https://aprifel-pp.mentalworks.biz/fr/resume-scientifique/long-term-association-of-food-and-nutrient-intakes-with-cognitive/","url":"https://aprifel-pp.mentalworks.biz/fr/resume-scientifique/long-term-association-of-food-and-nutrient-intakes-with-cognitive/","name":"Long-term association of food and nutrient intakes with cognitive and functional decline: a 13-year follow-up study of elderly french women. - Aprifel","isPartOf":{"@id":"https://www.aprifel.com/fr/#website"},"datePublished":"2018-12-04T02:00:37+00:00","dateModified":"2018-12-04T02:00:37+00:00","description":"Long-term association of food and nutrient intakes with cognitive and functional decline: a 13-year follow-up study of elderly french women. - Aprifel","breadcrumb":{"@id":"https://aprifel-pp.mentalworks.biz/fr/resume-scientifique/long-term-association-of-food-and-nutrient-intakes-with-cognitive/#breadcrumb"},"inLanguage":"fr-FR","potentialAction":[{"@type":"ReadAction","target":["https://aprifel-pp.mentalworks.biz/fr/resume-scientifique/long-term-association-of-food-and-nutrient-intakes-with-cognitive/"]}]},{"@type":"BreadcrumbList","@id":"https://aprifel-pp.mentalworks.biz/fr/resume-scientifique/long-term-association-of-food-and-nutrient-intakes-with-cognitive/#breadcrumb","itemListElement":[{"@type":"ListItem","position":1,"name":"Accueil","item":"https://www.aprifel.com/fr/"},{"@type":"ListItem","position":2,"name":"Résumés","item":"https://aprifel-pp.mentalworks.biz/fr/resume-scientifique/"},{"@type":"ListItem","position":3,"name":"Long-term association of food and nutrient intakes with cognitive and functional decline: a 13-year follow-up study of elderly french women."}]},{"@type":"WebSite","@id":"https://www.aprifel.com/fr/#website","url":"https://www.aprifel.com/fr/","name":"Aprifel","description":"Agence pour la Recherche et l’Information en Fruits et Légumes","potentialAction":[{"@type":"SearchAction","target":{"@type":"EntryPoint","urlTemplate":"https://www.aprifel.com/fr/?s={search_term_string}"},"query-input":{"@type":"PropertyValueSpecification","valueRequired":true,"valueName":"search_term_string"}}],"inLanguage":"fr-FR"}]}</script>
<!-- / Yoast SEO Premium plugin. -->

Résumés

Agence pour la Recherche et l’Information en Fruits et Légumes
