{"id":42748,"date":"2009-11-01T00:00:00","date_gmt":"2018-12-04T01:55:18","guid":{"rendered":"https:\/\/aprifel-pp.mentalworks.biz\/fr\/resume-scientifique\/association-between-educational-level-and-vegetable-use-in\/"},"modified":"2018-12-04T02:55:18","modified_gmt":"2018-12-04T01:55:18","slug":"association-between-educational-level-and-vegetable-use-in","status":"publish","type":"resume","link":"https:\/\/aprifel-pp.mentalworks.biz\/fr\/resume-scientifique\/association-between-educational-level-and-vegetable-use-in\/","title":{"rendered":"Association between educational level and vegetable use in nine european countries."},"content":{"rendered":"<p style=\"text-align: justify\"><strong>OBJECTIVE:<\/strong> The relationship of socio-economic status and vegetable consumption is examined in nine European countries. The aim is to analyse whether the pattern of socio-economic variation with regard to vegetable consumption is similar in all studied countries with high v. low vegetable availability and affordability, and whether education has an independent effect on vegetable consumption once the effects of other socio-economic factors have been taken into account.<\/p>\n<p style=\"text-align: justify\"><strong>DESIGN: <\/strong>The data for the study were obtained from national surveys conducted in Finland, Denmark, Germany, Estonia, Latvia, Lithuania, France, Italy and Spain, in 1998 or later. These surveys included data on the frequency of use of vegetables. Food Balance Sheets indicated that the availability of vegetables was best in the Mediterranean countries. The prices of vegetables were lowest in the Mediterranean countries and Germany.<\/p>\n<p style=\"text-align: justify\"><strong>RESULTS: <\/strong>Educational level was positively associated with vegetable consumption in the Nordic and Baltic countries. In the Mediterranean countries, education was not directly associated with the use of vegetables but, after adjusting for place of residence and occupation, it was found that those with a lower educational level consumed vegetables slightly more often. Manual workers consumed vegetables less often than non-manual workers, but otherwise there was no systematic association with occupation.<\/p>\n<p style=\"text-align: justify\"><strong>CONCLUSIONS:<\/strong> The Mediterranean countries did not show a positive association between educational level and vegetable consumption. The positive association found in the Northern European countries is linked to the lower availability and affordability of vegetables there and their everyday cooking habits with no long-standing cultural tradition of using vegetables.<\/p>\n","protected":false},"template":"","mots_cles":[],"class_list":["post-42748","resume","type-resume","status-publish","hentry"],"acf":{"adresse":"National Public Health Institute, Helsinki, Finland. ritva.prattala@thl.fi","annee":"2009","mois":"11","numero":"12:11","page":"2174-82","auteurs":[{"ID":14379,"post_author":"0","post_date":"2018-12-03 19:08:59","post_date_gmt":"2018-12-03 18:08:59","post_content":"","post_title":"Ritva Pr\u00e4tt\u00e4l\u00e4","post_excerpt":"","post_status":"publish","comment_status":"closed","ping_status":"closed","post_password":"","post_name":"ritva-prattala","to_ping":"","pinged":"","post_modified":"2018-12-03 19:08:59","post_modified_gmt":"2018-12-03 18:08:59","post_content_filtered":"","post_parent":0,"guid":"https:\/\/aprifel-pp.mentalworks.biz\/fr\/auteur\/ritva-prattala\/","menu_order":0,"post_type":"auteur_resume","post_mime_type":"","comment_count":"0","filter":"raw"},{"ID":42747,"post_author":"0","post_date":"2018-12-04 02:55:18","post_date_gmt":"2018-12-04 01:55:18","post_content":"","post_title":"Hakala","post_excerpt":"","post_status":"publish","comment_status":"closed","ping_status":"closed","post_password":"","post_name":"hakala","to_ping":"","pinged":"","post_modified":"2018-12-04 02:55:18","post_modified_gmt":"2018-12-04 01:55:18","post_content_filtered":"","post_parent":0,"guid":"https:\/\/aprifel-pp.mentalworks.biz\/fr\/auteur\/hakala\/","menu_order":0,"post_type":"auteur_resume","post_mime_type":"","comment_count":"0","filter":"raw"},{"ID":41896,"post_author":"0","post_date":"2018-12-04 02:40:15","post_date_gmt":"2018-12-04 01:40:15","post_content":"","post_title":"Roskam","post_excerpt":"","post_status":"publish","comment_status":"closed","ping_status":"closed","post_password":"","post_name":"roskam","to_ping":"","pinged":"","post_modified":"2018-12-04 02:40:15","post_modified_gmt":"2018-12-04 01:40:15","post_content_filtered":"","post_parent":0,"guid":"https:\/\/aprifel-pp.mentalworks.biz\/fr\/auteur\/roskam\/","menu_order":0,"post_type":"auteur_resume","post_mime_type":"","comment_count":"0","filter":"raw"}],"sources":[{"ID":31458,"post_author":"0","post_date":"2018-12-03 23:45:23","post_date_gmt":"2018-12-03 22:45:23","post_content":"","post_title":"PUBLIC HEALTH NUTR","post_excerpt":"","post_status":"publish","comment_status":"closed","ping_status":"closed","post_password":"","post_name":"public-health-nutr-2","to_ping":"","pinged":"","post_modified":"2018-12-03 23:45:23","post_modified_gmt":"2018-12-03 22:45:23","post_content_filtered":"","post_parent":0,"guid":"https:\/\/aprifel-pp.mentalworks.biz\/fr\/source\/public-health-nutr-2\/","menu_order":0,"post_type":"source","post_mime_type":"","comment_count":"0","filter":"raw"}]},"yoast_head":"<!-- This site is optimized with the Yoast SEO Premium plugin v23.6 (Yoast SEO v23.6) - https:\/\/yoast.com\/wordpress\/plugins\/seo\/ -->\n<title>Association between educational level and vegetable use in nine european countries. - Aprifel<\/title>\n<meta name=\"description\" content=\"Association between educational level and vegetable use in nine european countries. - Aprifel\" \/>\n<meta name=\"robots\" content=\"noindex, follow\" \/>\n<meta property=\"og:locale\" content=\"fr_FR\" \/>\n<meta property=\"og:type\" content=\"article\" \/>\n<meta property=\"og:title\" content=\"Association between educational level and vegetable use in nine european countries.\" \/>\n<meta property=\"og:description\" content=\"Association between educational level and vegetable use in nine european countries.\" \/>\n<meta property=\"og:url\" content=\"https:\/\/aprifel-pp.mentalworks.biz\/fr\/resume-scientifique\/association-between-educational-level-and-vegetable-use-in\/\" \/>\n<meta property=\"og:site_name\" content=\"Aprifel\" \/>\n<meta name=\"twitter:card\" content=\"summary_large_image\" \/>\n<meta name=\"twitter:label1\" content=\"Dur\u00e9e de lecture estim\u00e9e\" \/>\n\t<meta name=\"twitter:data1\" content=\"1 minute\" \/>\n<script type=\"application\/ld+json\" class=\"yoast-schema-graph\">{\"@context\":\"https:\/\/schema.org\",\"@graph\":[{\"@type\":\"WebPage\",\"@id\":\"https:\/\/aprifel-pp.mentalworks.biz\/fr\/resume-scientifique\/association-between-educational-level-and-vegetable-use-in\/\",\"url\":\"https:\/\/aprifel-pp.mentalworks.biz\/fr\/resume-scientifique\/association-between-educational-level-and-vegetable-use-in\/\",\"name\":\"Association between educational level and vegetable use in nine european countries. - Aprifel\",\"isPartOf\":{\"@id\":\"https:\/\/www.aprifel.com\/fr\/#website\"},\"datePublished\":\"2018-12-04T01:55:18+00:00\",\"dateModified\":\"2018-12-04T01:55:18+00:00\",\"description\":\"Association between educational level and vegetable use in nine european countries. - Aprifel\",\"breadcrumb\":{\"@id\":\"https:\/\/aprifel-pp.mentalworks.biz\/fr\/resume-scientifique\/association-between-educational-level-and-vegetable-use-in\/#breadcrumb\"},\"inLanguage\":\"fr-FR\",\"potentialAction\":[{\"@type\":\"ReadAction\",\"target\":[\"https:\/\/aprifel-pp.mentalworks.biz\/fr\/resume-scientifique\/association-between-educational-level-and-vegetable-use-in\/\"]}]},{\"@type\":\"BreadcrumbList\",\"@id\":\"https:\/\/aprifel-pp.mentalworks.biz\/fr\/resume-scientifique\/association-between-educational-level-and-vegetable-use-in\/#breadcrumb\",\"itemListElement\":[{\"@type\":\"ListItem\",\"position\":1,\"name\":\"Accueil\",\"item\":\"https:\/\/www.aprifel.com\/fr\/\"},{\"@type\":\"ListItem\",\"position\":2,\"name\":\"R\u00e9sum\u00e9s\",\"item\":\"https:\/\/aprifel-pp.mentalworks.biz\/fr\/resume-scientifique\/\"},{\"@type\":\"ListItem\",\"position\":3,\"name\":\"Association between educational level and vegetable use in nine european countries.\"}]},{\"@type\":\"WebSite\",\"@id\":\"https:\/\/www.aprifel.com\/fr\/#website\",\"url\":\"https:\/\/www.aprifel.com\/fr\/\",\"name\":\"Aprifel\",\"description\":\"Agence pour la Recherche et l\u2019Information en Fruits et L\u00e9gumes\",\"potentialAction\":[{\"@type\":\"SearchAction\",\"target\":{\"@type\":\"EntryPoint\",\"urlTemplate\":\"https:\/\/www.aprifel.com\/fr\/?s={search_term_string}\"},\"query-input\":{\"@type\":\"PropertyValueSpecification\",\"valueRequired\":true,\"valueName\":\"search_term_string\"}}],\"inLanguage\":\"fr-FR\"}]}<\/script>\n<!-- \/ Yoast SEO Premium plugin. -->","yoast_head_json":{"title":"Association between educational level and vegetable use in nine european countries. - Aprifel","description":"Association between educational level and vegetable use in nine european countries. - Aprifel","robots":{"index":"noindex","follow":"follow"},"og_locale":"fr_FR","og_type":"article","og_title":"Association between educational level and vegetable use in nine european countries.","og_description":"Association between educational level and vegetable use in nine european countries.","og_url":"https:\/\/aprifel-pp.mentalworks.biz\/fr\/resume-scientifique\/association-between-educational-level-and-vegetable-use-in\/","og_site_name":"Aprifel","twitter_card":"summary_large_image","twitter_misc":{"Dur\u00e9e de lecture estim\u00e9e":"1 minute"},"schema":{"@context":"https:\/\/schema.org","@graph":[{"@type":"WebPage","@id":"https:\/\/aprifel-pp.mentalworks.biz\/fr\/resume-scientifique\/association-between-educational-level-and-vegetable-use-in\/","url":"https:\/\/aprifel-pp.mentalworks.biz\/fr\/resume-scientifique\/association-between-educational-level-and-vegetable-use-in\/","name":"Association between educational level and vegetable use in nine european countries. - Aprifel","isPartOf":{"@id":"https:\/\/www.aprifel.com\/fr\/#website"},"datePublished":"2018-12-04T01:55:18+00:00","dateModified":"2018-12-04T01:55:18+00:00","description":"Association between educational level and vegetable use in nine european countries. - Aprifel","breadcrumb":{"@id":"https:\/\/aprifel-pp.mentalworks.biz\/fr\/resume-scientifique\/association-between-educational-level-and-vegetable-use-in\/#breadcrumb"},"inLanguage":"fr-FR","potentialAction":[{"@type":"ReadAction","target":["https:\/\/aprifel-pp.mentalworks.biz\/fr\/resume-scientifique\/association-between-educational-level-and-vegetable-use-in\/"]}]},{"@type":"BreadcrumbList","@id":"https:\/\/aprifel-pp.mentalworks.biz\/fr\/resume-scientifique\/association-between-educational-level-and-vegetable-use-in\/#breadcrumb","itemListElement":[{"@type":"ListItem","position":1,"name":"Accueil","item":"https:\/\/www.aprifel.com\/fr\/"},{"@type":"ListItem","position":2,"name":"R\u00e9sum\u00e9s","item":"https:\/\/aprifel-pp.mentalworks.biz\/fr\/resume-scientifique\/"},{"@type":"ListItem","position":3,"name":"Association between educational level and vegetable use in nine european countries."}]},{"@type":"WebSite","@id":"https:\/\/www.aprifel.com\/fr\/#website","url":"https:\/\/www.aprifel.com\/fr\/","name":"Aprifel","description":"Agence pour la Recherche et l\u2019Information en Fruits et L\u00e9gumes","potentialAction":[{"@type":"SearchAction","target":{"@type":"EntryPoint","urlTemplate":"https:\/\/www.aprifel.com\/fr\/?s={search_term_string}"},"query-input":{"@type":"PropertyValueSpecification","valueRequired":true,"valueName":"search_term_string"}}],"inLanguage":"fr-FR"}]}},"_links":{"self":[{"href":"https:\/\/aprifel-pp.mentalworks.biz\/fr\/wp-json\/wp\/v2\/resume\/42748"}],"collection":[{"href":"https:\/\/aprifel-pp.mentalworks.biz\/fr\/wp-json\/wp\/v2\/resume"}],"about":[{"href":"https:\/\/aprifel-pp.mentalworks.biz\/fr\/wp-json\/wp\/v2\/types\/resume"}],"wp:attachment":[{"href":"https:\/\/aprifel-pp.mentalworks.biz\/fr\/wp-json\/wp\/v2\/media?parent=42748"}],"wp:term":[{"taxonomy":"mots_cles","embeddable":true,"href":"https:\/\/aprifel-pp.mentalworks.biz\/fr\/wp-json\/wp\/v2\/mots_cles?post=42748"}],"curies":[{"name":"wp","href":"https:\/\/api.w.org\/{rel}","templated":true}]}}

Ritva Prättälä

<!-- This site is optimized with the Yoast SEO Premium plugin v23.6 (Yoast SEO v23.6) - https://yoast.com/wordpress/plugins/seo/ -->
<title>Association between educational level and vegetable use in nine european countries. - Aprifel</title>
<meta name="description" content="Association between educational level and vegetable use in nine european countries. - Aprifel" />
<meta name="robots" content="noindex, follow" />
<meta property="og:locale" content="fr_FR" />
<meta property="og:type" content="article" />
<meta property="og:title" content="Association between educational level and vegetable use in nine european countries." />
<meta property="og:description" content="Association between educational level and vegetable use in nine european countries." />
<meta property="og:url" content="https://aprifel-pp.mentalworks.biz/fr/resume-scientifique/association-between-educational-level-and-vegetable-use-in/" />
<meta property="og:site_name" content="Aprifel" />
<meta name="twitter:card" content="summary_large_image" />
<meta name="twitter:label1" content="Durée de lecture estimée" />
	<meta name="twitter:data1" content="1 minute" />
<script type="application/ld+json" class="yoast-schema-graph">{"@context":"https://schema.org","@graph":[{"@type":"WebPage","@id":"https://aprifel-pp.mentalworks.biz/fr/resume-scientifique/association-between-educational-level-and-vegetable-use-in/","url":"https://aprifel-pp.mentalworks.biz/fr/resume-scientifique/association-between-educational-level-and-vegetable-use-in/","name":"Association between educational level and vegetable use in nine european countries. - Aprifel","isPartOf":{"@id":"https://www.aprifel.com/fr/#website"},"datePublished":"2018-12-04T01:55:18+00:00","dateModified":"2018-12-04T01:55:18+00:00","description":"Association between educational level and vegetable use in nine european countries. - Aprifel","breadcrumb":{"@id":"https://aprifel-pp.mentalworks.biz/fr/resume-scientifique/association-between-educational-level-and-vegetable-use-in/#breadcrumb"},"inLanguage":"fr-FR","potentialAction":[{"@type":"ReadAction","target":["https://aprifel-pp.mentalworks.biz/fr/resume-scientifique/association-between-educational-level-and-vegetable-use-in/"]}]},{"@type":"BreadcrumbList","@id":"https://aprifel-pp.mentalworks.biz/fr/resume-scientifique/association-between-educational-level-and-vegetable-use-in/#breadcrumb","itemListElement":[{"@type":"ListItem","position":1,"name":"Accueil","item":"https://www.aprifel.com/fr/"},{"@type":"ListItem","position":2,"name":"Résumés","item":"https://aprifel-pp.mentalworks.biz/fr/resume-scientifique/"},{"@type":"ListItem","position":3,"name":"Association between educational level and vegetable use in nine european countries."}]},{"@type":"WebSite","@id":"https://www.aprifel.com/fr/#website","url":"https://www.aprifel.com/fr/","name":"Aprifel","description":"Agence pour la Recherche et l’Information en Fruits et Légumes","potentialAction":[{"@type":"SearchAction","target":{"@type":"EntryPoint","urlTemplate":"https://www.aprifel.com/fr/?s={search_term_string}"},"query-input":{"@type":"PropertyValueSpecification","valueRequired":true,"valueName":"search_term_string"}}],"inLanguage":"fr-FR"}]}</script>
<!-- / Yoast SEO Premium plugin. -->

Résumés

Agence pour la Recherche et l’Information en Fruits et Légumes
