{"id":38158,"date":"2011-06-01T00:00:00","date_gmt":"2018-12-04T00:32:13","guid":{"rendered":"https:\/\/aprifel-pp.mentalworks.biz\/fr\/resume-scientifique\/nutritional-factors-and-oral-cancers\/"},"modified":"2018-12-04T01:32:13","modified_gmt":"2018-12-04T00:32:13","slug":"nutritional-factors-and-oral-cancers","status":"publish","type":"resume","link":"https:\/\/aprifel-pp.mentalworks.biz\/fr\/resume-scientifique\/nutritional-factors-and-oral-cancers\/","title":{"rendered":"[Nutritional factors and oral cancers]."},"content":{"rendered":"<p style=\"text-align: justify\">The number of new oral cancers in France has been estimated at 7000 cases for 2005, 75% of these cancers affecting male patients. International expert groups met by the International Agency for research on Cancer (IARC), or the World Cancer Research Fund (<span class='tooltipsall tooltip_post_id_80442 classtoolTips80442'>WCRF<\/span>) associated to the American Institute for Cancer Research (AICR) have identified two factors which can modify the risk of oral cancers. Alcoholic beverages increase the risk of cancer and are classified as carcinogen for humans by IARC (level of evidence qualified as convincing by <span class='tooltipsall tooltip_post_id_80442 classtoolTips80442'>WCRF<\/span> and AICR). Fruits and vegetables decrease the risk of cancer (level of evidence qualified as probable by <span class='tooltipsall tooltip_post_id_80442 classtoolTips80442'>WCRF<\/span> and AICR). For other nutritional factors, the data are too limited to draw any conclusion. We present the major epidemiologic and mechanistic results of these evaluations, completed by results from recent studies. In addition to actions targeting other risk factors such as tobacco, reducing alcohol intake and increasing the consumption of fruits and vegetables can contribute to the prevention of oral cancers.<\/p>\n<p style=\"text-align: justify\">[Article in French]\n","protected":false},"template":"","mots_cles":[],"class_list":["post-38158","resume","type-resume","status-publish","hentry"],"acf":{"adresse":"R\u00e9seau NACRe, INRA\/CRJ, unit\u00e9 de recherche en \u00e9pid\u00e9miologie nutritionnelle (UREN), Jouy-en-Josas cedex, France. Paule.Martel@jouy.inra.fr\r\n","annee":"2011","mois":"6","numero":"112:3","page":"155-159","auteurs":[{"ID":1140,"post_author":"0","post_date":"2018-12-03 15:56:42","post_date_gmt":"2018-12-03 14:56:42","post_content":"","post_title":"Paule Latino-Martel","post_excerpt":"","post_status":"publish","comment_status":"closed","ping_status":"closed","post_password":"","post_name":"paule-latino-martel","to_ping":"","pinged":"","post_modified":"2018-12-03 15:56:42","post_modified_gmt":"2018-12-03 14:56:42","post_content_filtered":"","post_parent":0,"guid":"https:\/\/aprifel-pp.mentalworks.biz\/fr\/auteur\/paule-latino-martel\/","menu_order":0,"post_type":"auteur_resume","post_mime_type":"","comment_count":"0","filter":"raw"},{"ID":2833,"post_author":"0","post_date":"2018-12-03 16:59:34","post_date_gmt":"2018-12-03 15:59:34","post_content":"","post_title":"Nathalie Druesne-Pecollo","post_excerpt":"","post_status":"publish","comment_status":"closed","ping_status":"closed","post_password":"","post_name":"nathalie-druesne-pecollo","to_ping":"","pinged":"","post_modified":"2018-12-03 16:59:34","post_modified_gmt":"2018-12-03 15:59:34","post_content_filtered":"","post_parent":0,"guid":"https:\/\/aprifel-pp.mentalworks.biz\/fr\/auteur\/nathalie-druesne-pecollo\/","menu_order":0,"post_type":"auteur_resume","post_mime_type":"","comment_count":"0","filter":"raw"},{"ID":38156,"post_author":"0","post_date":"2018-12-04 01:32:12","post_date_gmt":"2018-12-04 00:32:12","post_content":"","post_title":"Dumond","post_excerpt":"","post_status":"publish","comment_status":"closed","ping_status":"closed","post_password":"","post_name":"dumond","to_ping":"","pinged":"","post_modified":"2018-12-04 01:32:12","post_modified_gmt":"2018-12-04 00:32:12","post_content_filtered":"","post_parent":0,"guid":"https:\/\/aprifel-pp.mentalworks.biz\/fr\/auteur\/dumond\/","menu_order":0,"post_type":"auteur_resume","post_mime_type":"","comment_count":"0","filter":"raw"}],"sources":[{"ID":38157,"post_author":"0","post_date":"2018-12-04 01:32:12","post_date_gmt":"2018-12-04 00:32:12","post_content":"","post_title":"REV STOMATOL CHIR MAXILLOFAC","post_excerpt":"","post_status":"publish","comment_status":"closed","ping_status":"closed","post_password":"","post_name":"rev-stomatol-chir-maxillofac","to_ping":"","pinged":"","post_modified":"2018-12-04 01:32:12","post_modified_gmt":"2018-12-04 00:32:12","post_content_filtered":"","post_parent":0,"guid":"https:\/\/aprifel-pp.mentalworks.biz\/fr\/source\/rev-stomatol-chir-maxillofac\/","menu_order":0,"post_type":"source","post_mime_type":"","comment_count":"0","filter":"raw"}]},"yoast_head":"<!-- This site is optimized with the Yoast SEO Premium plugin v23.6 (Yoast SEO v23.6) - https:\/\/yoast.com\/wordpress\/plugins\/seo\/ -->\n<title>[Nutritional factors and oral cancers]. - Aprifel<\/title>\n<meta name=\"description\" content=\"[Nutritional factors and oral cancers]. - Aprifel\" \/>\n<meta name=\"robots\" content=\"noindex, follow\" \/>\n<meta property=\"og:locale\" content=\"fr_FR\" \/>\n<meta property=\"og:type\" content=\"article\" \/>\n<meta property=\"og:title\" content=\"[Nutritional factors and oral cancers].\" \/>\n<meta property=\"og:description\" content=\"[Nutritional factors and oral cancers].\" \/>\n<meta property=\"og:url\" content=\"https:\/\/aprifel-pp.mentalworks.biz\/fr\/resume-scientifique\/nutritional-factors-and-oral-cancers\/\" \/>\n<meta property=\"og:site_name\" content=\"Aprifel\" \/>\n<meta name=\"twitter:card\" content=\"summary_large_image\" \/>\n<meta name=\"twitter:label1\" content=\"Dur\u00e9e de lecture estim\u00e9e\" \/>\n\t<meta name=\"twitter:data1\" content=\"1 minute\" \/>\n<script type=\"application\/ld+json\" class=\"yoast-schema-graph\">{\"@context\":\"https:\/\/schema.org\",\"@graph\":[{\"@type\":\"WebPage\",\"@id\":\"https:\/\/aprifel-pp.mentalworks.biz\/fr\/resume-scientifique\/nutritional-factors-and-oral-cancers\/\",\"url\":\"https:\/\/aprifel-pp.mentalworks.biz\/fr\/resume-scientifique\/nutritional-factors-and-oral-cancers\/\",\"name\":\"[Nutritional factors and oral cancers]. - Aprifel\",\"isPartOf\":{\"@id\":\"https:\/\/www.aprifel.com\/fr\/#website\"},\"datePublished\":\"2018-12-04T00:32:13+00:00\",\"dateModified\":\"2018-12-04T00:32:13+00:00\",\"description\":\"[Nutritional factors and oral cancers]. - Aprifel\",\"breadcrumb\":{\"@id\":\"https:\/\/aprifel-pp.mentalworks.biz\/fr\/resume-scientifique\/nutritional-factors-and-oral-cancers\/#breadcrumb\"},\"inLanguage\":\"fr-FR\",\"potentialAction\":[{\"@type\":\"ReadAction\",\"target\":[\"https:\/\/aprifel-pp.mentalworks.biz\/fr\/resume-scientifique\/nutritional-factors-and-oral-cancers\/\"]}]},{\"@type\":\"BreadcrumbList\",\"@id\":\"https:\/\/aprifel-pp.mentalworks.biz\/fr\/resume-scientifique\/nutritional-factors-and-oral-cancers\/#breadcrumb\",\"itemListElement\":[{\"@type\":\"ListItem\",\"position\":1,\"name\":\"Accueil\",\"item\":\"https:\/\/www.aprifel.com\/fr\/\"},{\"@type\":\"ListItem\",\"position\":2,\"name\":\"R\u00e9sum\u00e9s\",\"item\":\"https:\/\/aprifel-pp.mentalworks.biz\/fr\/resume-scientifique\/\"},{\"@type\":\"ListItem\",\"position\":3,\"name\":\"[Nutritional factors and oral cancers].\"}]},{\"@type\":\"WebSite\",\"@id\":\"https:\/\/www.aprifel.com\/fr\/#website\",\"url\":\"https:\/\/www.aprifel.com\/fr\/\",\"name\":\"Aprifel\",\"description\":\"Agence pour la Recherche et l\u2019Information en Fruits et L\u00e9gumes\",\"potentialAction\":[{\"@type\":\"SearchAction\",\"target\":{\"@type\":\"EntryPoint\",\"urlTemplate\":\"https:\/\/www.aprifel.com\/fr\/?s={search_term_string}\"},\"query-input\":{\"@type\":\"PropertyValueSpecification\",\"valueRequired\":true,\"valueName\":\"search_term_string\"}}],\"inLanguage\":\"fr-FR\"}]}<\/script>\n<!-- \/ Yoast SEO Premium plugin. -->","yoast_head_json":{"title":"[Nutritional factors and oral cancers]. - Aprifel","description":"[Nutritional factors and oral cancers]. - Aprifel","robots":{"index":"noindex","follow":"follow"},"og_locale":"fr_FR","og_type":"article","og_title":"[Nutritional factors and oral cancers].","og_description":"[Nutritional factors and oral cancers].","og_url":"https:\/\/aprifel-pp.mentalworks.biz\/fr\/resume-scientifique\/nutritional-factors-and-oral-cancers\/","og_site_name":"Aprifel","twitter_card":"summary_large_image","twitter_misc":{"Dur\u00e9e de lecture estim\u00e9e":"1 minute"},"schema":{"@context":"https:\/\/schema.org","@graph":[{"@type":"WebPage","@id":"https:\/\/aprifel-pp.mentalworks.biz\/fr\/resume-scientifique\/nutritional-factors-and-oral-cancers\/","url":"https:\/\/aprifel-pp.mentalworks.biz\/fr\/resume-scientifique\/nutritional-factors-and-oral-cancers\/","name":"[Nutritional factors and oral cancers]. - Aprifel","isPartOf":{"@id":"https:\/\/www.aprifel.com\/fr\/#website"},"datePublished":"2018-12-04T00:32:13+00:00","dateModified":"2018-12-04T00:32:13+00:00","description":"[Nutritional factors and oral cancers]. - Aprifel","breadcrumb":{"@id":"https:\/\/aprifel-pp.mentalworks.biz\/fr\/resume-scientifique\/nutritional-factors-and-oral-cancers\/#breadcrumb"},"inLanguage":"fr-FR","potentialAction":[{"@type":"ReadAction","target":["https:\/\/aprifel-pp.mentalworks.biz\/fr\/resume-scientifique\/nutritional-factors-and-oral-cancers\/"]}]},{"@type":"BreadcrumbList","@id":"https:\/\/aprifel-pp.mentalworks.biz\/fr\/resume-scientifique\/nutritional-factors-and-oral-cancers\/#breadcrumb","itemListElement":[{"@type":"ListItem","position":1,"name":"Accueil","item":"https:\/\/www.aprifel.com\/fr\/"},{"@type":"ListItem","position":2,"name":"R\u00e9sum\u00e9s","item":"https:\/\/aprifel-pp.mentalworks.biz\/fr\/resume-scientifique\/"},{"@type":"ListItem","position":3,"name":"[Nutritional factors and oral cancers]."}]},{"@type":"WebSite","@id":"https:\/\/www.aprifel.com\/fr\/#website","url":"https:\/\/www.aprifel.com\/fr\/","name":"Aprifel","description":"Agence pour la Recherche et l\u2019Information en Fruits et L\u00e9gumes","potentialAction":[{"@type":"SearchAction","target":{"@type":"EntryPoint","urlTemplate":"https:\/\/www.aprifel.com\/fr\/?s={search_term_string}"},"query-input":{"@type":"PropertyValueSpecification","valueRequired":true,"valueName":"search_term_string"}}],"inLanguage":"fr-FR"}]}},"_links":{"self":[{"href":"https:\/\/aprifel-pp.mentalworks.biz\/fr\/wp-json\/wp\/v2\/resume\/38158"}],"collection":[{"href":"https:\/\/aprifel-pp.mentalworks.biz\/fr\/wp-json\/wp\/v2\/resume"}],"about":[{"href":"https:\/\/aprifel-pp.mentalworks.biz\/fr\/wp-json\/wp\/v2\/types\/resume"}],"wp:attachment":[{"href":"https:\/\/aprifel-pp.mentalworks.biz\/fr\/wp-json\/wp\/v2\/media?parent=38158"}],"wp:term":[{"taxonomy":"mots_cles","embeddable":true,"href":"https:\/\/aprifel-pp.mentalworks.biz\/fr\/wp-json\/wp\/v2\/mots_cles?post=38158"}],"curies":[{"name":"wp","href":"https:\/\/api.w.org\/{rel}","templated":true}]}}

Réseau NACRe, INRA/CRJ, unité de recherche en épidémiologie nutritionnelle (UREN), Jouy-en-Josas cedex, France. Paule.Martel@jouy.inra.fr

<!-- This site is optimized with the Yoast SEO Premium plugin v23.6 (Yoast SEO v23.6) - https://yoast.com/wordpress/plugins/seo/ -->
<title>[Nutritional factors and oral cancers]. - Aprifel</title>
<meta name="description" content="[Nutritional factors and oral cancers]. - Aprifel" />
<meta name="robots" content="noindex, follow" />
<meta property="og:locale" content="fr_FR" />
<meta property="og:type" content="article" />
<meta property="og:title" content="[Nutritional factors and oral cancers]." />
<meta property="og:description" content="[Nutritional factors and oral cancers]." />
<meta property="og:url" content="https://aprifel-pp.mentalworks.biz/fr/resume-scientifique/nutritional-factors-and-oral-cancers/" />
<meta property="og:site_name" content="Aprifel" />
<meta name="twitter:card" content="summary_large_image" />
<meta name="twitter:label1" content="Durée de lecture estimée" />
	<meta name="twitter:data1" content="1 minute" />
<script type="application/ld+json" class="yoast-schema-graph">{"@context":"https://schema.org","@graph":[{"@type":"WebPage","@id":"https://aprifel-pp.mentalworks.biz/fr/resume-scientifique/nutritional-factors-and-oral-cancers/","url":"https://aprifel-pp.mentalworks.biz/fr/resume-scientifique/nutritional-factors-and-oral-cancers/","name":"[Nutritional factors and oral cancers]. - Aprifel","isPartOf":{"@id":"https://www.aprifel.com/fr/#website"},"datePublished":"2018-12-04T00:32:13+00:00","dateModified":"2018-12-04T00:32:13+00:00","description":"[Nutritional factors and oral cancers]. - Aprifel","breadcrumb":{"@id":"https://aprifel-pp.mentalworks.biz/fr/resume-scientifique/nutritional-factors-and-oral-cancers/#breadcrumb"},"inLanguage":"fr-FR","potentialAction":[{"@type":"ReadAction","target":["https://aprifel-pp.mentalworks.biz/fr/resume-scientifique/nutritional-factors-and-oral-cancers/"]}]},{"@type":"BreadcrumbList","@id":"https://aprifel-pp.mentalworks.biz/fr/resume-scientifique/nutritional-factors-and-oral-cancers/#breadcrumb","itemListElement":[{"@type":"ListItem","position":1,"name":"Accueil","item":"https://www.aprifel.com/fr/"},{"@type":"ListItem","position":2,"name":"Résumés","item":"https://aprifel-pp.mentalworks.biz/fr/resume-scientifique/"},{"@type":"ListItem","position":3,"name":"[Nutritional factors and oral cancers]."}]},{"@type":"WebSite","@id":"https://www.aprifel.com/fr/#website","url":"https://www.aprifel.com/fr/","name":"Aprifel","description":"Agence pour la Recherche et l’Information en Fruits et Légumes","potentialAction":[{"@type":"SearchAction","target":{"@type":"EntryPoint","urlTemplate":"https://www.aprifel.com/fr/?s={search_term_string}"},"query-input":{"@type":"PropertyValueSpecification","valueRequired":true,"valueName":"search_term_string"}}],"inLanguage":"fr-FR"}]}</script>
<!-- / Yoast SEO Premium plugin. -->

Résumés

Agence pour la Recherche et l’Information en Fruits et Légumes
