{"id":38087,"date":"2012-04-01T00:00:00","date_gmt":"2018-12-04T00:30:30","guid":{"rendered":"https:\/\/aprifel-pp.mentalworks.biz\/fr\/resume-scientifique\/provitamin-a-carotenoids-are-independently-associated-with\/"},"modified":"2018-12-04T01:30:30","modified_gmt":"2018-12-04T00:30:30","slug":"provitamin-a-carotenoids-are-independently-associated-with","status":"publish","type":"resume","link":"https:\/\/aprifel-pp.mentalworks.biz\/fr\/resume-scientifique\/provitamin-a-carotenoids-are-independently-associated-with\/","title":{"rendered":"Provitamin A carotenoids are independently associated with matrix metalloproteinase-9 in plasma samples from a general population."},"content":{"rendered":"<p>Background and aim.&ensp; Carotenoids in plasma are inversely associated with cardiovascular risk. Low levels can be explained by low dietary intake but also by a number of other factors including inflammatory activity. Given that matrix metalloproteinase (MMP)-9 has an important role in inflammation and cardiovascular disease, we hypothesized that circulating MMP-9 levels would be inversely related to total or single carotenoids in a general population cohort.<\/p>\n<p>Methods.&ensp; A well-characterized population-based cohort of 285 Swedish men and women (45-69&emsp;years) was used for the present study. The intake of carotenoid-rich fruits and vegetables was estimated from a food frequency questionnaire. Levels of MMP-9, C-reactive protein (CRP), interleukin (IL)-6 and six major carotenoids [&beta;-cryptoxanthine, &alpha;-carotene, &beta;-carotene, lutein (+zeaxanthin) and lycopene] were determined in plasma.<\/p>\n<p>Results.&ensp; Lower plasma levels of total and single carotenoids were associated with lower dietary intake of carotenoids, older age, male sex, lower physical activity, higher alcohol consumption, higher body mass index (BMI), higher systolic and diastolic blood pressures, lower levels of total cholesterol and HDL cholesterol and higher levels of CRP, IL-6 and MMP-9. After multivariate adjustments, plasma levels of total carotenoids and provitamin A carotenoids (&beta;-cryptoxanthine, &alpha;-carotene and &beta;-carotene) remained independently associated with sex, dietary intake of carotenoids, BMI, HDL cholesterol and MMP-9, whilst associations with CRP and IL-6 were not maintained. Neither dietary intake of carotenoid-rich fruits and vegetables, nor vitamin supplement use was associated with MMP-9, CRP or IL-6 levels.<\/p>\n<p>Conclusion.&ensp; Plasma carotenoids were associated with a variety of factors including age, sex, dietary intake and metabolic variables. A new finding was the independent relationship in plasma between low provitamin A carotenoids and high MMP-9, suggesting a link between these carotenoids, matrix turnover and arterial remodelling.<\/p>\n","protected":false},"template":"","mots_cles":[],"class_list":["post-38087","resume","type-resume","status-publish","hentry"],"acf":{"adresse":"From the Division of Cardiovascular Medicine, Department of Medical and Health Sciences, Link\u00f6ping University, Link\u00f6ping, Sweden Department of Cardiology, \u00d6rebro University Hospital, \u00d6rebro, Sweden Division of Community Medicine, Department of Medical and Health Sciences, Link\u00f6ping University, Link\u00f6ping, Sweden Psychobiological Determinants of Health Laboratory, Department of Psychology, University of British Colombia, Vancouver, BC, Canada Division of Occupational and Environmental Medicine, Department of Clinical and Experimental Medicine, Link\u00f6ping University, Link\u00f6ping, Sweden Clinical Immunology, Department of Clinical and Experimental Medicine, Link\u00f6ping University, Link\u00f6ping Department of Clinical Immunology and Transfusion Medicine, County Council of \u00d6sterg\u00f6tland, Link\u00f6ping, Sweden.\r\n","annee":"2012","mois":"4","numero":"","page":"","auteurs":[{"ID":38084,"post_author":"0","post_date":"2018-12-04 01:30:27","post_date_gmt":"2018-12-04 00:30:27","post_content":"","post_title":"Ryden","post_excerpt":"","post_status":"publish","comment_status":"closed","ping_status":"closed","post_password":"","post_name":"ryden","to_ping":"","pinged":"","post_modified":"2018-12-04 01:30:27","post_modified_gmt":"2018-12-04 00:30:27","post_content_filtered":"","post_parent":0,"guid":"https:\/\/aprifel-pp.mentalworks.biz\/fr\/auteur\/ryden\/","menu_order":0,"post_type":"auteur_resume","post_mime_type":"","comment_count":"0","filter":"raw"},{"ID":38085,"post_author":"0","post_date":"2018-12-04 01:30:28","post_date_gmt":"2018-12-04 00:30:28","post_content":"","post_title":"Garvin","post_excerpt":"","post_status":"publish","comment_status":"closed","ping_status":"closed","post_password":"","post_name":"garvin","to_ping":"","pinged":"","post_modified":"2018-12-04 01:30:28","post_modified_gmt":"2018-12-04 00:30:28","post_content_filtered":"","post_parent":0,"guid":"https:\/\/aprifel-pp.mentalworks.biz\/fr\/auteur\/garvin\/","menu_order":0,"post_type":"auteur_resume","post_mime_type":"","comment_count":"0","filter":"raw"},{"ID":38086,"post_author":"0","post_date":"2018-12-04 01:30:30","post_date_gmt":"2018-12-04 00:30:30","post_content":"","post_title":"Kristenson","post_excerpt":"","post_status":"publish","comment_status":"closed","ping_status":"closed","post_password":"","post_name":"kristenson","to_ping":"","pinged":"","post_modified":"2018-12-04 01:30:30","post_modified_gmt":"2018-12-04 00:30:30","post_content_filtered":"","post_parent":0,"guid":"https:\/\/aprifel-pp.mentalworks.biz\/fr\/auteur\/kristenson\/","menu_order":0,"post_type":"auteur_resume","post_mime_type":"","comment_count":"0","filter":"raw"}],"sources":[{"ID":37176,"post_author":"0","post_date":"2018-12-04 01:12:41","post_date_gmt":"2018-12-04 00:12:41","post_content":"","post_title":"J INTERN MED","post_excerpt":"","post_status":"publish","comment_status":"closed","ping_status":"closed","post_password":"","post_name":"j-intern-med","to_ping":"","pinged":"","post_modified":"2018-12-04 01:12:41","post_modified_gmt":"2018-12-04 00:12:41","post_content_filtered":"","post_parent":0,"guid":"https:\/\/aprifel-pp.mentalworks.biz\/fr\/source\/j-intern-med\/","menu_order":0,"post_type":"source","post_mime_type":"","comment_count":"0","filter":"raw"}]},"yoast_head":"<!-- This site is optimized with the Yoast SEO Premium plugin v23.6 (Yoast SEO v23.6) - https:\/\/yoast.com\/wordpress\/plugins\/seo\/ -->\n<title>Provitamin A carotenoids are independently associated with matrix metalloproteinase-9 in plasma samples from a general population. - Aprifel<\/title>\n<meta name=\"description\" content=\"Provitamin A carotenoids are independently associated with matrix metalloproteinase-9 in plasma samples from a general population. - Aprifel\" \/>\n<meta name=\"robots\" content=\"noindex, follow\" \/>\n<meta property=\"og:locale\" content=\"fr_FR\" \/>\n<meta property=\"og:type\" content=\"article\" \/>\n<meta property=\"og:title\" content=\"Provitamin A carotenoids are independently associated with matrix metalloproteinase-9 in plasma samples from a general population.\" \/>\n<meta property=\"og:description\" content=\"Provitamin A carotenoids are independently associated with matrix metalloproteinase-9 in plasma samples from a general population.\" \/>\n<meta property=\"og:url\" content=\"https:\/\/aprifel-pp.mentalworks.biz\/fr\/resume-scientifique\/provitamin-a-carotenoids-are-independently-associated-with\/\" \/>\n<meta property=\"og:site_name\" content=\"Aprifel\" \/>\n<meta name=\"twitter:card\" content=\"summary_large_image\" \/>\n<meta name=\"twitter:label1\" content=\"Dur\u00e9e de lecture estim\u00e9e\" \/>\n\t<meta name=\"twitter:data1\" content=\"1 minute\" \/>\n<script type=\"application\/ld+json\" class=\"yoast-schema-graph\">{\"@context\":\"https:\/\/schema.org\",\"@graph\":[{\"@type\":\"WebPage\",\"@id\":\"https:\/\/aprifel-pp.mentalworks.biz\/fr\/resume-scientifique\/provitamin-a-carotenoids-are-independently-associated-with\/\",\"url\":\"https:\/\/aprifel-pp.mentalworks.biz\/fr\/resume-scientifique\/provitamin-a-carotenoids-are-independently-associated-with\/\",\"name\":\"Provitamin A carotenoids are independently associated with matrix metalloproteinase-9 in plasma samples from a general population. - Aprifel\",\"isPartOf\":{\"@id\":\"https:\/\/www.aprifel.com\/fr\/#website\"},\"datePublished\":\"2018-12-04T00:30:30+00:00\",\"dateModified\":\"2018-12-04T00:30:30+00:00\",\"description\":\"Provitamin A carotenoids are independently associated with matrix metalloproteinase-9 in plasma samples from a general population. - Aprifel\",\"breadcrumb\":{\"@id\":\"https:\/\/aprifel-pp.mentalworks.biz\/fr\/resume-scientifique\/provitamin-a-carotenoids-are-independently-associated-with\/#breadcrumb\"},\"inLanguage\":\"fr-FR\",\"potentialAction\":[{\"@type\":\"ReadAction\",\"target\":[\"https:\/\/aprifel-pp.mentalworks.biz\/fr\/resume-scientifique\/provitamin-a-carotenoids-are-independently-associated-with\/\"]}]},{\"@type\":\"BreadcrumbList\",\"@id\":\"https:\/\/aprifel-pp.mentalworks.biz\/fr\/resume-scientifique\/provitamin-a-carotenoids-are-independently-associated-with\/#breadcrumb\",\"itemListElement\":[{\"@type\":\"ListItem\",\"position\":1,\"name\":\"Accueil\",\"item\":\"https:\/\/www.aprifel.com\/fr\/\"},{\"@type\":\"ListItem\",\"position\":2,\"name\":\"R\u00e9sum\u00e9s\",\"item\":\"https:\/\/aprifel-pp.mentalworks.biz\/fr\/resume-scientifique\/\"},{\"@type\":\"ListItem\",\"position\":3,\"name\":\"Provitamin A carotenoids are independently associated with matrix metalloproteinase-9 in plasma samples from a general population.\"}]},{\"@type\":\"WebSite\",\"@id\":\"https:\/\/www.aprifel.com\/fr\/#website\",\"url\":\"https:\/\/www.aprifel.com\/fr\/\",\"name\":\"Aprifel\",\"description\":\"Agence pour la Recherche et l\u2019Information en Fruits et L\u00e9gumes\",\"potentialAction\":[{\"@type\":\"SearchAction\",\"target\":{\"@type\":\"EntryPoint\",\"urlTemplate\":\"https:\/\/www.aprifel.com\/fr\/?s={search_term_string}\"},\"query-input\":{\"@type\":\"PropertyValueSpecification\",\"valueRequired\":true,\"valueName\":\"search_term_string\"}}],\"inLanguage\":\"fr-FR\"}]}<\/script>\n<!-- \/ Yoast SEO Premium plugin. -->","yoast_head_json":{"title":"Provitamin A carotenoids are independently associated with matrix metalloproteinase-9 in plasma samples from a general population. - Aprifel","description":"Provitamin A carotenoids are independently associated with matrix metalloproteinase-9 in plasma samples from a general population. - Aprifel","robots":{"index":"noindex","follow":"follow"},"og_locale":"fr_FR","og_type":"article","og_title":"Provitamin A carotenoids are independently associated with matrix metalloproteinase-9 in plasma samples from a general population.","og_description":"Provitamin A carotenoids are independently associated with matrix metalloproteinase-9 in plasma samples from a general population.","og_url":"https:\/\/aprifel-pp.mentalworks.biz\/fr\/resume-scientifique\/provitamin-a-carotenoids-are-independently-associated-with\/","og_site_name":"Aprifel","twitter_card":"summary_large_image","twitter_misc":{"Dur\u00e9e de lecture estim\u00e9e":"1 minute"},"schema":{"@context":"https:\/\/schema.org","@graph":[{"@type":"WebPage","@id":"https:\/\/aprifel-pp.mentalworks.biz\/fr\/resume-scientifique\/provitamin-a-carotenoids-are-independently-associated-with\/","url":"https:\/\/aprifel-pp.mentalworks.biz\/fr\/resume-scientifique\/provitamin-a-carotenoids-are-independently-associated-with\/","name":"Provitamin A carotenoids are independently associated with matrix metalloproteinase-9 in plasma samples from a general population. - Aprifel","isPartOf":{"@id":"https:\/\/www.aprifel.com\/fr\/#website"},"datePublished":"2018-12-04T00:30:30+00:00","dateModified":"2018-12-04T00:30:30+00:00","description":"Provitamin A carotenoids are independently associated with matrix metalloproteinase-9 in plasma samples from a general population. - Aprifel","breadcrumb":{"@id":"https:\/\/aprifel-pp.mentalworks.biz\/fr\/resume-scientifique\/provitamin-a-carotenoids-are-independently-associated-with\/#breadcrumb"},"inLanguage":"fr-FR","potentialAction":[{"@type":"ReadAction","target":["https:\/\/aprifel-pp.mentalworks.biz\/fr\/resume-scientifique\/provitamin-a-carotenoids-are-independently-associated-with\/"]}]},{"@type":"BreadcrumbList","@id":"https:\/\/aprifel-pp.mentalworks.biz\/fr\/resume-scientifique\/provitamin-a-carotenoids-are-independently-associated-with\/#breadcrumb","itemListElement":[{"@type":"ListItem","position":1,"name":"Accueil","item":"https:\/\/www.aprifel.com\/fr\/"},{"@type":"ListItem","position":2,"name":"R\u00e9sum\u00e9s","item":"https:\/\/aprifel-pp.mentalworks.biz\/fr\/resume-scientifique\/"},{"@type":"ListItem","position":3,"name":"Provitamin A carotenoids are independently associated with matrix metalloproteinase-9 in plasma samples from a general population."}]},{"@type":"WebSite","@id":"https:\/\/www.aprifel.com\/fr\/#website","url":"https:\/\/www.aprifel.com\/fr\/","name":"Aprifel","description":"Agence pour la Recherche et l\u2019Information en Fruits et L\u00e9gumes","potentialAction":[{"@type":"SearchAction","target":{"@type":"EntryPoint","urlTemplate":"https:\/\/www.aprifel.com\/fr\/?s={search_term_string}"},"query-input":{"@type":"PropertyValueSpecification","valueRequired":true,"valueName":"search_term_string"}}],"inLanguage":"fr-FR"}]}},"_links":{"self":[{"href":"https:\/\/aprifel-pp.mentalworks.biz\/fr\/wp-json\/wp\/v2\/resume\/38087"}],"collection":[{"href":"https:\/\/aprifel-pp.mentalworks.biz\/fr\/wp-json\/wp\/v2\/resume"}],"about":[{"href":"https:\/\/aprifel-pp.mentalworks.biz\/fr\/wp-json\/wp\/v2\/types\/resume"}],"wp:attachment":[{"href":"https:\/\/aprifel-pp.mentalworks.biz\/fr\/wp-json\/wp\/v2\/media?parent=38087"}],"wp:term":[{"taxonomy":"mots_cles","embeddable":true,"href":"https:\/\/aprifel-pp.mentalworks.biz\/fr\/wp-json\/wp\/v2\/mots_cles?post=38087"}],"curies":[{"name":"wp","href":"https:\/\/api.w.org\/{rel}","templated":true}]}}

From the Division of Cardiovascular Medicine, Department of Medical and Health Sciences, Linköping University, Linköping, Sweden Department of Cardiology, Örebro University Hospital, Örebro, Sweden Division of Community Medicine, Department of Medical and Health Sciences, Linköping University, Linköping, Sweden Psychobiological Determinants of Health Laboratory, Department of Psychology, University of British Colombia, Vancouver, BC, Canada Division of Occupational and Environmental Medicine, Department of Clinical and Experimental Medicine, Linköping University, Linköping, Sweden Clinical Immunology, Department of Clinical and Experimental Medicine, Linköping University, Linköping Department of Clinical Immunology and Transfusion Medicine, County Council of Östergötland, Linköping, Sweden.

<!-- This site is optimized with the Yoast SEO Premium plugin v23.6 (Yoast SEO v23.6) - https://yoast.com/wordpress/plugins/seo/ -->
<title>Provitamin A carotenoids are independently associated with matrix metalloproteinase-9 in plasma samples from a general population. - Aprifel</title>
<meta name="description" content="Provitamin A carotenoids are independently associated with matrix metalloproteinase-9 in plasma samples from a general population. - Aprifel" />
<meta name="robots" content="noindex, follow" />
<meta property="og:locale" content="fr_FR" />
<meta property="og:type" content="article" />
<meta property="og:title" content="Provitamin A carotenoids are independently associated with matrix metalloproteinase-9 in plasma samples from a general population." />
<meta property="og:description" content="Provitamin A carotenoids are independently associated with matrix metalloproteinase-9 in plasma samples from a general population." />
<meta property="og:url" content="https://aprifel-pp.mentalworks.biz/fr/resume-scientifique/provitamin-a-carotenoids-are-independently-associated-with/" />
<meta property="og:site_name" content="Aprifel" />
<meta name="twitter:card" content="summary_large_image" />
<meta name="twitter:label1" content="Durée de lecture estimée" />
	<meta name="twitter:data1" content="1 minute" />
<script type="application/ld+json" class="yoast-schema-graph">{"@context":"https://schema.org","@graph":[{"@type":"WebPage","@id":"https://aprifel-pp.mentalworks.biz/fr/resume-scientifique/provitamin-a-carotenoids-are-independently-associated-with/","url":"https://aprifel-pp.mentalworks.biz/fr/resume-scientifique/provitamin-a-carotenoids-are-independently-associated-with/","name":"Provitamin A carotenoids are independently associated with matrix metalloproteinase-9 in plasma samples from a general population. - Aprifel","isPartOf":{"@id":"https://www.aprifel.com/fr/#website"},"datePublished":"2018-12-04T00:30:30+00:00","dateModified":"2018-12-04T00:30:30+00:00","description":"Provitamin A carotenoids are independently associated with matrix metalloproteinase-9 in plasma samples from a general population. - Aprifel","breadcrumb":{"@id":"https://aprifel-pp.mentalworks.biz/fr/resume-scientifique/provitamin-a-carotenoids-are-independently-associated-with/#breadcrumb"},"inLanguage":"fr-FR","potentialAction":[{"@type":"ReadAction","target":["https://aprifel-pp.mentalworks.biz/fr/resume-scientifique/provitamin-a-carotenoids-are-independently-associated-with/"]}]},{"@type":"BreadcrumbList","@id":"https://aprifel-pp.mentalworks.biz/fr/resume-scientifique/provitamin-a-carotenoids-are-independently-associated-with/#breadcrumb","itemListElement":[{"@type":"ListItem","position":1,"name":"Accueil","item":"https://www.aprifel.com/fr/"},{"@type":"ListItem","position":2,"name":"Résumés","item":"https://aprifel-pp.mentalworks.biz/fr/resume-scientifique/"},{"@type":"ListItem","position":3,"name":"Provitamin A carotenoids are independently associated with matrix metalloproteinase-9 in plasma samples from a general population."}]},{"@type":"WebSite","@id":"https://www.aprifel.com/fr/#website","url":"https://www.aprifel.com/fr/","name":"Aprifel","description":"Agence pour la Recherche et l’Information en Fruits et Légumes","potentialAction":[{"@type":"SearchAction","target":{"@type":"EntryPoint","urlTemplate":"https://www.aprifel.com/fr/?s={search_term_string}"},"query-input":{"@type":"PropertyValueSpecification","valueRequired":true,"valueName":"search_term_string"}}],"inLanguage":"fr-FR"}]}</script>
<!-- / Yoast SEO Premium plugin. -->

Résumés

Agence pour la Recherche et l’Information en Fruits et Légumes
