{"id":37936,"date":"2011-08-01T00:00:00","date_gmt":"2018-12-04T00:26:54","guid":{"rendered":"https:\/\/aprifel-pp.mentalworks.biz\/fr\/resume-scientifique\/body-weight-and-health-related-quality-of-life-in-catalonia\/"},"modified":"2018-12-04T01:26:54","modified_gmt":"2018-12-04T00:26:54","slug":"body-weight-and-health-related-quality-of-life-in-catalonia","status":"publish","type":"resume","link":"https:\/\/aprifel-pp.mentalworks.biz\/fr\/resume-scientifique\/body-weight-and-health-related-quality-of-life-in-catalonia\/","title":{"rendered":"Body weight and health-related quality of life in catalonia, spain."},"content":{"rendered":"<p>Obesity poses important burdens not only on the individuals whose quality of life is reduced but on national welfare systems that have to face growing premature mortality rates, increase healthcare expenditures to treat obesity-related diseases, and earmark vast amounts of healthcare resources for prevention. The main goal of this paper is to analyze the relationship between excess body weight and different dimensions of health-related quality of life for people 16 years and older and to identify the health dimensions most affected by excess weight. We have drawn data from the Catalonia Health Survey (2006). Our results reveal a relationship between excess weight and health-related quality of life. Even after controlling for socio-economic status and objective health variables, excess weight is shown to have a significant negative effect on health-related quality of life. Subjects responses revealed that the negative effect of excess weight was felt the strongest in the health-related quality of life dimensions of mobility and pain\/discomfort. Our results indicate there are important differences among gender and age groups. Women and older people are more likely to suffer from the negative consequences of excess weight.<\/p>\n","protected":false},"template":"","mots_cles":[],"class_list":["post-37936","resume","type-resume","status-publish","hentry"],"acf":{"adresse":"Departamento de An\u00e1lisis Econ\u00f3mico, CIBER en Salud P\u00fablica y Epidemiolog\u00eda-CIBERESP and Red tem\u00e1tica de investigaci\u00f3n cooperativa en envejecimiento y fragilidad (RETICEF), Facultad de Ciencias Jur\u00eddicas y Sociales de Toledo-An\u00e1lisis Econ\u00f3mico y Finanzas, Universidad de Castilla La-Mancha, Cobertizo de San Pedro M\u00e1rtir s\/n. 45071, Toledo, Spain,","annee":"2011","mois":"8","numero":"","page":"","auteurs":[{"ID":37934,"post_author":"0","post_date":"2018-12-04 01:26:52","post_date_gmt":"2018-12-04 00:26:52","post_content":"","post_title":"Oliva-moreno","post_excerpt":"","post_status":"publish","comment_status":"closed","ping_status":"closed","post_password":"","post_name":"oliva-moreno","to_ping":"","pinged":"","post_modified":"2018-12-04 01:26:52","post_modified_gmt":"2018-12-04 00:26:52","post_content_filtered":"","post_parent":0,"guid":"https:\/\/aprifel-pp.mentalworks.biz\/fr\/auteur\/oliva-moreno\/","menu_order":0,"post_type":"auteur_resume","post_mime_type":"","comment_count":"0","filter":"raw"},{"ID":37935,"post_author":"0","post_date":"2018-12-04 01:26:54","post_date_gmt":"2018-12-04 00:26:54","post_content":"","post_title":"Gil-lacruz","post_excerpt":"","post_status":"publish","comment_status":"closed","ping_status":"closed","post_password":"","post_name":"gil-lacruz-2","to_ping":"","pinged":"","post_modified":"2018-12-04 01:26:54","post_modified_gmt":"2018-12-04 00:26:54","post_content_filtered":"","post_parent":0,"guid":"https:\/\/aprifel-pp.mentalworks.biz\/fr\/auteur\/gil-lacruz-2\/","menu_order":0,"post_type":"auteur_resume","post_mime_type":"","comment_count":"0","filter":"raw"}],"sources":[{"ID":30211,"post_author":"0","post_date":"2018-12-03 23:29:11","post_date_gmt":"2018-12-03 22:29:11","post_content":"","post_title":"Eur J Health Econ.","post_excerpt":"","post_status":"publish","comment_status":"closed","ping_status":"closed","post_password":"","post_name":"eur-j-health-econ","to_ping":"","pinged":"","post_modified":"2018-12-03 23:29:11","post_modified_gmt":"2018-12-03 22:29:11","post_content_filtered":"","post_parent":0,"guid":"https:\/\/aprifel-pp.mentalworks.biz\/fr\/source\/eur-j-health-econ\/","menu_order":0,"post_type":"source","post_mime_type":"","comment_count":"0","filter":"raw"}]},"yoast_head":"<!-- This site is optimized with the Yoast SEO Premium plugin v23.6 (Yoast SEO v23.6) - https:\/\/yoast.com\/wordpress\/plugins\/seo\/ -->\n<title>Body weight and health-related quality of life in catalonia, spain. - Aprifel<\/title>\n<meta name=\"description\" content=\"Body weight and health-related quality of life in catalonia, spain. - Aprifel\" \/>\n<meta name=\"robots\" content=\"noindex, follow\" \/>\n<meta property=\"og:locale\" content=\"fr_FR\" \/>\n<meta property=\"og:type\" content=\"article\" \/>\n<meta property=\"og:title\" content=\"Body weight and health-related quality of life in catalonia, spain.\" \/>\n<meta property=\"og:description\" content=\"Body weight and health-related quality of life in catalonia, spain.\" \/>\n<meta property=\"og:url\" content=\"https:\/\/aprifel-pp.mentalworks.biz\/fr\/resume-scientifique\/body-weight-and-health-related-quality-of-life-in-catalonia\/\" \/>\n<meta property=\"og:site_name\" content=\"Aprifel\" \/>\n<meta name=\"twitter:card\" content=\"summary_large_image\" \/>\n<meta name=\"twitter:label1\" content=\"Dur\u00e9e de lecture estim\u00e9e\" \/>\n\t<meta name=\"twitter:data1\" content=\"1 minute\" \/>\n<script type=\"application\/ld+json\" class=\"yoast-schema-graph\">{\"@context\":\"https:\/\/schema.org\",\"@graph\":[{\"@type\":\"WebPage\",\"@id\":\"https:\/\/aprifel-pp.mentalworks.biz\/fr\/resume-scientifique\/body-weight-and-health-related-quality-of-life-in-catalonia\/\",\"url\":\"https:\/\/aprifel-pp.mentalworks.biz\/fr\/resume-scientifique\/body-weight-and-health-related-quality-of-life-in-catalonia\/\",\"name\":\"Body weight and health-related quality of life in catalonia, spain. - Aprifel\",\"isPartOf\":{\"@id\":\"https:\/\/www.aprifel.com\/fr\/#website\"},\"datePublished\":\"2018-12-04T00:26:54+00:00\",\"dateModified\":\"2018-12-04T00:26:54+00:00\",\"description\":\"Body weight and health-related quality of life in catalonia, spain. - Aprifel\",\"breadcrumb\":{\"@id\":\"https:\/\/aprifel-pp.mentalworks.biz\/fr\/resume-scientifique\/body-weight-and-health-related-quality-of-life-in-catalonia\/#breadcrumb\"},\"inLanguage\":\"fr-FR\",\"potentialAction\":[{\"@type\":\"ReadAction\",\"target\":[\"https:\/\/aprifel-pp.mentalworks.biz\/fr\/resume-scientifique\/body-weight-and-health-related-quality-of-life-in-catalonia\/\"]}]},{\"@type\":\"BreadcrumbList\",\"@id\":\"https:\/\/aprifel-pp.mentalworks.biz\/fr\/resume-scientifique\/body-weight-and-health-related-quality-of-life-in-catalonia\/#breadcrumb\",\"itemListElement\":[{\"@type\":\"ListItem\",\"position\":1,\"name\":\"Accueil\",\"item\":\"https:\/\/www.aprifel.com\/fr\/\"},{\"@type\":\"ListItem\",\"position\":2,\"name\":\"R\u00e9sum\u00e9s\",\"item\":\"https:\/\/aprifel-pp.mentalworks.biz\/fr\/resume-scientifique\/\"},{\"@type\":\"ListItem\",\"position\":3,\"name\":\"Body weight and health-related quality of life in catalonia, spain.\"}]},{\"@type\":\"WebSite\",\"@id\":\"https:\/\/www.aprifel.com\/fr\/#website\",\"url\":\"https:\/\/www.aprifel.com\/fr\/\",\"name\":\"Aprifel\",\"description\":\"Agence pour la Recherche et l\u2019Information en Fruits et L\u00e9gumes\",\"potentialAction\":[{\"@type\":\"SearchAction\",\"target\":{\"@type\":\"EntryPoint\",\"urlTemplate\":\"https:\/\/www.aprifel.com\/fr\/?s={search_term_string}\"},\"query-input\":{\"@type\":\"PropertyValueSpecification\",\"valueRequired\":true,\"valueName\":\"search_term_string\"}}],\"inLanguage\":\"fr-FR\"}]}<\/script>\n<!-- \/ Yoast SEO Premium plugin. -->","yoast_head_json":{"title":"Body weight and health-related quality of life in catalonia, spain. - Aprifel","description":"Body weight and health-related quality of life in catalonia, spain. - Aprifel","robots":{"index":"noindex","follow":"follow"},"og_locale":"fr_FR","og_type":"article","og_title":"Body weight and health-related quality of life in catalonia, spain.","og_description":"Body weight and health-related quality of life in catalonia, spain.","og_url":"https:\/\/aprifel-pp.mentalworks.biz\/fr\/resume-scientifique\/body-weight-and-health-related-quality-of-life-in-catalonia\/","og_site_name":"Aprifel","twitter_card":"summary_large_image","twitter_misc":{"Dur\u00e9e de lecture estim\u00e9e":"1 minute"},"schema":{"@context":"https:\/\/schema.org","@graph":[{"@type":"WebPage","@id":"https:\/\/aprifel-pp.mentalworks.biz\/fr\/resume-scientifique\/body-weight-and-health-related-quality-of-life-in-catalonia\/","url":"https:\/\/aprifel-pp.mentalworks.biz\/fr\/resume-scientifique\/body-weight-and-health-related-quality-of-life-in-catalonia\/","name":"Body weight and health-related quality of life in catalonia, spain. - Aprifel","isPartOf":{"@id":"https:\/\/www.aprifel.com\/fr\/#website"},"datePublished":"2018-12-04T00:26:54+00:00","dateModified":"2018-12-04T00:26:54+00:00","description":"Body weight and health-related quality of life in catalonia, spain. - Aprifel","breadcrumb":{"@id":"https:\/\/aprifel-pp.mentalworks.biz\/fr\/resume-scientifique\/body-weight-and-health-related-quality-of-life-in-catalonia\/#breadcrumb"},"inLanguage":"fr-FR","potentialAction":[{"@type":"ReadAction","target":["https:\/\/aprifel-pp.mentalworks.biz\/fr\/resume-scientifique\/body-weight-and-health-related-quality-of-life-in-catalonia\/"]}]},{"@type":"BreadcrumbList","@id":"https:\/\/aprifel-pp.mentalworks.biz\/fr\/resume-scientifique\/body-weight-and-health-related-quality-of-life-in-catalonia\/#breadcrumb","itemListElement":[{"@type":"ListItem","position":1,"name":"Accueil","item":"https:\/\/www.aprifel.com\/fr\/"},{"@type":"ListItem","position":2,"name":"R\u00e9sum\u00e9s","item":"https:\/\/aprifel-pp.mentalworks.biz\/fr\/resume-scientifique\/"},{"@type":"ListItem","position":3,"name":"Body weight and health-related quality of life in catalonia, spain."}]},{"@type":"WebSite","@id":"https:\/\/www.aprifel.com\/fr\/#website","url":"https:\/\/www.aprifel.com\/fr\/","name":"Aprifel","description":"Agence pour la Recherche et l\u2019Information en Fruits et L\u00e9gumes","potentialAction":[{"@type":"SearchAction","target":{"@type":"EntryPoint","urlTemplate":"https:\/\/www.aprifel.com\/fr\/?s={search_term_string}"},"query-input":{"@type":"PropertyValueSpecification","valueRequired":true,"valueName":"search_term_string"}}],"inLanguage":"fr-FR"}]}},"_links":{"self":[{"href":"https:\/\/aprifel-pp.mentalworks.biz\/fr\/wp-json\/wp\/v2\/resume\/37936"}],"collection":[{"href":"https:\/\/aprifel-pp.mentalworks.biz\/fr\/wp-json\/wp\/v2\/resume"}],"about":[{"href":"https:\/\/aprifel-pp.mentalworks.biz\/fr\/wp-json\/wp\/v2\/types\/resume"}],"wp:attachment":[{"href":"https:\/\/aprifel-pp.mentalworks.biz\/fr\/wp-json\/wp\/v2\/media?parent=37936"}],"wp:term":[{"taxonomy":"mots_cles","embeddable":true,"href":"https:\/\/aprifel-pp.mentalworks.biz\/fr\/wp-json\/wp\/v2\/mots_cles?post=37936"}],"curies":[{"name":"wp","href":"https:\/\/api.w.org\/{rel}","templated":true}]}}

Departamento de Análisis Económico, CIBER en Salud Pública y Epidemiología-CIBERESP and Red temática de investigación cooperativa en envejecimiento y fragilidad (RETICEF), Facultad de Ciencias Jurídicas y Sociales de Toledo-Análisis Económico y Finanzas, Universidad de Castilla La-Mancha, Cobertizo de San Pedro Mártir s/n. 45071, Toledo, Spain,

<!-- This site is optimized with the Yoast SEO Premium plugin v23.6 (Yoast SEO v23.6) - https://yoast.com/wordpress/plugins/seo/ -->
<title>Body weight and health-related quality of life in catalonia, spain. - Aprifel</title>
<meta name="description" content="Body weight and health-related quality of life in catalonia, spain. - Aprifel" />
<meta name="robots" content="noindex, follow" />
<meta property="og:locale" content="fr_FR" />
<meta property="og:type" content="article" />
<meta property="og:title" content="Body weight and health-related quality of life in catalonia, spain." />
<meta property="og:description" content="Body weight and health-related quality of life in catalonia, spain." />
<meta property="og:url" content="https://aprifel-pp.mentalworks.biz/fr/resume-scientifique/body-weight-and-health-related-quality-of-life-in-catalonia/" />
<meta property="og:site_name" content="Aprifel" />
<meta name="twitter:card" content="summary_large_image" />
<meta name="twitter:label1" content="Durée de lecture estimée" />
	<meta name="twitter:data1" content="1 minute" />
<script type="application/ld+json" class="yoast-schema-graph">{"@context":"https://schema.org","@graph":[{"@type":"WebPage","@id":"https://aprifel-pp.mentalworks.biz/fr/resume-scientifique/body-weight-and-health-related-quality-of-life-in-catalonia/","url":"https://aprifel-pp.mentalworks.biz/fr/resume-scientifique/body-weight-and-health-related-quality-of-life-in-catalonia/","name":"Body weight and health-related quality of life in catalonia, spain. - Aprifel","isPartOf":{"@id":"https://www.aprifel.com/fr/#website"},"datePublished":"2018-12-04T00:26:54+00:00","dateModified":"2018-12-04T00:26:54+00:00","description":"Body weight and health-related quality of life in catalonia, spain. - Aprifel","breadcrumb":{"@id":"https://aprifel-pp.mentalworks.biz/fr/resume-scientifique/body-weight-and-health-related-quality-of-life-in-catalonia/#breadcrumb"},"inLanguage":"fr-FR","potentialAction":[{"@type":"ReadAction","target":["https://aprifel-pp.mentalworks.biz/fr/resume-scientifique/body-weight-and-health-related-quality-of-life-in-catalonia/"]}]},{"@type":"BreadcrumbList","@id":"https://aprifel-pp.mentalworks.biz/fr/resume-scientifique/body-weight-and-health-related-quality-of-life-in-catalonia/#breadcrumb","itemListElement":[{"@type":"ListItem","position":1,"name":"Accueil","item":"https://www.aprifel.com/fr/"},{"@type":"ListItem","position":2,"name":"Résumés","item":"https://aprifel-pp.mentalworks.biz/fr/resume-scientifique/"},{"@type":"ListItem","position":3,"name":"Body weight and health-related quality of life in catalonia, spain."}]},{"@type":"WebSite","@id":"https://www.aprifel.com/fr/#website","url":"https://www.aprifel.com/fr/","name":"Aprifel","description":"Agence pour la Recherche et l’Information en Fruits et Légumes","potentialAction":[{"@type":"SearchAction","target":{"@type":"EntryPoint","urlTemplate":"https://www.aprifel.com/fr/?s={search_term_string}"},"query-input":{"@type":"PropertyValueSpecification","valueRequired":true,"valueName":"search_term_string"}}],"inLanguage":"fr-FR"}]}</script>
<!-- / Yoast SEO Premium plugin. -->

Résumés

Agence pour la Recherche et l’Information en Fruits et Légumes
