{"id":37292,"date":"2012-04-01T00:00:00","date_gmt":"2018-12-04T00:14:25","guid":{"rendered":"https:\/\/aprifel-pp.mentalworks.biz\/fr\/resume-scientifique\/dietary-habits-of-partly-breast-fed-and-completely-weaned\/"},"modified":"2018-12-04T01:14:25","modified_gmt":"2018-12-04T00:14:25","slug":"dietary-habits-of-partly-breast-fed-and-completely-weaned","status":"publish","type":"resume","link":"https:\/\/aprifel-pp.mentalworks.biz\/fr\/resume-scientifique\/dietary-habits-of-partly-breast-fed-and-completely-weaned\/","title":{"rendered":"Dietary habits of partly breast-fed and completely weaned infants at 9 months of age"},"content":{"rendered":"<p>OBJECTIVE: To test whether there are differences in diet diversity between children still being partly breast-fed at 9 months and those completely weaned at the same age.<\/p>\n<p>DESIGN: Cross-sectional study.<\/p>\n<p>SETTING: Cross-sectional study (SKOT cohort) in the area of Copenhagen, Denmark.<\/p>\n<p>SUBJECTS: Healthy term infants (n 312) at 9 months of age (mean 9\u00b71 (SD 0\u00b73) months).<\/p>\n<p>RESULTS: The infants partly breast-fed (n 168) at 9 months had significantly lower body weight (P &lt; 0\u00b70001), were significantly shorter (P = 0\u00b70022) and were introduced to complementary foods significantly later (P &lt; 0\u00b70001) than completely weaned infants (n 141) of similar age. Furthermore, they had lower intake of energy, both in absolute amount (P &lt; 0\u00b70001) and per kilogram of body weight (P = 0\u00b7049). Significantly lower intakes of most energy-yielding nutrients, in absolute amounts and as energy percentages, were seen for the partly breast-fed compared with the completely weaned infants. These differences appear to be caused primarily by differences in the type and amount of milk consumed, as the energy derived from sources other than milk was similar except for fatty spread and vegetables as a side dish. Only small differences were found for absolute intakes of foods between feeding groups, although fatty spread had significantly higher intake rates and consumption (P = 0\u00b7031) among partly breast-fed compared with completely weaned infants.<\/p>\n<p>CONCLUSIONS: At 9 months the infants partly breast-fed did not eat a less diversified diet compared with those completely weaned at the same age. Despite later introduction to complementary foods compared with the completely weaned, their intake of foods was similar and no delay in their progression towards the family foods was noted.<\/p>\n","protected":false},"template":"","mots_cles":[],"class_list":["post-37292","resume","type-resume","status-publish","hentry"],"acf":{"adresse":"Department of Nutrition, National Food Institute, Technical University of Denmark, M\u00f8rkh\u00f8j Bygade 19, 2860 S\u00f8borg, Copenhagen, Denmark.","annee":"2012","mois":"4","numero":"15:4","page":"578-586","auteurs":[{"ID":8936,"post_author":"0","post_date":"2018-12-03 18:05:33","post_date_gmt":"2018-12-03 17:05:33","post_content":"","post_title":"Inge Tetens","post_excerpt":"","post_status":"publish","comment_status":"closed","ping_status":"closed","post_password":"","post_name":"inge-tetens","to_ping":"","pinged":"","post_modified":"2018-12-03 18:05:33","post_modified_gmt":"2018-12-03 17:05:33","post_content_filtered":"","post_parent":0,"guid":"https:\/\/aprifel-pp.mentalworks.biz\/fr\/auteur\/inge-tetens\/","menu_order":0,"post_type":"auteur_resume","post_mime_type":"","comment_count":"0","filter":"raw"},{"ID":25558,"post_author":"0","post_date":"2018-12-03 22:23:12","post_date_gmt":"2018-12-03 21:23:12","post_content":"","post_title":"Kim F Michaelsen","post_excerpt":"","post_status":"publish","comment_status":"closed","ping_status":"closed","post_password":"","post_name":"kim-f-michaelsen","to_ping":"","pinged":"","post_modified":"2018-12-03 22:23:12","post_modified_gmt":"2018-12-03 21:23:12","post_content_filtered":"","post_parent":0,"guid":"https:\/\/aprifel-pp.mentalworks.biz\/fr\/auteur\/kim-f-michaelsen\/","menu_order":0,"post_type":"auteur_resume","post_mime_type":"","comment_count":"0","filter":"raw"},{"ID":30077,"post_author":"0","post_date":"2018-12-03 23:27:35","post_date_gmt":"2018-12-03 22:27:35","post_content":"","post_title":"E Trolle","post_excerpt":"","post_status":"publish","comment_status":"closed","ping_status":"closed","post_password":"","post_name":"e-trolle","to_ping":"","pinged":"","post_modified":"2018-12-03 23:27:35","post_modified_gmt":"2018-12-03 22:27:35","post_content_filtered":"","post_parent":0,"guid":"https:\/\/aprifel-pp.mentalworks.biz\/fr\/auteur\/e-trolle\/","menu_order":0,"post_type":"auteur_resume","post_mime_type":"","comment_count":"0","filter":"raw"},{"ID":37291,"post_author":"0","post_date":"2018-12-04 01:14:24","post_date_gmt":"2018-12-04 00:14:24","post_content":"","post_title":"Gondolf","post_excerpt":"","post_status":"publish","comment_status":"closed","ping_status":"closed","post_password":"","post_name":"gondolf","to_ping":"","pinged":"","post_modified":"2018-12-04 01:14:24","post_modified_gmt":"2018-12-04 00:14:24","post_content_filtered":"","post_parent":0,"guid":"https:\/\/aprifel-pp.mentalworks.biz\/fr\/auteur\/gondolf\/","menu_order":0,"post_type":"auteur_resume","post_mime_type":"","comment_count":"0","filter":"raw"}],"sources":[{"ID":31458,"post_author":"0","post_date":"2018-12-03 23:45:23","post_date_gmt":"2018-12-03 22:45:23","post_content":"","post_title":"PUBLIC HEALTH NUTR","post_excerpt":"","post_status":"publish","comment_status":"closed","ping_status":"closed","post_password":"","post_name":"public-health-nutr-2","to_ping":"","pinged":"","post_modified":"2018-12-03 23:45:23","post_modified_gmt":"2018-12-03 22:45:23","post_content_filtered":"","post_parent":0,"guid":"https:\/\/aprifel-pp.mentalworks.biz\/fr\/source\/public-health-nutr-2\/","menu_order":0,"post_type":"source","post_mime_type":"","comment_count":"0","filter":"raw"}]},"yoast_head":"<!-- This site is optimized with the Yoast SEO Premium plugin v23.6 (Yoast SEO v23.6) - https:\/\/yoast.com\/wordpress\/plugins\/seo\/ -->\n<title>Dietary habits of partly breast-fed and completely weaned infants at 9 months of age - Aprifel<\/title>\n<meta name=\"description\" content=\"Dietary habits of partly breast-fed and completely weaned infants at 9 months of age - Aprifel\" \/>\n<meta name=\"robots\" content=\"noindex, follow\" \/>\n<meta property=\"og:locale\" content=\"fr_FR\" \/>\n<meta property=\"og:type\" content=\"article\" \/>\n<meta property=\"og:title\" content=\"Dietary habits of partly breast-fed and completely weaned infants at 9 months of age\" \/>\n<meta property=\"og:description\" content=\"Dietary habits of partly breast-fed and completely weaned infants at 9 months of age\" \/>\n<meta property=\"og:url\" content=\"https:\/\/aprifel-pp.mentalworks.biz\/fr\/resume-scientifique\/dietary-habits-of-partly-breast-fed-and-completely-weaned\/\" \/>\n<meta property=\"og:site_name\" content=\"Aprifel\" \/>\n<meta name=\"twitter:card\" content=\"summary_large_image\" \/>\n<meta name=\"twitter:label1\" content=\"Dur\u00e9e de lecture estim\u00e9e\" \/>\n\t<meta name=\"twitter:data1\" content=\"1 minute\" \/>\n<script type=\"application\/ld+json\" class=\"yoast-schema-graph\">{\"@context\":\"https:\/\/schema.org\",\"@graph\":[{\"@type\":\"WebPage\",\"@id\":\"https:\/\/aprifel-pp.mentalworks.biz\/fr\/resume-scientifique\/dietary-habits-of-partly-breast-fed-and-completely-weaned\/\",\"url\":\"https:\/\/aprifel-pp.mentalworks.biz\/fr\/resume-scientifique\/dietary-habits-of-partly-breast-fed-and-completely-weaned\/\",\"name\":\"Dietary habits of partly breast-fed and completely weaned infants at 9 months of age - Aprifel\",\"isPartOf\":{\"@id\":\"https:\/\/www.aprifel.com\/fr\/#website\"},\"datePublished\":\"2018-12-04T00:14:25+00:00\",\"dateModified\":\"2018-12-04T00:14:25+00:00\",\"description\":\"Dietary habits of partly breast-fed and completely weaned infants at 9 months of age - Aprifel\",\"breadcrumb\":{\"@id\":\"https:\/\/aprifel-pp.mentalworks.biz\/fr\/resume-scientifique\/dietary-habits-of-partly-breast-fed-and-completely-weaned\/#breadcrumb\"},\"inLanguage\":\"fr-FR\",\"potentialAction\":[{\"@type\":\"ReadAction\",\"target\":[\"https:\/\/aprifel-pp.mentalworks.biz\/fr\/resume-scientifique\/dietary-habits-of-partly-breast-fed-and-completely-weaned\/\"]}]},{\"@type\":\"BreadcrumbList\",\"@id\":\"https:\/\/aprifel-pp.mentalworks.biz\/fr\/resume-scientifique\/dietary-habits-of-partly-breast-fed-and-completely-weaned\/#breadcrumb\",\"itemListElement\":[{\"@type\":\"ListItem\",\"position\":1,\"name\":\"Accueil\",\"item\":\"https:\/\/www.aprifel.com\/fr\/\"},{\"@type\":\"ListItem\",\"position\":2,\"name\":\"R\u00e9sum\u00e9s\",\"item\":\"https:\/\/aprifel-pp.mentalworks.biz\/fr\/resume-scientifique\/\"},{\"@type\":\"ListItem\",\"position\":3,\"name\":\"Dietary habits of partly breast-fed and completely weaned infants at 9 months of age\"}]},{\"@type\":\"WebSite\",\"@id\":\"https:\/\/www.aprifel.com\/fr\/#website\",\"url\":\"https:\/\/www.aprifel.com\/fr\/\",\"name\":\"Aprifel\",\"description\":\"Agence pour la Recherche et l\u2019Information en Fruits et L\u00e9gumes\",\"potentialAction\":[{\"@type\":\"SearchAction\",\"target\":{\"@type\":\"EntryPoint\",\"urlTemplate\":\"https:\/\/www.aprifel.com\/fr\/?s={search_term_string}\"},\"query-input\":{\"@type\":\"PropertyValueSpecification\",\"valueRequired\":true,\"valueName\":\"search_term_string\"}}],\"inLanguage\":\"fr-FR\"}]}<\/script>\n<!-- \/ Yoast SEO Premium plugin. -->","yoast_head_json":{"title":"Dietary habits of partly breast-fed and completely weaned infants at 9 months of age - Aprifel","description":"Dietary habits of partly breast-fed and completely weaned infants at 9 months of age - Aprifel","robots":{"index":"noindex","follow":"follow"},"og_locale":"fr_FR","og_type":"article","og_title":"Dietary habits of partly breast-fed and completely weaned infants at 9 months of age","og_description":"Dietary habits of partly breast-fed and completely weaned infants at 9 months of age","og_url":"https:\/\/aprifel-pp.mentalworks.biz\/fr\/resume-scientifique\/dietary-habits-of-partly-breast-fed-and-completely-weaned\/","og_site_name":"Aprifel","twitter_card":"summary_large_image","twitter_misc":{"Dur\u00e9e de lecture estim\u00e9e":"1 minute"},"schema":{"@context":"https:\/\/schema.org","@graph":[{"@type":"WebPage","@id":"https:\/\/aprifel-pp.mentalworks.biz\/fr\/resume-scientifique\/dietary-habits-of-partly-breast-fed-and-completely-weaned\/","url":"https:\/\/aprifel-pp.mentalworks.biz\/fr\/resume-scientifique\/dietary-habits-of-partly-breast-fed-and-completely-weaned\/","name":"Dietary habits of partly breast-fed and completely weaned infants at 9 months of age - Aprifel","isPartOf":{"@id":"https:\/\/www.aprifel.com\/fr\/#website"},"datePublished":"2018-12-04T00:14:25+00:00","dateModified":"2018-12-04T00:14:25+00:00","description":"Dietary habits of partly breast-fed and completely weaned infants at 9 months of age - Aprifel","breadcrumb":{"@id":"https:\/\/aprifel-pp.mentalworks.biz\/fr\/resume-scientifique\/dietary-habits-of-partly-breast-fed-and-completely-weaned\/#breadcrumb"},"inLanguage":"fr-FR","potentialAction":[{"@type":"ReadAction","target":["https:\/\/aprifel-pp.mentalworks.biz\/fr\/resume-scientifique\/dietary-habits-of-partly-breast-fed-and-completely-weaned\/"]}]},{"@type":"BreadcrumbList","@id":"https:\/\/aprifel-pp.mentalworks.biz\/fr\/resume-scientifique\/dietary-habits-of-partly-breast-fed-and-completely-weaned\/#breadcrumb","itemListElement":[{"@type":"ListItem","position":1,"name":"Accueil","item":"https:\/\/www.aprifel.com\/fr\/"},{"@type":"ListItem","position":2,"name":"R\u00e9sum\u00e9s","item":"https:\/\/aprifel-pp.mentalworks.biz\/fr\/resume-scientifique\/"},{"@type":"ListItem","position":3,"name":"Dietary habits of partly breast-fed and completely weaned infants at 9 months of age"}]},{"@type":"WebSite","@id":"https:\/\/www.aprifel.com\/fr\/#website","url":"https:\/\/www.aprifel.com\/fr\/","name":"Aprifel","description":"Agence pour la Recherche et l\u2019Information en Fruits et L\u00e9gumes","potentialAction":[{"@type":"SearchAction","target":{"@type":"EntryPoint","urlTemplate":"https:\/\/www.aprifel.com\/fr\/?s={search_term_string}"},"query-input":{"@type":"PropertyValueSpecification","valueRequired":true,"valueName":"search_term_string"}}],"inLanguage":"fr-FR"}]}},"_links":{"self":[{"href":"https:\/\/aprifel-pp.mentalworks.biz\/fr\/wp-json\/wp\/v2\/resume\/37292"}],"collection":[{"href":"https:\/\/aprifel-pp.mentalworks.biz\/fr\/wp-json\/wp\/v2\/resume"}],"about":[{"href":"https:\/\/aprifel-pp.mentalworks.biz\/fr\/wp-json\/wp\/v2\/types\/resume"}],"wp:attachment":[{"href":"https:\/\/aprifel-pp.mentalworks.biz\/fr\/wp-json\/wp\/v2\/media?parent=37292"}],"wp:term":[{"taxonomy":"mots_cles","embeddable":true,"href":"https:\/\/aprifel-pp.mentalworks.biz\/fr\/wp-json\/wp\/v2\/mots_cles?post=37292"}],"curies":[{"name":"wp","href":"https:\/\/api.w.org\/{rel}","templated":true}]}}

Department of Nutrition, National Food Institute, Technical University of Denmark, Mørkhøj Bygade 19, 2860 Søborg, Copenhagen, Denmark.

<!-- This site is optimized with the Yoast SEO Premium plugin v23.6 (Yoast SEO v23.6) - https://yoast.com/wordpress/plugins/seo/ -->
<title>Dietary habits of partly breast-fed and completely weaned infants at 9 months of age - Aprifel</title>
<meta name="description" content="Dietary habits of partly breast-fed and completely weaned infants at 9 months of age - Aprifel" />
<meta name="robots" content="noindex, follow" />
<meta property="og:locale" content="fr_FR" />
<meta property="og:type" content="article" />
<meta property="og:title" content="Dietary habits of partly breast-fed and completely weaned infants at 9 months of age" />
<meta property="og:description" content="Dietary habits of partly breast-fed and completely weaned infants at 9 months of age" />
<meta property="og:url" content="https://aprifel-pp.mentalworks.biz/fr/resume-scientifique/dietary-habits-of-partly-breast-fed-and-completely-weaned/" />
<meta property="og:site_name" content="Aprifel" />
<meta name="twitter:card" content="summary_large_image" />
<meta name="twitter:label1" content="Durée de lecture estimée" />
	<meta name="twitter:data1" content="1 minute" />
<script type="application/ld+json" class="yoast-schema-graph">{"@context":"https://schema.org","@graph":[{"@type":"WebPage","@id":"https://aprifel-pp.mentalworks.biz/fr/resume-scientifique/dietary-habits-of-partly-breast-fed-and-completely-weaned/","url":"https://aprifel-pp.mentalworks.biz/fr/resume-scientifique/dietary-habits-of-partly-breast-fed-and-completely-weaned/","name":"Dietary habits of partly breast-fed and completely weaned infants at 9 months of age - Aprifel","isPartOf":{"@id":"https://www.aprifel.com/fr/#website"},"datePublished":"2018-12-04T00:14:25+00:00","dateModified":"2018-12-04T00:14:25+00:00","description":"Dietary habits of partly breast-fed and completely weaned infants at 9 months of age - Aprifel","breadcrumb":{"@id":"https://aprifel-pp.mentalworks.biz/fr/resume-scientifique/dietary-habits-of-partly-breast-fed-and-completely-weaned/#breadcrumb"},"inLanguage":"fr-FR","potentialAction":[{"@type":"ReadAction","target":["https://aprifel-pp.mentalworks.biz/fr/resume-scientifique/dietary-habits-of-partly-breast-fed-and-completely-weaned/"]}]},{"@type":"BreadcrumbList","@id":"https://aprifel-pp.mentalworks.biz/fr/resume-scientifique/dietary-habits-of-partly-breast-fed-and-completely-weaned/#breadcrumb","itemListElement":[{"@type":"ListItem","position":1,"name":"Accueil","item":"https://www.aprifel.com/fr/"},{"@type":"ListItem","position":2,"name":"Résumés","item":"https://aprifel-pp.mentalworks.biz/fr/resume-scientifique/"},{"@type":"ListItem","position":3,"name":"Dietary habits of partly breast-fed and completely weaned infants at 9 months of age"}]},{"@type":"WebSite","@id":"https://www.aprifel.com/fr/#website","url":"https://www.aprifel.com/fr/","name":"Aprifel","description":"Agence pour la Recherche et l’Information en Fruits et Légumes","potentialAction":[{"@type":"SearchAction","target":{"@type":"EntryPoint","urlTemplate":"https://www.aprifel.com/fr/?s={search_term_string}"},"query-input":{"@type":"PropertyValueSpecification","valueRequired":true,"valueName":"search_term_string"}}],"inLanguage":"fr-FR"}]}</script>
<!-- / Yoast SEO Premium plugin. -->

Résumés

Agence pour la Recherche et l’Information en Fruits et Légumes
