{"id":36943,"date":"2012-02-01T00:00:00","date_gmt":"2018-12-04T00:08:59","guid":{"rendered":"https:\/\/aprifel-pp.mentalworks.biz\/fr\/resume-scientifique\/the-association-between-mediterranean-diet-adherence-and\/"},"modified":"2018-12-04T01:08:59","modified_gmt":"2018-12-04T00:08:59","slug":"the-association-between-mediterranean-diet-adherence-and","status":"publish","type":"resume","link":"https:\/\/aprifel-pp.mentalworks.biz\/fr\/resume-scientifique\/the-association-between-mediterranean-diet-adherence-and\/","title":{"rendered":"The association between mediterranean diet adherence and Parkinson&rsquo;s disease"},"content":{"rendered":"<p>BACKGROUND: Recent studies have demonstrated an association between a Mediterranean-type diet and Alzheimer&#039;s risk. We assessed the association between Mediterranean-type diet adherence and Parkinson&#039;s disease (PD) status.<\/p>\n<p>METHODS: Two hundred and fifty-seven PD participants and 198 controls completed the Willett semiquantitative questionnaire that quantifies diet during the past year. Scores were calculated using a 9-point scale; higher scores indicated greater adherence to the Mediterranean-type diet. Logistic regression models were used to assess the association between PD status and Mediterranean-type diet, adjusting for caloric intake, age, sex, education, and ethnicity. Adjusted linear regression models were used to examine the association between Mediterranean-type diet adherence and PD age at onset.<\/p>\n<p>RESULTS: Higher Mediterranean-type diet adherence was associated with reduced odds for PD after adjustment for all covariates (OR, 0.86; 95% CI, 0.77-0.97; P = .010). Lower Mediterranean-type diet score was associated with earlier PD age at onset (&beta; = 1.09; P = .006).<\/p>\n<p>CONCLUSIONS: PD patients adhere less than controls to a Mediterranean-type diet. Dietary behavior may be associated with age at onset.<\/p>\n","protected":false},"template":"","mots_cles":[],"class_list":["post-36943","resume","type-resume","status-publish","hentry"],"acf":{"adresse":"Department of Neurology, College of Physicians and Surgeons, Columbia University, New York, New York 10032, USA\r\n","annee":"2012","mois":"2","numero":"27:6","page":"771-774","auteurs":[{"ID":36939,"post_author":"0","post_date":"2018-12-04 01:08:57","post_date_gmt":"2018-12-04 00:08:57","post_content":"","post_title":"Karen Marder","post_excerpt":"","post_status":"publish","comment_status":"closed","ping_status":"closed","post_password":"","post_name":"karen-marder","to_ping":"","pinged":"","post_modified":"2018-12-04 01:08:57","post_modified_gmt":"2018-12-04 00:08:57","post_content_filtered":"","post_parent":0,"guid":"https:\/\/aprifel-pp.mentalworks.biz\/fr\/auteur\/karen-marder\/","menu_order":0,"post_type":"auteur_resume","post_mime_type":"","comment_count":"0","filter":"raw"},{"ID":2277,"post_author":"0","post_date":"2018-12-03 16:54:02","post_date_gmt":"2018-12-03 15:54:02","post_content":"","post_title":"Nikolaos Scarmeas","post_excerpt":"","post_status":"publish","comment_status":"closed","ping_status":"closed","post_password":"","post_name":"nikolaos-scarmeas","to_ping":"","pinged":"","post_modified":"2018-12-03 16:54:02","post_modified_gmt":"2018-12-03 15:54:02","post_content_filtered":"","post_parent":0,"guid":"https:\/\/aprifel-pp.mentalworks.biz\/fr\/auteur\/nikolaos-scarmeas\/","menu_order":0,"post_type":"auteur_resume","post_mime_type":"","comment_count":"0","filter":"raw"},{"ID":36940,"post_author":"0","post_date":"2018-12-04 01:08:57","post_date_gmt":"2018-12-04 00:08:57","post_content":"","post_title":"Alcalay","post_excerpt":"","post_status":"publish","comment_status":"closed","ping_status":"closed","post_password":"","post_name":"alcalay","to_ping":"","pinged":"","post_modified":"2018-12-04 01:08:57","post_modified_gmt":"2018-12-04 00:08:57","post_content_filtered":"","post_parent":0,"guid":"https:\/\/aprifel-pp.mentalworks.biz\/fr\/auteur\/alcalay\/","menu_order":0,"post_type":"auteur_resume","post_mime_type":"","comment_count":"0","filter":"raw"},{"ID":26071,"post_author":"0","post_date":"2018-12-03 22:32:26","post_date_gmt":"2018-12-03 21:32:26","post_content":"","post_title":"Fran\u00e7oise C\u00f4t\u00e9","post_excerpt":"","post_status":"publish","comment_status":"closed","ping_status":"closed","post_password":"","post_name":"francoise-cote","to_ping":"","pinged":"","post_modified":"2018-12-03 22:32:26","post_modified_gmt":"2018-12-03 21:32:26","post_content_filtered":"","post_parent":0,"guid":"https:\/\/aprifel-pp.mentalworks.biz\/fr\/auteur\/francoise-cote\/","menu_order":0,"post_type":"auteur_resume","post_mime_type":"","comment_count":"0","filter":"raw"},{"ID":36941,"post_author":"0","post_date":"2018-12-04 01:08:58","post_date_gmt":"2018-12-04 00:08:58","post_content":"","post_title":"H Mejia-Santana","post_excerpt":"","post_status":"publish","comment_status":"closed","ping_status":"closed","post_password":"","post_name":"h-mejia-santana","to_ping":"","pinged":"","post_modified":"2018-12-04 01:08:58","post_modified_gmt":"2018-12-04 00:08:58","post_content_filtered":"","post_parent":0,"guid":"https:\/\/aprifel-pp.mentalworks.biz\/fr\/auteur\/h-mejia-santana\/","menu_order":0,"post_type":"auteur_resume","post_mime_type":"","comment_count":"0","filter":"raw"},{"ID":32357,"post_author":"0","post_date":"2018-12-03 23:58:01","post_date_gmt":"2018-12-03 22:58:01","post_content":"","post_title":"Yadav Gurung","post_excerpt":"","post_status":"publish","comment_status":"closed","ping_status":"closed","post_password":"","post_name":"yadav-gurung","to_ping":"","pinged":"","post_modified":"2018-12-03 23:58:01","post_modified_gmt":"2018-12-03 22:58:01","post_content_filtered":"","post_parent":0,"guid":"https:\/\/aprifel-pp.mentalworks.biz\/fr\/auteur\/yadav-gurung\/","menu_order":0,"post_type":"auteur_resume","post_mime_type":"","comment_count":"0","filter":"raw"}],"sources":[{"ID":36942,"post_author":"0","post_date":"2018-12-04 01:08:59","post_date_gmt":"2018-12-04 00:08:59","post_content":"","post_title":"Mov Disord.","post_excerpt":"","post_status":"publish","comment_status":"closed","ping_status":"closed","post_password":"","post_name":"mov-disord","to_ping":"","pinged":"","post_modified":"2018-12-04 01:08:59","post_modified_gmt":"2018-12-04 00:08:59","post_content_filtered":"","post_parent":0,"guid":"https:\/\/aprifel-pp.mentalworks.biz\/fr\/source\/mov-disord\/","menu_order":0,"post_type":"source","post_mime_type":"","comment_count":"0","filter":"raw"}]},"yoast_head":"<!-- This site is optimized with the Yoast SEO Premium plugin v23.6 (Yoast SEO v23.6) - https:\/\/yoast.com\/wordpress\/plugins\/seo\/ -->\n<title>The association between mediterranean diet adherence and Parkinson&#039;s disease - Aprifel<\/title>\n<meta name=\"description\" content=\"The association between mediterranean diet adherence and Parkinson&#039;s disease - Aprifel\" \/>\n<meta name=\"robots\" content=\"noindex, follow\" \/>\n<meta property=\"og:locale\" content=\"fr_FR\" \/>\n<meta property=\"og:type\" content=\"article\" \/>\n<meta property=\"og:title\" content=\"The association between mediterranean diet adherence and Parkinson&#039;s disease\" \/>\n<meta property=\"og:description\" content=\"The association between mediterranean diet adherence and Parkinson&#039;s disease\" \/>\n<meta property=\"og:url\" content=\"https:\/\/aprifel-pp.mentalworks.biz\/fr\/resume-scientifique\/the-association-between-mediterranean-diet-adherence-and\/\" \/>\n<meta property=\"og:site_name\" content=\"Aprifel\" \/>\n<meta name=\"twitter:card\" content=\"summary_large_image\" \/>\n<meta name=\"twitter:label1\" content=\"Dur\u00e9e de lecture estim\u00e9e\" \/>\n\t<meta name=\"twitter:data1\" content=\"1 minute\" \/>\n<script type=\"application\/ld+json\" class=\"yoast-schema-graph\">{\"@context\":\"https:\/\/schema.org\",\"@graph\":[{\"@type\":\"WebPage\",\"@id\":\"https:\/\/aprifel-pp.mentalworks.biz\/fr\/resume-scientifique\/the-association-between-mediterranean-diet-adherence-and\/\",\"url\":\"https:\/\/aprifel-pp.mentalworks.biz\/fr\/resume-scientifique\/the-association-between-mediterranean-diet-adherence-and\/\",\"name\":\"The association between mediterranean diet adherence and Parkinson's disease - Aprifel\",\"isPartOf\":{\"@id\":\"https:\/\/www.aprifel.com\/fr\/#website\"},\"datePublished\":\"2018-12-04T00:08:59+00:00\",\"dateModified\":\"2018-12-04T00:08:59+00:00\",\"description\":\"The association between mediterranean diet adherence and Parkinson's disease - Aprifel\",\"breadcrumb\":{\"@id\":\"https:\/\/aprifel-pp.mentalworks.biz\/fr\/resume-scientifique\/the-association-between-mediterranean-diet-adherence-and\/#breadcrumb\"},\"inLanguage\":\"fr-FR\",\"potentialAction\":[{\"@type\":\"ReadAction\",\"target\":[\"https:\/\/aprifel-pp.mentalworks.biz\/fr\/resume-scientifique\/the-association-between-mediterranean-diet-adherence-and\/\"]}]},{\"@type\":\"BreadcrumbList\",\"@id\":\"https:\/\/aprifel-pp.mentalworks.biz\/fr\/resume-scientifique\/the-association-between-mediterranean-diet-adherence-and\/#breadcrumb\",\"itemListElement\":[{\"@type\":\"ListItem\",\"position\":1,\"name\":\"Accueil\",\"item\":\"https:\/\/www.aprifel.com\/fr\/\"},{\"@type\":\"ListItem\",\"position\":2,\"name\":\"R\u00e9sum\u00e9s\",\"item\":\"https:\/\/aprifel-pp.mentalworks.biz\/fr\/resume-scientifique\/\"},{\"@type\":\"ListItem\",\"position\":3,\"name\":\"The association between mediterranean diet adherence and Parkinson&rsquo;s disease\"}]},{\"@type\":\"WebSite\",\"@id\":\"https:\/\/www.aprifel.com\/fr\/#website\",\"url\":\"https:\/\/www.aprifel.com\/fr\/\",\"name\":\"Aprifel\",\"description\":\"Agence pour la Recherche et l\u2019Information en Fruits et L\u00e9gumes\",\"potentialAction\":[{\"@type\":\"SearchAction\",\"target\":{\"@type\":\"EntryPoint\",\"urlTemplate\":\"https:\/\/www.aprifel.com\/fr\/?s={search_term_string}\"},\"query-input\":{\"@type\":\"PropertyValueSpecification\",\"valueRequired\":true,\"valueName\":\"search_term_string\"}}],\"inLanguage\":\"fr-FR\"}]}<\/script>\n<!-- \/ Yoast SEO Premium plugin. -->","yoast_head_json":{"title":"The association between mediterranean diet adherence and Parkinson's disease - Aprifel","description":"The association between mediterranean diet adherence and Parkinson's disease - Aprifel","robots":{"index":"noindex","follow":"follow"},"og_locale":"fr_FR","og_type":"article","og_title":"The association between mediterranean diet adherence and Parkinson's disease","og_description":"The association between mediterranean diet adherence and Parkinson's disease","og_url":"https:\/\/aprifel-pp.mentalworks.biz\/fr\/resume-scientifique\/the-association-between-mediterranean-diet-adherence-and\/","og_site_name":"Aprifel","twitter_card":"summary_large_image","twitter_misc":{"Dur\u00e9e de lecture estim\u00e9e":"1 minute"},"schema":{"@context":"https:\/\/schema.org","@graph":[{"@type":"WebPage","@id":"https:\/\/aprifel-pp.mentalworks.biz\/fr\/resume-scientifique\/the-association-between-mediterranean-diet-adherence-and\/","url":"https:\/\/aprifel-pp.mentalworks.biz\/fr\/resume-scientifique\/the-association-between-mediterranean-diet-adherence-and\/","name":"The association between mediterranean diet adherence and Parkinson's disease - Aprifel","isPartOf":{"@id":"https:\/\/www.aprifel.com\/fr\/#website"},"datePublished":"2018-12-04T00:08:59+00:00","dateModified":"2018-12-04T00:08:59+00:00","description":"The association between mediterranean diet adherence and Parkinson's disease - Aprifel","breadcrumb":{"@id":"https:\/\/aprifel-pp.mentalworks.biz\/fr\/resume-scientifique\/the-association-between-mediterranean-diet-adherence-and\/#breadcrumb"},"inLanguage":"fr-FR","potentialAction":[{"@type":"ReadAction","target":["https:\/\/aprifel-pp.mentalworks.biz\/fr\/resume-scientifique\/the-association-between-mediterranean-diet-adherence-and\/"]}]},{"@type":"BreadcrumbList","@id":"https:\/\/aprifel-pp.mentalworks.biz\/fr\/resume-scientifique\/the-association-between-mediterranean-diet-adherence-and\/#breadcrumb","itemListElement":[{"@type":"ListItem","position":1,"name":"Accueil","item":"https:\/\/www.aprifel.com\/fr\/"},{"@type":"ListItem","position":2,"name":"R\u00e9sum\u00e9s","item":"https:\/\/aprifel-pp.mentalworks.biz\/fr\/resume-scientifique\/"},{"@type":"ListItem","position":3,"name":"The association between mediterranean diet adherence and Parkinson&rsquo;s disease"}]},{"@type":"WebSite","@id":"https:\/\/www.aprifel.com\/fr\/#website","url":"https:\/\/www.aprifel.com\/fr\/","name":"Aprifel","description":"Agence pour la Recherche et l\u2019Information en Fruits et L\u00e9gumes","potentialAction":[{"@type":"SearchAction","target":{"@type":"EntryPoint","urlTemplate":"https:\/\/www.aprifel.com\/fr\/?s={search_term_string}"},"query-input":{"@type":"PropertyValueSpecification","valueRequired":true,"valueName":"search_term_string"}}],"inLanguage":"fr-FR"}]}},"_links":{"self":[{"href":"https:\/\/aprifel-pp.mentalworks.biz\/fr\/wp-json\/wp\/v2\/resume\/36943"}],"collection":[{"href":"https:\/\/aprifel-pp.mentalworks.biz\/fr\/wp-json\/wp\/v2\/resume"}],"about":[{"href":"https:\/\/aprifel-pp.mentalworks.biz\/fr\/wp-json\/wp\/v2\/types\/resume"}],"wp:attachment":[{"href":"https:\/\/aprifel-pp.mentalworks.biz\/fr\/wp-json\/wp\/v2\/media?parent=36943"}],"wp:term":[{"taxonomy":"mots_cles","embeddable":true,"href":"https:\/\/aprifel-pp.mentalworks.biz\/fr\/wp-json\/wp\/v2\/mots_cles?post=36943"}],"curies":[{"name":"wp","href":"https:\/\/api.w.org\/{rel}","templated":true}]}}

Françoise Côté

<!-- This site is optimized with the Yoast SEO Premium plugin v23.6 (Yoast SEO v23.6) - https://yoast.com/wordpress/plugins/seo/ -->
<title>The association between mediterranean diet adherence and Parkinson&#039;s disease - Aprifel</title>
<meta name="description" content="The association between mediterranean diet adherence and Parkinson&#039;s disease - Aprifel" />
<meta name="robots" content="noindex, follow" />
<meta property="og:locale" content="fr_FR" />
<meta property="og:type" content="article" />
<meta property="og:title" content="The association between mediterranean diet adherence and Parkinson&#039;s disease" />
<meta property="og:description" content="The association between mediterranean diet adherence and Parkinson&#039;s disease" />
<meta property="og:url" content="https://aprifel-pp.mentalworks.biz/fr/resume-scientifique/the-association-between-mediterranean-diet-adherence-and/" />
<meta property="og:site_name" content="Aprifel" />
<meta name="twitter:card" content="summary_large_image" />
<meta name="twitter:label1" content="Durée de lecture estimée" />
	<meta name="twitter:data1" content="1 minute" />
<script type="application/ld+json" class="yoast-schema-graph">{"@context":"https://schema.org","@graph":[{"@type":"WebPage","@id":"https://aprifel-pp.mentalworks.biz/fr/resume-scientifique/the-association-between-mediterranean-diet-adherence-and/","url":"https://aprifel-pp.mentalworks.biz/fr/resume-scientifique/the-association-between-mediterranean-diet-adherence-and/","name":"The association between mediterranean diet adherence and Parkinson's disease - Aprifel","isPartOf":{"@id":"https://www.aprifel.com/fr/#website"},"datePublished":"2018-12-04T00:08:59+00:00","dateModified":"2018-12-04T00:08:59+00:00","description":"The association between mediterranean diet adherence and Parkinson's disease - Aprifel","breadcrumb":{"@id":"https://aprifel-pp.mentalworks.biz/fr/resume-scientifique/the-association-between-mediterranean-diet-adherence-and/#breadcrumb"},"inLanguage":"fr-FR","potentialAction":[{"@type":"ReadAction","target":["https://aprifel-pp.mentalworks.biz/fr/resume-scientifique/the-association-between-mediterranean-diet-adherence-and/"]}]},{"@type":"BreadcrumbList","@id":"https://aprifel-pp.mentalworks.biz/fr/resume-scientifique/the-association-between-mediterranean-diet-adherence-and/#breadcrumb","itemListElement":[{"@type":"ListItem","position":1,"name":"Accueil","item":"https://www.aprifel.com/fr/"},{"@type":"ListItem","position":2,"name":"Résumés","item":"https://aprifel-pp.mentalworks.biz/fr/resume-scientifique/"},{"@type":"ListItem","position":3,"name":"The association between mediterranean diet adherence and Parkinson&rsquo;s disease"}]},{"@type":"WebSite","@id":"https://www.aprifel.com/fr/#website","url":"https://www.aprifel.com/fr/","name":"Aprifel","description":"Agence pour la Recherche et l’Information en Fruits et Légumes","potentialAction":[{"@type":"SearchAction","target":{"@type":"EntryPoint","urlTemplate":"https://www.aprifel.com/fr/?s={search_term_string}"},"query-input":{"@type":"PropertyValueSpecification","valueRequired":true,"valueName":"search_term_string"}}],"inLanguage":"fr-FR"}]}</script>
<!-- / Yoast SEO Premium plugin. -->

Résumés

Agence pour la Recherche et l’Information en Fruits et Légumes
