{"id":36675,"date":"2012-02-01T00:00:00","date_gmt":"2018-12-04T00:05:03","guid":{"rendered":"https:\/\/aprifel-pp.mentalworks.biz\/fr\/resume-scientifique\/children-should-eat-more-fruit-and-vegetables-results-of\/"},"modified":"2018-12-04T01:05:03","modified_gmt":"2018-12-04T00:05:03","slug":"children-should-eat-more-fruit-and-vegetables-results-of","status":"publish","type":"resume","link":"https:\/\/aprifel-pp.mentalworks.biz\/fr\/resume-scientifique\/children-should-eat-more-fruit-and-vegetables-results-of\/","title":{"rendered":"[Children should eat more fruit and vegetables. Results of pro greens]"},"content":{"rendered":"<p style=\"text-align: justify\">A diet rich in fruits and vegetables in schoolchildren is important for the physical and cognitive development of the child as well as for the prevention of nutrition-related diseases. In Germany, 816 schoolchildren (boys and girls, aged 10-13 years) from 14 public schools in the central region of Hesse were asked about their fruit and vegetable intake in May 2009. The results show that the mean fruit intake is 185 g fruit per day and 83 g vegetables per day in all schoolchildren. There is no significant difference in the amounts of fruit consumed by boys and girls. Regarding the amounts of consumed vegetables, there is a significant difference between gender (p&thinsp;=&thinsp;0.004). Schoolchildren eat fruits more frequently than vegetables. Furthermore, they prefer sweet fruits and convenient vegetables. German schoolchildren still do not reach national recommendations for fruit and vegetable intake, although current results show slightly equal or rather lower intake levels for fruits, but not for vegetables, in comparison to other national studies (e.g., National Consumption Study II, Donald Study, and EsKiMo Study). Health-promotion strategies should focus on both fruit and vegetable consumption to ensure a large variety of food choices and nutrient intake.<\/p>\n","protected":false},"template":"","mots_cles":[],"class_list":["post-36675","resume","type-resume","status-publish","hentry"],"acf":{"adresse":"Institut f\u00fcr Ern\u00e4hrungswissenschaften, Justus-Liebig-Universit\u00e4t Gie\u00dfen, Wilhelmstr. 20, 35392, Gie\u00dfen, Deutschland. Isabel.Behrendt@ernaehrung.uni-giessen.de","annee":"2012","mois":"2","numero":"55:2","page":"254-259","auteurs":[{"ID":2425,"post_author":"0","post_date":"2018-12-03 16:55:32","post_date_gmt":"2018-12-03 15:55:32","post_content":"","post_title":"Michael B Krawinkel","post_excerpt":"","post_status":"publish","comment_status":"closed","ping_status":"closed","post_password":"","post_name":"michael-b-krawinkel","to_ping":"","pinged":"","post_modified":"2018-12-03 16:55:32","post_modified_gmt":"2018-12-03 15:55:32","post_content_filtered":"","post_parent":0,"guid":"https:\/\/aprifel-pp.mentalworks.biz\/fr\/auteur\/michael-b-krawinkel\/","menu_order":0,"post_type":"auteur_resume","post_mime_type":"","comment_count":"0","filter":"raw"},{"ID":36674,"post_author":"0","post_date":"2018-12-04 01:05:03","post_date_gmt":"2018-12-04 00:05:03","post_content":"","post_title":"Isabel Behrendt","post_excerpt":"","post_status":"publish","comment_status":"closed","ping_status":"closed","post_password":"","post_name":"isabel-behrendt","to_ping":"","pinged":"","post_modified":"2018-12-04 01:05:03","post_modified_gmt":"2018-12-04 00:05:03","post_content_filtered":"","post_parent":0,"guid":"https:\/\/aprifel-pp.mentalworks.biz\/fr\/auteur\/isabel-behrendt\/","menu_order":0,"post_type":"auteur_resume","post_mime_type":"","comment_count":"0","filter":"raw"}],"sources":[{"ID":18646,"post_author":"0","post_date":"2018-12-03 20:10:50","post_date_gmt":"2018-12-03 19:10:50","post_content":"","post_title":"Bundesgesundheitsblatt, Gesundheitsforschung, Gesundheitsschutz","post_excerpt":"","post_status":"publish","comment_status":"closed","ping_status":"closed","post_password":"","post_name":"bundesgesundheitsblatt-gesundheitsforschung-gesundheitsschutz","to_ping":"","pinged":"","post_modified":"2018-12-03 20:10:50","post_modified_gmt":"2018-12-03 19:10:50","post_content_filtered":"","post_parent":0,"guid":"https:\/\/aprifel-pp.mentalworks.biz\/fr\/source\/bundesgesundheitsblatt-gesundheitsforschung-gesundheitsschutz\/","menu_order":0,"post_type":"source","post_mime_type":"","comment_count":"0","filter":"raw"}]},"yoast_head":"<!-- This site is optimized with the Yoast SEO Premium plugin v23.6 (Yoast SEO v23.6) - https:\/\/yoast.com\/wordpress\/plugins\/seo\/ -->\n<title>[Children should eat more fruit and vegetables. Results of pro greens] - Aprifel<\/title>\n<meta name=\"description\" content=\"[Children should eat more fruit and vegetables. Results of pro greens] - Aprifel\" \/>\n<meta name=\"robots\" content=\"noindex, follow\" \/>\n<meta property=\"og:locale\" content=\"fr_FR\" \/>\n<meta property=\"og:type\" content=\"article\" \/>\n<meta property=\"og:title\" content=\"[Children should eat more fruit and vegetables. Results of pro greens]\" \/>\n<meta property=\"og:description\" content=\"[Children should eat more fruit and vegetables. Results of pro greens]\" \/>\n<meta property=\"og:url\" content=\"https:\/\/aprifel-pp.mentalworks.biz\/fr\/resume-scientifique\/children-should-eat-more-fruit-and-vegetables-results-of\/\" \/>\n<meta property=\"og:site_name\" content=\"Aprifel\" \/>\n<meta name=\"twitter:card\" content=\"summary_large_image\" \/>\n<meta name=\"twitter:label1\" content=\"Dur\u00e9e de lecture estim\u00e9e\" \/>\n\t<meta name=\"twitter:data1\" content=\"1 minute\" \/>\n<script type=\"application\/ld+json\" class=\"yoast-schema-graph\">{\"@context\":\"https:\/\/schema.org\",\"@graph\":[{\"@type\":\"WebPage\",\"@id\":\"https:\/\/aprifel-pp.mentalworks.biz\/fr\/resume-scientifique\/children-should-eat-more-fruit-and-vegetables-results-of\/\",\"url\":\"https:\/\/aprifel-pp.mentalworks.biz\/fr\/resume-scientifique\/children-should-eat-more-fruit-and-vegetables-results-of\/\",\"name\":\"[Children should eat more fruit and vegetables. Results of pro greens] - Aprifel\",\"isPartOf\":{\"@id\":\"https:\/\/www.aprifel.com\/fr\/#website\"},\"datePublished\":\"2018-12-04T00:05:03+00:00\",\"dateModified\":\"2018-12-04T00:05:03+00:00\",\"description\":\"[Children should eat more fruit and vegetables. Results of pro greens] - Aprifel\",\"breadcrumb\":{\"@id\":\"https:\/\/aprifel-pp.mentalworks.biz\/fr\/resume-scientifique\/children-should-eat-more-fruit-and-vegetables-results-of\/#breadcrumb\"},\"inLanguage\":\"fr-FR\",\"potentialAction\":[{\"@type\":\"ReadAction\",\"target\":[\"https:\/\/aprifel-pp.mentalworks.biz\/fr\/resume-scientifique\/children-should-eat-more-fruit-and-vegetables-results-of\/\"]}]},{\"@type\":\"BreadcrumbList\",\"@id\":\"https:\/\/aprifel-pp.mentalworks.biz\/fr\/resume-scientifique\/children-should-eat-more-fruit-and-vegetables-results-of\/#breadcrumb\",\"itemListElement\":[{\"@type\":\"ListItem\",\"position\":1,\"name\":\"Accueil\",\"item\":\"https:\/\/www.aprifel.com\/fr\/\"},{\"@type\":\"ListItem\",\"position\":2,\"name\":\"R\u00e9sum\u00e9s\",\"item\":\"https:\/\/aprifel-pp.mentalworks.biz\/fr\/resume-scientifique\/\"},{\"@type\":\"ListItem\",\"position\":3,\"name\":\"[Children should eat more fruit and vegetables. Results of pro greens]\"}]},{\"@type\":\"WebSite\",\"@id\":\"https:\/\/www.aprifel.com\/fr\/#website\",\"url\":\"https:\/\/www.aprifel.com\/fr\/\",\"name\":\"Aprifel\",\"description\":\"Agence pour la Recherche et l\u2019Information en Fruits et L\u00e9gumes\",\"potentialAction\":[{\"@type\":\"SearchAction\",\"target\":{\"@type\":\"EntryPoint\",\"urlTemplate\":\"https:\/\/www.aprifel.com\/fr\/?s={search_term_string}\"},\"query-input\":{\"@type\":\"PropertyValueSpecification\",\"valueRequired\":true,\"valueName\":\"search_term_string\"}}],\"inLanguage\":\"fr-FR\"}]}<\/script>\n<!-- \/ Yoast SEO Premium plugin. -->","yoast_head_json":{"title":"[Children should eat more fruit and vegetables. Results of pro greens] - Aprifel","description":"[Children should eat more fruit and vegetables. Results of pro greens] - Aprifel","robots":{"index":"noindex","follow":"follow"},"og_locale":"fr_FR","og_type":"article","og_title":"[Children should eat more fruit and vegetables. Results of pro greens]","og_description":"[Children should eat more fruit and vegetables. Results of pro greens]","og_url":"https:\/\/aprifel-pp.mentalworks.biz\/fr\/resume-scientifique\/children-should-eat-more-fruit-and-vegetables-results-of\/","og_site_name":"Aprifel","twitter_card":"summary_large_image","twitter_misc":{"Dur\u00e9e de lecture estim\u00e9e":"1 minute"},"schema":{"@context":"https:\/\/schema.org","@graph":[{"@type":"WebPage","@id":"https:\/\/aprifel-pp.mentalworks.biz\/fr\/resume-scientifique\/children-should-eat-more-fruit-and-vegetables-results-of\/","url":"https:\/\/aprifel-pp.mentalworks.biz\/fr\/resume-scientifique\/children-should-eat-more-fruit-and-vegetables-results-of\/","name":"[Children should eat more fruit and vegetables. Results of pro greens] - Aprifel","isPartOf":{"@id":"https:\/\/www.aprifel.com\/fr\/#website"},"datePublished":"2018-12-04T00:05:03+00:00","dateModified":"2018-12-04T00:05:03+00:00","description":"[Children should eat more fruit and vegetables. Results of pro greens] - Aprifel","breadcrumb":{"@id":"https:\/\/aprifel-pp.mentalworks.biz\/fr\/resume-scientifique\/children-should-eat-more-fruit-and-vegetables-results-of\/#breadcrumb"},"inLanguage":"fr-FR","potentialAction":[{"@type":"ReadAction","target":["https:\/\/aprifel-pp.mentalworks.biz\/fr\/resume-scientifique\/children-should-eat-more-fruit-and-vegetables-results-of\/"]}]},{"@type":"BreadcrumbList","@id":"https:\/\/aprifel-pp.mentalworks.biz\/fr\/resume-scientifique\/children-should-eat-more-fruit-and-vegetables-results-of\/#breadcrumb","itemListElement":[{"@type":"ListItem","position":1,"name":"Accueil","item":"https:\/\/www.aprifel.com\/fr\/"},{"@type":"ListItem","position":2,"name":"R\u00e9sum\u00e9s","item":"https:\/\/aprifel-pp.mentalworks.biz\/fr\/resume-scientifique\/"},{"@type":"ListItem","position":3,"name":"[Children should eat more fruit and vegetables. Results of pro greens]"}]},{"@type":"WebSite","@id":"https:\/\/www.aprifel.com\/fr\/#website","url":"https:\/\/www.aprifel.com\/fr\/","name":"Aprifel","description":"Agence pour la Recherche et l\u2019Information en Fruits et L\u00e9gumes","potentialAction":[{"@type":"SearchAction","target":{"@type":"EntryPoint","urlTemplate":"https:\/\/www.aprifel.com\/fr\/?s={search_term_string}"},"query-input":{"@type":"PropertyValueSpecification","valueRequired":true,"valueName":"search_term_string"}}],"inLanguage":"fr-FR"}]}},"_links":{"self":[{"href":"https:\/\/aprifel-pp.mentalworks.biz\/fr\/wp-json\/wp\/v2\/resume\/36675"}],"collection":[{"href":"https:\/\/aprifel-pp.mentalworks.biz\/fr\/wp-json\/wp\/v2\/resume"}],"about":[{"href":"https:\/\/aprifel-pp.mentalworks.biz\/fr\/wp-json\/wp\/v2\/types\/resume"}],"wp:attachment":[{"href":"https:\/\/aprifel-pp.mentalworks.biz\/fr\/wp-json\/wp\/v2\/media?parent=36675"}],"wp:term":[{"taxonomy":"mots_cles","embeddable":true,"href":"https:\/\/aprifel-pp.mentalworks.biz\/fr\/wp-json\/wp\/v2\/mots_cles?post=36675"}],"curies":[{"name":"wp","href":"https:\/\/api.w.org\/{rel}","templated":true}]}}

Institut für Ernährungswissenschaften, Justus-Liebig-Universität Gießen, Wilhelmstr. 20, 35392, Gießen, Deutschland. Isabel.Behrendt@ernaehrung.uni-giessen.de

<!-- This site is optimized with the Yoast SEO Premium plugin v23.6 (Yoast SEO v23.6) - https://yoast.com/wordpress/plugins/seo/ -->
<title>[Children should eat more fruit and vegetables. Results of pro greens] - Aprifel</title>
<meta name="description" content="[Children should eat more fruit and vegetables. Results of pro greens] - Aprifel" />
<meta name="robots" content="noindex, follow" />
<meta property="og:locale" content="fr_FR" />
<meta property="og:type" content="article" />
<meta property="og:title" content="[Children should eat more fruit and vegetables. Results of pro greens]" />
<meta property="og:description" content="[Children should eat more fruit and vegetables. Results of pro greens]" />
<meta property="og:url" content="https://aprifel-pp.mentalworks.biz/fr/resume-scientifique/children-should-eat-more-fruit-and-vegetables-results-of/" />
<meta property="og:site_name" content="Aprifel" />
<meta name="twitter:card" content="summary_large_image" />
<meta name="twitter:label1" content="Durée de lecture estimée" />
	<meta name="twitter:data1" content="1 minute" />
<script type="application/ld+json" class="yoast-schema-graph">{"@context":"https://schema.org","@graph":[{"@type":"WebPage","@id":"https://aprifel-pp.mentalworks.biz/fr/resume-scientifique/children-should-eat-more-fruit-and-vegetables-results-of/","url":"https://aprifel-pp.mentalworks.biz/fr/resume-scientifique/children-should-eat-more-fruit-and-vegetables-results-of/","name":"[Children should eat more fruit and vegetables. Results of pro greens] - Aprifel","isPartOf":{"@id":"https://www.aprifel.com/fr/#website"},"datePublished":"2018-12-04T00:05:03+00:00","dateModified":"2018-12-04T00:05:03+00:00","description":"[Children should eat more fruit and vegetables. Results of pro greens] - Aprifel","breadcrumb":{"@id":"https://aprifel-pp.mentalworks.biz/fr/resume-scientifique/children-should-eat-more-fruit-and-vegetables-results-of/#breadcrumb"},"inLanguage":"fr-FR","potentialAction":[{"@type":"ReadAction","target":["https://aprifel-pp.mentalworks.biz/fr/resume-scientifique/children-should-eat-more-fruit-and-vegetables-results-of/"]}]},{"@type":"BreadcrumbList","@id":"https://aprifel-pp.mentalworks.biz/fr/resume-scientifique/children-should-eat-more-fruit-and-vegetables-results-of/#breadcrumb","itemListElement":[{"@type":"ListItem","position":1,"name":"Accueil","item":"https://www.aprifel.com/fr/"},{"@type":"ListItem","position":2,"name":"Résumés","item":"https://aprifel-pp.mentalworks.biz/fr/resume-scientifique/"},{"@type":"ListItem","position":3,"name":"[Children should eat more fruit and vegetables. Results of pro greens]"}]},{"@type":"WebSite","@id":"https://www.aprifel.com/fr/#website","url":"https://www.aprifel.com/fr/","name":"Aprifel","description":"Agence pour la Recherche et l’Information en Fruits et Légumes","potentialAction":[{"@type":"SearchAction","target":{"@type":"EntryPoint","urlTemplate":"https://www.aprifel.com/fr/?s={search_term_string}"},"query-input":{"@type":"PropertyValueSpecification","valueRequired":true,"valueName":"search_term_string"}}],"inLanguage":"fr-FR"}]}</script>
<!-- / Yoast SEO Premium plugin. -->

Résumés

Agence pour la Recherche et l’Information en Fruits et Légumes
