{"id":35100,"date":"2013-02-01T00:00:00","date_gmt":"2018-12-03T23:39:08","guid":{"rendered":"https:\/\/aprifel-pp.mentalworks.biz\/fr\/resume-scientifique\/consumption-of-fruit-and-vegetables-associated-with-the-metabolic\/"},"modified":"2018-12-04T00:39:08","modified_gmt":"2018-12-03T23:39:08","slug":"consumption-of-fruit-and-vegetables-associated-with-the-metabolic","status":"publish","type":"resume","link":"https:\/\/aprifel-pp.mentalworks.biz\/fr\/resume-scientifique\/consumption-of-fruit-and-vegetables-associated-with-the-metabolic\/","title":{"rendered":"[Consumption of fruit and vegetables associated with the metabolic syndrome and its components in an adult population sample]."},"content":{"rendered":"<p style=\"text-align: justify\">Metabolic Syndrome (MS) increases the risk of cardiovascular events and the recommended intake of fruits and vegetables (FV) is related to its prevention. The scope of this study is to associate the intake of FV and its relation to MS and its components in an adult population sample. A prospective cross-sectional study was conducted with 636 adults in the period between 2004 and 2008. Anthropometric, clinical, dietary and biochemical profiles were recorded for all participants. MS was classified by the NCEP ATP-III, modified for glucose &gt;100 mg\/dl. Logistic regression was used to determine the odds ratio (OR) between the consumption of FV with MS and its components, and the level of significance adopted was 5%. The intake of fruit had protective effects against obesity (OR: 0.77, CI: 0.38-0.93), hypertriglyceridemia (OR: 0.76, CI: 0.35-0.96) and presence of MS (OR: 0.78, CI: 0.39-0.96), and proper intake of FV showed a protective effect for the presence of MS (OR: 0.79, CI: 0.41-0.95). Vegetable intake did not show protective effects \/ risk for the presence of MS and its components. The conclusion drawn is that the recommended intake of FV revealed a protective effect against MS and recommended intake of fruit had a protective effect not only for MS but also for its components.<\/p>\n","protected":false},"template":"","mots_cles":[],"class_list":["post-35100","resume","type-resume","status-publish","hentry"],"acf":{"adresse":"Centro de Metabolismo em Exerc\u00edcio e Nutri\u00e7\u00e3o, Faculdade de Medicina de Botucatu, Universidade Estadual Paulista J\u00falio de Mesquita Filho, SP, Brazil. gabikaiser@hotmail.com\r\n","annee":"2013","mois":"2","numero":"18:2","page":"385-392","auteurs":[{"ID":18101,"post_author":"0","post_date":"2018-12-03 20:00:27","post_date_gmt":"2018-12-03 19:00:27","post_content":"","post_title":"K\u00e1tia Cristina Portero McLellan","post_excerpt":"","post_status":"publish","comment_status":"closed","ping_status":"closed","post_password":"","post_name":"katia-cristina-portero-mclellan","to_ping":"","pinged":"","post_modified":"2018-12-03 20:00:27","post_modified_gmt":"2018-12-03 19:00:27","post_content_filtered":"","post_parent":0,"guid":"https:\/\/aprifel-pp.mentalworks.biz\/fr\/auteur\/katia-cristina-portero-mclellan\/","menu_order":0,"post_type":"auteur_resume","post_mime_type":"","comment_count":"0","filter":"raw"},{"ID":35097,"post_author":"0","post_date":"2018-12-04 00:39:07","post_date_gmt":"2018-12-03 23:39:07","post_content":"","post_title":"Castanho","post_excerpt":"","post_status":"publish","comment_status":"closed","ping_status":"closed","post_password":"","post_name":"castanho","to_ping":"","pinged":"","post_modified":"2018-12-04 00:39:07","post_modified_gmt":"2018-12-03 23:39:07","post_content_filtered":"","post_parent":0,"guid":"https:\/\/aprifel-pp.mentalworks.biz\/fr\/auteur\/castanho\/","menu_order":0,"post_type":"auteur_resume","post_mime_type":"","comment_count":"0","filter":"raw"},{"ID":35098,"post_author":"0","post_date":"2018-12-04 00:39:07","post_date_gmt":"2018-12-03 23:39:07","post_content":"","post_title":"Marsola","post_excerpt":"","post_status":"publish","comment_status":"closed","ping_status":"closed","post_password":"","post_name":"marsola","to_ping":"","pinged":"","post_modified":"2018-12-04 00:39:07","post_modified_gmt":"2018-12-03 23:39:07","post_content_filtered":"","post_parent":0,"guid":"https:\/\/aprifel-pp.mentalworks.biz\/fr\/auteur\/marsola\/","menu_order":0,"post_type":"auteur_resume","post_mime_type":"","comment_count":"0","filter":"raw"}],"sources":[{"ID":35099,"post_author":"0","post_date":"2018-12-04 00:39:08","post_date_gmt":"2018-12-03 23:39:08","post_content":"","post_title":"Ciencia &amp; saude coletiva","post_excerpt":"","post_status":"publish","comment_status":"closed","ping_status":"closed","post_password":"","post_name":"ciencia-saude-coletiva-8","to_ping":"","pinged":"","post_modified":"2018-12-04 00:39:08","post_modified_gmt":"2018-12-03 23:39:08","post_content_filtered":"","post_parent":0,"guid":"https:\/\/aprifel-pp.mentalworks.biz\/fr\/source\/ciencia-saude-coletiva-8\/","menu_order":0,"post_type":"source","post_mime_type":"","comment_count":"0","filter":"raw"}]},"yoast_head":"<!-- This site is optimized with the Yoast SEO Premium plugin v23.6 (Yoast SEO v23.6) - https:\/\/yoast.com\/wordpress\/plugins\/seo\/ -->\n<title>[Consumption of fruit and vegetables associated with the metabolic syndrome and its components in an adult population sample]. - Aprifel<\/title>\n<meta name=\"description\" content=\"[Consumption of fruit and vegetables associated with the metabolic syndrome and its components in an adult population sample]. - Aprifel\" \/>\n<meta name=\"robots\" content=\"noindex, follow\" \/>\n<meta property=\"og:locale\" content=\"fr_FR\" \/>\n<meta property=\"og:type\" content=\"article\" \/>\n<meta property=\"og:title\" content=\"[Consumption of fruit and vegetables associated with the metabolic syndrome and its components in an adult population sample].\" \/>\n<meta property=\"og:description\" content=\"[Consumption of fruit and vegetables associated with the metabolic syndrome and its components in an adult population sample].\" \/>\n<meta property=\"og:url\" content=\"https:\/\/aprifel-pp.mentalworks.biz\/fr\/resume-scientifique\/consumption-of-fruit-and-vegetables-associated-with-the-metabolic\/\" \/>\n<meta property=\"og:site_name\" content=\"Aprifel\" \/>\n<meta name=\"twitter:card\" content=\"summary_large_image\" \/>\n<meta name=\"twitter:label1\" content=\"Dur\u00e9e de lecture estim\u00e9e\" \/>\n\t<meta name=\"twitter:data1\" content=\"1 minute\" \/>\n<script type=\"application\/ld+json\" class=\"yoast-schema-graph\">{\"@context\":\"https:\/\/schema.org\",\"@graph\":[{\"@type\":\"WebPage\",\"@id\":\"https:\/\/aprifel-pp.mentalworks.biz\/fr\/resume-scientifique\/consumption-of-fruit-and-vegetables-associated-with-the-metabolic\/\",\"url\":\"https:\/\/aprifel-pp.mentalworks.biz\/fr\/resume-scientifique\/consumption-of-fruit-and-vegetables-associated-with-the-metabolic\/\",\"name\":\"[Consumption of fruit and vegetables associated with the metabolic syndrome and its components in an adult population sample]. - Aprifel\",\"isPartOf\":{\"@id\":\"https:\/\/www.aprifel.com\/fr\/#website\"},\"datePublished\":\"2018-12-03T23:39:08+00:00\",\"dateModified\":\"2018-12-03T23:39:08+00:00\",\"description\":\"[Consumption of fruit and vegetables associated with the metabolic syndrome and its components in an adult population sample]. - Aprifel\",\"breadcrumb\":{\"@id\":\"https:\/\/aprifel-pp.mentalworks.biz\/fr\/resume-scientifique\/consumption-of-fruit-and-vegetables-associated-with-the-metabolic\/#breadcrumb\"},\"inLanguage\":\"fr-FR\",\"potentialAction\":[{\"@type\":\"ReadAction\",\"target\":[\"https:\/\/aprifel-pp.mentalworks.biz\/fr\/resume-scientifique\/consumption-of-fruit-and-vegetables-associated-with-the-metabolic\/\"]}]},{\"@type\":\"BreadcrumbList\",\"@id\":\"https:\/\/aprifel-pp.mentalworks.biz\/fr\/resume-scientifique\/consumption-of-fruit-and-vegetables-associated-with-the-metabolic\/#breadcrumb\",\"itemListElement\":[{\"@type\":\"ListItem\",\"position\":1,\"name\":\"Accueil\",\"item\":\"https:\/\/www.aprifel.com\/fr\/\"},{\"@type\":\"ListItem\",\"position\":2,\"name\":\"R\u00e9sum\u00e9s\",\"item\":\"https:\/\/aprifel-pp.mentalworks.biz\/fr\/resume-scientifique\/\"},{\"@type\":\"ListItem\",\"position\":3,\"name\":\"[Consumption of fruit and vegetables associated with the metabolic syndrome and its components in an adult population sample].\"}]},{\"@type\":\"WebSite\",\"@id\":\"https:\/\/www.aprifel.com\/fr\/#website\",\"url\":\"https:\/\/www.aprifel.com\/fr\/\",\"name\":\"Aprifel\",\"description\":\"Agence pour la Recherche et l\u2019Information en Fruits et L\u00e9gumes\",\"potentialAction\":[{\"@type\":\"SearchAction\",\"target\":{\"@type\":\"EntryPoint\",\"urlTemplate\":\"https:\/\/www.aprifel.com\/fr\/?s={search_term_string}\"},\"query-input\":{\"@type\":\"PropertyValueSpecification\",\"valueRequired\":true,\"valueName\":\"search_term_string\"}}],\"inLanguage\":\"fr-FR\"}]}<\/script>\n<!-- \/ Yoast SEO Premium plugin. -->","yoast_head_json":{"title":"[Consumption of fruit and vegetables associated with the metabolic syndrome and its components in an adult population sample]. - Aprifel","description":"[Consumption of fruit and vegetables associated with the metabolic syndrome and its components in an adult population sample]. - Aprifel","robots":{"index":"noindex","follow":"follow"},"og_locale":"fr_FR","og_type":"article","og_title":"[Consumption of fruit and vegetables associated with the metabolic syndrome and its components in an adult population sample].","og_description":"[Consumption of fruit and vegetables associated with the metabolic syndrome and its components in an adult population sample].","og_url":"https:\/\/aprifel-pp.mentalworks.biz\/fr\/resume-scientifique\/consumption-of-fruit-and-vegetables-associated-with-the-metabolic\/","og_site_name":"Aprifel","twitter_card":"summary_large_image","twitter_misc":{"Dur\u00e9e de lecture estim\u00e9e":"1 minute"},"schema":{"@context":"https:\/\/schema.org","@graph":[{"@type":"WebPage","@id":"https:\/\/aprifel-pp.mentalworks.biz\/fr\/resume-scientifique\/consumption-of-fruit-and-vegetables-associated-with-the-metabolic\/","url":"https:\/\/aprifel-pp.mentalworks.biz\/fr\/resume-scientifique\/consumption-of-fruit-and-vegetables-associated-with-the-metabolic\/","name":"[Consumption of fruit and vegetables associated with the metabolic syndrome and its components in an adult population sample]. - Aprifel","isPartOf":{"@id":"https:\/\/www.aprifel.com\/fr\/#website"},"datePublished":"2018-12-03T23:39:08+00:00","dateModified":"2018-12-03T23:39:08+00:00","description":"[Consumption of fruit and vegetables associated with the metabolic syndrome and its components in an adult population sample]. - Aprifel","breadcrumb":{"@id":"https:\/\/aprifel-pp.mentalworks.biz\/fr\/resume-scientifique\/consumption-of-fruit-and-vegetables-associated-with-the-metabolic\/#breadcrumb"},"inLanguage":"fr-FR","potentialAction":[{"@type":"ReadAction","target":["https:\/\/aprifel-pp.mentalworks.biz\/fr\/resume-scientifique\/consumption-of-fruit-and-vegetables-associated-with-the-metabolic\/"]}]},{"@type":"BreadcrumbList","@id":"https:\/\/aprifel-pp.mentalworks.biz\/fr\/resume-scientifique\/consumption-of-fruit-and-vegetables-associated-with-the-metabolic\/#breadcrumb","itemListElement":[{"@type":"ListItem","position":1,"name":"Accueil","item":"https:\/\/www.aprifel.com\/fr\/"},{"@type":"ListItem","position":2,"name":"R\u00e9sum\u00e9s","item":"https:\/\/aprifel-pp.mentalworks.biz\/fr\/resume-scientifique\/"},{"@type":"ListItem","position":3,"name":"[Consumption of fruit and vegetables associated with the metabolic syndrome and its components in an adult population sample]."}]},{"@type":"WebSite","@id":"https:\/\/www.aprifel.com\/fr\/#website","url":"https:\/\/www.aprifel.com\/fr\/","name":"Aprifel","description":"Agence pour la Recherche et l\u2019Information en Fruits et L\u00e9gumes","potentialAction":[{"@type":"SearchAction","target":{"@type":"EntryPoint","urlTemplate":"https:\/\/www.aprifel.com\/fr\/?s={search_term_string}"},"query-input":{"@type":"PropertyValueSpecification","valueRequired":true,"valueName":"search_term_string"}}],"inLanguage":"fr-FR"}]}},"_links":{"self":[{"href":"https:\/\/aprifel-pp.mentalworks.biz\/fr\/wp-json\/wp\/v2\/resume\/35100"}],"collection":[{"href":"https:\/\/aprifel-pp.mentalworks.biz\/fr\/wp-json\/wp\/v2\/resume"}],"about":[{"href":"https:\/\/aprifel-pp.mentalworks.biz\/fr\/wp-json\/wp\/v2\/types\/resume"}],"wp:attachment":[{"href":"https:\/\/aprifel-pp.mentalworks.biz\/fr\/wp-json\/wp\/v2\/media?parent=35100"}],"wp:term":[{"taxonomy":"mots_cles","embeddable":true,"href":"https:\/\/aprifel-pp.mentalworks.biz\/fr\/wp-json\/wp\/v2\/mots_cles?post=35100"}],"curies":[{"name":"wp","href":"https:\/\/api.w.org\/{rel}","templated":true}]}}

Centro de Metabolismo em Exercício e Nutrição, Faculdade de Medicina de Botucatu, Universidade Estadual Paulista Júlio de Mesquita Filho, SP, Brazil. gabikaiser@hotmail.com

Kátia Cristina Portero McLellan

<!-- This site is optimized with the Yoast SEO Premium plugin v23.6 (Yoast SEO v23.6) - https://yoast.com/wordpress/plugins/seo/ -->
<title>[Consumption of fruit and vegetables associated with the metabolic syndrome and its components in an adult population sample]. - Aprifel</title>
<meta name="description" content="[Consumption of fruit and vegetables associated with the metabolic syndrome and its components in an adult population sample]. - Aprifel" />
<meta name="robots" content="noindex, follow" />
<meta property="og:locale" content="fr_FR" />
<meta property="og:type" content="article" />
<meta property="og:title" content="[Consumption of fruit and vegetables associated with the metabolic syndrome and its components in an adult population sample]." />
<meta property="og:description" content="[Consumption of fruit and vegetables associated with the metabolic syndrome and its components in an adult population sample]." />
<meta property="og:url" content="https://aprifel-pp.mentalworks.biz/fr/resume-scientifique/consumption-of-fruit-and-vegetables-associated-with-the-metabolic/" />
<meta property="og:site_name" content="Aprifel" />
<meta name="twitter:card" content="summary_large_image" />
<meta name="twitter:label1" content="Durée de lecture estimée" />
	<meta name="twitter:data1" content="1 minute" />
<script type="application/ld+json" class="yoast-schema-graph">{"@context":"https://schema.org","@graph":[{"@type":"WebPage","@id":"https://aprifel-pp.mentalworks.biz/fr/resume-scientifique/consumption-of-fruit-and-vegetables-associated-with-the-metabolic/","url":"https://aprifel-pp.mentalworks.biz/fr/resume-scientifique/consumption-of-fruit-and-vegetables-associated-with-the-metabolic/","name":"[Consumption of fruit and vegetables associated with the metabolic syndrome and its components in an adult population sample]. - Aprifel","isPartOf":{"@id":"https://www.aprifel.com/fr/#website"},"datePublished":"2018-12-03T23:39:08+00:00","dateModified":"2018-12-03T23:39:08+00:00","description":"[Consumption of fruit and vegetables associated with the metabolic syndrome and its components in an adult population sample]. - Aprifel","breadcrumb":{"@id":"https://aprifel-pp.mentalworks.biz/fr/resume-scientifique/consumption-of-fruit-and-vegetables-associated-with-the-metabolic/#breadcrumb"},"inLanguage":"fr-FR","potentialAction":[{"@type":"ReadAction","target":["https://aprifel-pp.mentalworks.biz/fr/resume-scientifique/consumption-of-fruit-and-vegetables-associated-with-the-metabolic/"]}]},{"@type":"BreadcrumbList","@id":"https://aprifel-pp.mentalworks.biz/fr/resume-scientifique/consumption-of-fruit-and-vegetables-associated-with-the-metabolic/#breadcrumb","itemListElement":[{"@type":"ListItem","position":1,"name":"Accueil","item":"https://www.aprifel.com/fr/"},{"@type":"ListItem","position":2,"name":"Résumés","item":"https://aprifel-pp.mentalworks.biz/fr/resume-scientifique/"},{"@type":"ListItem","position":3,"name":"[Consumption of fruit and vegetables associated with the metabolic syndrome and its components in an adult population sample]."}]},{"@type":"WebSite","@id":"https://www.aprifel.com/fr/#website","url":"https://www.aprifel.com/fr/","name":"Aprifel","description":"Agence pour la Recherche et l’Information en Fruits et Légumes","potentialAction":[{"@type":"SearchAction","target":{"@type":"EntryPoint","urlTemplate":"https://www.aprifel.com/fr/?s={search_term_string}"},"query-input":{"@type":"PropertyValueSpecification","valueRequired":true,"valueName":"search_term_string"}}],"inLanguage":"fr-FR"}]}</script>
<!-- / Yoast SEO Premium plugin. -->

Résumés

Agence pour la Recherche et l’Information en Fruits et Légumes
