{"id":32595,"date":"2014-01-01T00:00:00","date_gmt":"2018-12-03T23:01:07","guid":{"rendered":"https:\/\/aprifel-pp.mentalworks.biz\/fr\/resume-scientifique\/persistent-and-occasional-poverty-and-children-s-food-consumption\/"},"modified":"2018-12-04T00:01:07","modified_gmt":"2018-12-03T23:01:07","slug":"persistent-and-occasional-poverty-and-children-s-food-consumption","status":"publish","type":"resume","link":"https:\/\/aprifel-pp.mentalworks.biz\/fr\/resume-scientifique\/persistent-and-occasional-poverty-and-children-s-food-consumption\/","title":{"rendered":"Persistent and occasional poverty and children&rsquo;s food consumption: evidence from a longitudinal Qu\u00e9bec birth cohort."},"content":{"rendered":"<p><strong>BACKGROUND<\/strong><br \/>\nChildhood poverty is associated with poorer food consumption but longitudinal data are limited. The objective was to assess if food consumption differs depending on age (6, 7, 10 and 12 years) and pattern of poverty.<\/p>\n<p><strong>METHODS<\/strong><br \/>\nParticipants were from the 1998-2010 &#039;Quebec Longitudinal Study of Child Development&#039; birth cohort. Poverty was defined as income below the low-income thresholds established by Statistics Canada which adjusts for household size and geographic region. Multiple imputation was used for missing data, and latent class growth analysis identified poverty trajectories. Multivariable ordinal logistic regression assessed the association between poverty and greater consumption of milk, cheese, fruits, vegetables, sweets and sugar-sweetened beverages (SSB).<\/p>\n<p><strong>RESULTS<\/strong><br \/>\nFour poverty trajectories were identified: 1 reference category (stable non-poor) and 3 higher-risk categories (stable poor, increasing and decreasing risk). The probability of more frequent consumption was lower among children from stable poor households compared to children from stable non-poor households for fruit (6, 10 and 12 years), milk and vegetables (6, 7, 10 and 12 years) but was higher for SSB (10 and 12 years). Among children from increasing and decreasing poverty households compared to stable non-poor households, the probability of greater consumption of fruits and vegetables was lower and greater consumption of SSB was higher by the age of 12 years.<\/p>\n<p><strong>CONCLUSIONS<\/strong><br \/>\nWhile experiencing continual exposure to poverty has detrimental effects on food consumption throughout childhood, the association for milk, fruits and vegetables does not differ across age. Intermittent exposure to poverty may also have long-lasting effects.<\/p>\n","protected":false},"template":"","mots_cles":[],"class_list":["post-32595","resume","type-resume","status-publish","hentry"],"acf":{"adresse":"Department of Epidemiology, Biostatistics and Occupational Health, McGill University, Montr\u00e9al, Qu\u00e9bec, Canada International Network for Research on Inequalities in Child Health (INRICH), Montr\u00e9al, Qu\u00e9bec, Canada.\r\nlisa.kakinami@mcgill.ca","annee":"2014","mois":"1","numero":"68:10","page":"987-992","auteurs":[{"ID":32590,"post_author":"0","post_date":"2018-12-04 00:01:04","post_date_gmt":"2018-12-03 23:01:04","post_content":"","post_title":"Lisa Kakinami","post_excerpt":"","post_status":"publish","comment_status":"closed","ping_status":"closed","post_password":"","post_name":"lisa-kakinami","to_ping":"","pinged":"","post_modified":"2018-12-04 00:01:04","post_modified_gmt":"2018-12-03 23:01:04","post_content_filtered":"","post_parent":0,"guid":"https:\/\/aprifel-pp.mentalworks.biz\/fr\/auteur\/lisa-kakinami\/","menu_order":0,"post_type":"auteur_resume","post_mime_type":"","comment_count":"0","filter":"raw"},{"ID":28050,"post_author":"0","post_date":"2018-12-03 23:01:32","post_date_gmt":"2018-12-03 22:01:32","post_content":"","post_title":"Lise Gauvin","post_excerpt":"","post_status":"publish","comment_status":"closed","ping_status":"closed","post_password":"","post_name":"lise-gauvin","to_ping":"","pinged":"","post_modified":"2018-12-03 23:01:32","post_modified_gmt":"2018-12-03 22:01:32","post_content_filtered":"","post_parent":0,"guid":"https:\/\/aprifel-pp.mentalworks.biz\/fr\/auteur\/lise-gauvin\/","menu_order":0,"post_type":"auteur_resume","post_mime_type":"","comment_count":"0","filter":"raw"},{"ID":32591,"post_author":"0","post_date":"2018-12-04 00:01:04","post_date_gmt":"2018-12-03 23:01:04","post_content":"","post_title":"Louise S\u00e9guin","post_excerpt":"","post_status":"publish","comment_status":"closed","ping_status":"closed","post_password":"","post_name":"louise-seguin","to_ping":"","pinged":"","post_modified":"2018-12-04 00:01:04","post_modified_gmt":"2018-12-03 23:01:04","post_content_filtered":"","post_parent":0,"guid":"https:\/\/aprifel-pp.mentalworks.biz\/fr\/auteur\/louise-seguin\/","menu_order":0,"post_type":"auteur_resume","post_mime_type":"","comment_count":"0","filter":"raw"},{"ID":32592,"post_author":"0","post_date":"2018-12-04 00:01:05","post_date_gmt":"2018-12-03 23:01:05","post_content":"","post_title":"Marie Lambert","post_excerpt":"","post_status":"publish","comment_status":"closed","ping_status":"closed","post_password":"","post_name":"marie-lambert","to_ping":"","pinged":"","post_modified":"2018-12-04 00:01:05","post_modified_gmt":"2018-12-03 23:01:05","post_content_filtered":"","post_parent":0,"guid":"https:\/\/aprifel-pp.mentalworks.biz\/fr\/auteur\/marie-lambert\/","menu_order":0,"post_type":"auteur_resume","post_mime_type":"","comment_count":"0","filter":"raw"},{"ID":32593,"post_author":"0","post_date":"2018-12-04 00:01:06","post_date_gmt":"2018-12-03 23:01:06","post_content":"","post_title":"B\u00e9atrice Nikiema","post_excerpt":"","post_status":"publish","comment_status":"closed","ping_status":"closed","post_password":"","post_name":"beatrice-nikiema","to_ping":"","pinged":"","post_modified":"2018-12-04 00:01:06","post_modified_gmt":"2018-12-03 23:01:06","post_content_filtered":"","post_parent":0,"guid":"https:\/\/aprifel-pp.mentalworks.biz\/fr\/auteur\/beatrice-nikiema\/","menu_order":0,"post_type":"auteur_resume","post_mime_type":"","comment_count":"0","filter":"raw"},{"ID":25193,"post_author":"0","post_date":"2018-12-03 22:13:50","post_date_gmt":"2018-12-03 21:13:50","post_content":"","post_title":"Gilles Paradis","post_excerpt":"","post_status":"publish","comment_status":"closed","ping_status":"closed","post_password":"","post_name":"gilles-paradis","to_ping":"","pinged":"","post_modified":"2018-12-03 22:13:50","post_modified_gmt":"2018-12-03 21:13:50","post_content_filtered":"","post_parent":0,"guid":"https:\/\/aprifel-pp.mentalworks.biz\/fr\/auteur\/gilles-paradis\/","menu_order":0,"post_type":"auteur_resume","post_mime_type":"","comment_count":"0","filter":"raw"}],"sources":[{"ID":32594,"post_author":"0","post_date":"2018-12-04 00:01:06","post_date_gmt":"2018-12-03 23:01:06","post_content":"","post_title":"J Epidemiol Community Health.","post_excerpt":"","post_status":"publish","comment_status":"closed","ping_status":"closed","post_password":"","post_name":"j-epidemiol-community-health","to_ping":"","pinged":"","post_modified":"2018-12-04 00:01:06","post_modified_gmt":"2018-12-03 23:01:06","post_content_filtered":"","post_parent":0,"guid":"https:\/\/aprifel-pp.mentalworks.biz\/fr\/source\/j-epidemiol-community-health\/","menu_order":0,"post_type":"source","post_mime_type":"","comment_count":"0","filter":"raw"}]},"yoast_head":"<!-- This site is optimized with the Yoast SEO Premium plugin v23.6 (Yoast SEO v23.6) - https:\/\/yoast.com\/wordpress\/plugins\/seo\/ -->\n<title>Persistent and occasional poverty and children&#039;s food consumption: evidence from a longitudinal Qu\u00e9bec birth cohort. - Aprifel<\/title>\n<meta name=\"description\" content=\"Persistent and occasional poverty and children&#039;s food consumption: evidence from a longitudinal Qu\u00e9bec birth cohort. - Aprifel\" \/>\n<meta name=\"robots\" content=\"noindex, follow\" \/>\n<meta property=\"og:locale\" content=\"fr_FR\" \/>\n<meta property=\"og:type\" content=\"article\" \/>\n<meta property=\"og:title\" content=\"Persistent and occasional poverty and children&#039;s food consumption: evidence from a longitudinal Qu\u00e9bec birth cohort.\" \/>\n<meta property=\"og:description\" content=\"Persistent and occasional poverty and children&#039;s food consumption: evidence from a longitudinal Qu\u00e9bec birth cohort.\" \/>\n<meta property=\"og:url\" content=\"https:\/\/aprifel-pp.mentalworks.biz\/fr\/resume-scientifique\/persistent-and-occasional-poverty-and-children-s-food-consumption\/\" \/>\n<meta property=\"og:site_name\" content=\"Aprifel\" \/>\n<meta name=\"twitter:card\" content=\"summary_large_image\" \/>\n<meta name=\"twitter:label1\" content=\"Dur\u00e9e de lecture estim\u00e9e\" \/>\n\t<meta name=\"twitter:data1\" content=\"1 minute\" \/>\n<script type=\"application\/ld+json\" class=\"yoast-schema-graph\">{\"@context\":\"https:\/\/schema.org\",\"@graph\":[{\"@type\":\"WebPage\",\"@id\":\"https:\/\/aprifel-pp.mentalworks.biz\/fr\/resume-scientifique\/persistent-and-occasional-poverty-and-children-s-food-consumption\/\",\"url\":\"https:\/\/aprifel-pp.mentalworks.biz\/fr\/resume-scientifique\/persistent-and-occasional-poverty-and-children-s-food-consumption\/\",\"name\":\"Persistent and occasional poverty and children's food consumption: evidence from a longitudinal Qu\u00e9bec birth cohort. - Aprifel\",\"isPartOf\":{\"@id\":\"https:\/\/www.aprifel.com\/fr\/#website\"},\"datePublished\":\"2018-12-03T23:01:07+00:00\",\"dateModified\":\"2018-12-03T23:01:07+00:00\",\"description\":\"Persistent and occasional poverty and children's food consumption: evidence from a longitudinal Qu\u00e9bec birth cohort. - Aprifel\",\"breadcrumb\":{\"@id\":\"https:\/\/aprifel-pp.mentalworks.biz\/fr\/resume-scientifique\/persistent-and-occasional-poverty-and-children-s-food-consumption\/#breadcrumb\"},\"inLanguage\":\"fr-FR\",\"potentialAction\":[{\"@type\":\"ReadAction\",\"target\":[\"https:\/\/aprifel-pp.mentalworks.biz\/fr\/resume-scientifique\/persistent-and-occasional-poverty-and-children-s-food-consumption\/\"]}]},{\"@type\":\"BreadcrumbList\",\"@id\":\"https:\/\/aprifel-pp.mentalworks.biz\/fr\/resume-scientifique\/persistent-and-occasional-poverty-and-children-s-food-consumption\/#breadcrumb\",\"itemListElement\":[{\"@type\":\"ListItem\",\"position\":1,\"name\":\"Accueil\",\"item\":\"https:\/\/www.aprifel.com\/fr\/\"},{\"@type\":\"ListItem\",\"position\":2,\"name\":\"R\u00e9sum\u00e9s\",\"item\":\"https:\/\/aprifel-pp.mentalworks.biz\/fr\/resume-scientifique\/\"},{\"@type\":\"ListItem\",\"position\":3,\"name\":\"Persistent and occasional poverty and children&rsquo;s food consumption: evidence from a longitudinal Qu\u00e9bec birth cohort.\"}]},{\"@type\":\"WebSite\",\"@id\":\"https:\/\/www.aprifel.com\/fr\/#website\",\"url\":\"https:\/\/www.aprifel.com\/fr\/\",\"name\":\"Aprifel\",\"description\":\"Agence pour la Recherche et l\u2019Information en Fruits et L\u00e9gumes\",\"potentialAction\":[{\"@type\":\"SearchAction\",\"target\":{\"@type\":\"EntryPoint\",\"urlTemplate\":\"https:\/\/www.aprifel.com\/fr\/?s={search_term_string}\"},\"query-input\":{\"@type\":\"PropertyValueSpecification\",\"valueRequired\":true,\"valueName\":\"search_term_string\"}}],\"inLanguage\":\"fr-FR\"}]}<\/script>\n<!-- \/ Yoast SEO Premium plugin. -->","yoast_head_json":{"title":"Persistent and occasional poverty and children's food consumption: evidence from a longitudinal Qu\u00e9bec birth cohort. - Aprifel","description":"Persistent and occasional poverty and children's food consumption: evidence from a longitudinal Qu\u00e9bec birth cohort. - Aprifel","robots":{"index":"noindex","follow":"follow"},"og_locale":"fr_FR","og_type":"article","og_title":"Persistent and occasional poverty and children's food consumption: evidence from a longitudinal Qu\u00e9bec birth cohort.","og_description":"Persistent and occasional poverty and children's food consumption: evidence from a longitudinal Qu\u00e9bec birth cohort.","og_url":"https:\/\/aprifel-pp.mentalworks.biz\/fr\/resume-scientifique\/persistent-and-occasional-poverty-and-children-s-food-consumption\/","og_site_name":"Aprifel","twitter_card":"summary_large_image","twitter_misc":{"Dur\u00e9e de lecture estim\u00e9e":"1 minute"},"schema":{"@context":"https:\/\/schema.org","@graph":[{"@type":"WebPage","@id":"https:\/\/aprifel-pp.mentalworks.biz\/fr\/resume-scientifique\/persistent-and-occasional-poverty-and-children-s-food-consumption\/","url":"https:\/\/aprifel-pp.mentalworks.biz\/fr\/resume-scientifique\/persistent-and-occasional-poverty-and-children-s-food-consumption\/","name":"Persistent and occasional poverty and children's food consumption: evidence from a longitudinal Qu\u00e9bec birth cohort. - Aprifel","isPartOf":{"@id":"https:\/\/www.aprifel.com\/fr\/#website"},"datePublished":"2018-12-03T23:01:07+00:00","dateModified":"2018-12-03T23:01:07+00:00","description":"Persistent and occasional poverty and children's food consumption: evidence from a longitudinal Qu\u00e9bec birth cohort. - Aprifel","breadcrumb":{"@id":"https:\/\/aprifel-pp.mentalworks.biz\/fr\/resume-scientifique\/persistent-and-occasional-poverty-and-children-s-food-consumption\/#breadcrumb"},"inLanguage":"fr-FR","potentialAction":[{"@type":"ReadAction","target":["https:\/\/aprifel-pp.mentalworks.biz\/fr\/resume-scientifique\/persistent-and-occasional-poverty-and-children-s-food-consumption\/"]}]},{"@type":"BreadcrumbList","@id":"https:\/\/aprifel-pp.mentalworks.biz\/fr\/resume-scientifique\/persistent-and-occasional-poverty-and-children-s-food-consumption\/#breadcrumb","itemListElement":[{"@type":"ListItem","position":1,"name":"Accueil","item":"https:\/\/www.aprifel.com\/fr\/"},{"@type":"ListItem","position":2,"name":"R\u00e9sum\u00e9s","item":"https:\/\/aprifel-pp.mentalworks.biz\/fr\/resume-scientifique\/"},{"@type":"ListItem","position":3,"name":"Persistent and occasional poverty and children&rsquo;s food consumption: evidence from a longitudinal Qu\u00e9bec birth cohort."}]},{"@type":"WebSite","@id":"https:\/\/www.aprifel.com\/fr\/#website","url":"https:\/\/www.aprifel.com\/fr\/","name":"Aprifel","description":"Agence pour la Recherche et l\u2019Information en Fruits et L\u00e9gumes","potentialAction":[{"@type":"SearchAction","target":{"@type":"EntryPoint","urlTemplate":"https:\/\/www.aprifel.com\/fr\/?s={search_term_string}"},"query-input":{"@type":"PropertyValueSpecification","valueRequired":true,"valueName":"search_term_string"}}],"inLanguage":"fr-FR"}]}},"_links":{"self":[{"href":"https:\/\/aprifel-pp.mentalworks.biz\/fr\/wp-json\/wp\/v2\/resume\/32595"}],"collection":[{"href":"https:\/\/aprifel-pp.mentalworks.biz\/fr\/wp-json\/wp\/v2\/resume"}],"about":[{"href":"https:\/\/aprifel-pp.mentalworks.biz\/fr\/wp-json\/wp\/v2\/types\/resume"}],"wp:attachment":[{"href":"https:\/\/aprifel-pp.mentalworks.biz\/fr\/wp-json\/wp\/v2\/media?parent=32595"}],"wp:term":[{"taxonomy":"mots_cles","embeddable":true,"href":"https:\/\/aprifel-pp.mentalworks.biz\/fr\/wp-json\/wp\/v2\/mots_cles?post=32595"}],"curies":[{"name":"wp","href":"https:\/\/api.w.org\/{rel}","templated":true}]}}

Persistent and occasional poverty and children&rsquo;s food consumption: evidence from a longitudinal Québec birth cohort.

Department of Epidemiology, Biostatistics and Occupational Health, McGill University, Montréal, Québec, Canada International Network for Research on Inequalities in Child Health (INRICH), Montréal, Québec, Canada.
lisa.kakinami@mcgill.ca

Louise Séguin

Béatrice Nikiema

<!-- This site is optimized with the Yoast SEO Premium plugin v23.6 (Yoast SEO v23.6) - https://yoast.com/wordpress/plugins/seo/ -->
<title>Persistent and occasional poverty and children&#039;s food consumption: evidence from a longitudinal Québec birth cohort. - Aprifel</title>
<meta name="description" content="Persistent and occasional poverty and children&#039;s food consumption: evidence from a longitudinal Québec birth cohort. - Aprifel" />
<meta name="robots" content="noindex, follow" />
<meta property="og:locale" content="fr_FR" />
<meta property="og:type" content="article" />
<meta property="og:title" content="Persistent and occasional poverty and children&#039;s food consumption: evidence from a longitudinal Québec birth cohort." />
<meta property="og:description" content="Persistent and occasional poverty and children&#039;s food consumption: evidence from a longitudinal Québec birth cohort." />
<meta property="og:url" content="https://aprifel-pp.mentalworks.biz/fr/resume-scientifique/persistent-and-occasional-poverty-and-children-s-food-consumption/" />
<meta property="og:site_name" content="Aprifel" />
<meta name="twitter:card" content="summary_large_image" />
<meta name="twitter:label1" content="Durée de lecture estimée" />
	<meta name="twitter:data1" content="1 minute" />
<script type="application/ld+json" class="yoast-schema-graph">{"@context":"https://schema.org","@graph":[{"@type":"WebPage","@id":"https://aprifel-pp.mentalworks.biz/fr/resume-scientifique/persistent-and-occasional-poverty-and-children-s-food-consumption/","url":"https://aprifel-pp.mentalworks.biz/fr/resume-scientifique/persistent-and-occasional-poverty-and-children-s-food-consumption/","name":"Persistent and occasional poverty and children's food consumption: evidence from a longitudinal Québec birth cohort. - Aprifel","isPartOf":{"@id":"https://www.aprifel.com/fr/#website"},"datePublished":"2018-12-03T23:01:07+00:00","dateModified":"2018-12-03T23:01:07+00:00","description":"Persistent and occasional poverty and children's food consumption: evidence from a longitudinal Québec birth cohort. - Aprifel","breadcrumb":{"@id":"https://aprifel-pp.mentalworks.biz/fr/resume-scientifique/persistent-and-occasional-poverty-and-children-s-food-consumption/#breadcrumb"},"inLanguage":"fr-FR","potentialAction":[{"@type":"ReadAction","target":["https://aprifel-pp.mentalworks.biz/fr/resume-scientifique/persistent-and-occasional-poverty-and-children-s-food-consumption/"]}]},{"@type":"BreadcrumbList","@id":"https://aprifel-pp.mentalworks.biz/fr/resume-scientifique/persistent-and-occasional-poverty-and-children-s-food-consumption/#breadcrumb","itemListElement":[{"@type":"ListItem","position":1,"name":"Accueil","item":"https://www.aprifel.com/fr/"},{"@type":"ListItem","position":2,"name":"Résumés","item":"https://aprifel-pp.mentalworks.biz/fr/resume-scientifique/"},{"@type":"ListItem","position":3,"name":"Persistent and occasional poverty and children&rsquo;s food consumption: evidence from a longitudinal Québec birth cohort."}]},{"@type":"WebSite","@id":"https://www.aprifel.com/fr/#website","url":"https://www.aprifel.com/fr/","name":"Aprifel","description":"Agence pour la Recherche et l’Information en Fruits et Légumes","potentialAction":[{"@type":"SearchAction","target":{"@type":"EntryPoint","urlTemplate":"https://www.aprifel.com/fr/?s={search_term_string}"},"query-input":{"@type":"PropertyValueSpecification","valueRequired":true,"valueName":"search_term_string"}}],"inLanguage":"fr-FR"}]}</script>
<!-- / Yoast SEO Premium plugin. -->

Persistent and occasional poverty and children's food consumption: evidence from a longitudinal Québec birth cohort. - Aprifel

Persistent and occasional poverty and children's food consumption: evidence from a longitudinal Québec birth cohort.

Résumés

Agence pour la Recherche et l’Information en Fruits et Légumes
